-- Shop Installscript


INSERT IGNORE INTO `Person` (`Person_ID`, `PersonGroup_ID`, `Person_Code`, `Person_Sex`, `Person_Title`, `Person_Lastname`, `Person_Firstname`, `Person_Email`, `Person_ID_Edit`, `Table_Edit`, `Person_ID_Create`, `Table_Create`) VALUES
('1',1,'system','unknown','','System',NULL,NULL,'1',NULL,'1',NULL),
('2',1,'RZAUSDFISDFSA951235ASDF334','male','DI','Buchgraber','Gerald','gerald.buchgraber@gmail.com','1',NULL,'1',NULL),
('3',1,'XOP123XP29ZEDEDDESHRDS124','male','','Sulzer','Thomas','thomas.sulzer@gmail.com','1',NULL,'1',NULL),
('4',4,'XOP323XPAHZEDEDDESHRDS225','male','','Mustermann','Max','mustermann@example.com','1',NULL,'1',NULL);

INSERT IGNORE INTO `PersonGroup` (`PersonGroup_ID`, `PersonGroupType_Code`, `PersonGroup_Name`, `PersonGroup_Table`, `PersonGroup_Shortcut`, `Person_ID_Edit`, `Table_Edit`, `Person_ID_Create`, `Table_Create`) VALUES
(1, 'backoffice', 'Metabackoffice Administrator', NULL, 'MBADM', 1, '2010-04-21 13:02:22', 1, '2010-04-21 13:02:22'),
(2, 'backoffice', 'CMS Administrator', NULL, 'BADM', 1, '2010-04-21 13:02:22', 1, '2010-04-21 13:02:22'),
(3, 'backoffice', 'CMS Benutzer', NULL, 'BUSR', 1, '2010-04-21 13:02:22', 1, '2010-04-21 13:02:22'),
(4, 'newsletter', 'Newsletterempfänger', NULL, 'NSLR', 1, '2010-04-21 13:02:22', 1, '2010-04-21 13:02:22'),
(5, 'contact', 'Kontaktanfragen', NULL, 'CONT	', 1, '2010-04-21 13:02:22', 1, '2010-04-21 13:02:22'),
(6, 'frontend', 'ShopUser', NULL, 'SHOP', 1, '2007-11-16 14:56:50', 1, '0000-00-00 00:00:00'),
(7, 'backoffice', 'Shop Basic', NULL, NULL, 2, '2008-04-02 15:10:30', 2, '2008-01-30 21:06:23'),
(8, 'backoffice', 'Shop Advanced', NULL, NULL, 2, '2008-04-02 15:10:30', 2, '2008-01-30 21:06:23'),
(9, 'backoffice', 'Shop Complete', NULL, NULL, 2, '2008-04-02 15:10:30', 2, '2008-01-30 21:06:23');

INSERT IGNORE INTO `PersonGroupType` (`PersonGroupType_Code`, `PersonGroupType_Name`, `Person_ID_Edit`, `Table_Edit`, `Person_ID_Create`, `Table_Create`) VALUES
('backoffice','Backoffice Benutzergruppe','1',NULL,'1',NULL),
('callback','Callback Benutzergruppe','1',NULL,'1',NULL),
('frontend','Frontend Benutzergruppe','1',NULL,'1',NULL),
('newsletter','Newsletter Benutzergruppe','1',NULL,'1',NULL);


INSERT IGNORE INTO `Language` (`Language_Code`, `Language_Name`, `Language_Charset`, `Language_Backend_Show`, `Language_Frontend_Show`, `Language_Backend_Image`, `Language_LC`, `Language_Order`, `Person_ID_Edit`, `Table_Edit`, `Person_ID_Create`, `Table_Create`) VALUES
('be', 'Weißrussisch', 'UTF-8', 'false', 'false', 'belarus.png', '', 39, 1, '2010-05-13 16:33:01', 1, '2010-05-13 15:54:30'),
('bg', 'Bulgarisch', 'UTF-8', 'false', 'false', 'bulgaria.png', '', 5, 1, '2010-05-13 16:13:24', 1, '2010-05-13 15:54:30'),
('bs', 'Bosnisch', 'UTF-8', 'false', 'false', 'bosnia_and_herzegovina.png', '', 4, 1, '2010-05-13 16:13:16', 1, '2010-05-13 15:54:30'),
('cs', 'Tschechisch', 'UTF-8', 'false', 'false', 'czech_republic.png', '', 35, 1, '2010-05-13 16:32:04', 1, '2010-05-13 15:54:30'),
('da', 'Dänisch', 'ISO-8859-1', 'false', 'false', 'denmark.png', '', 6, 1, '2010-05-13 16:13:31', 1, '2010-05-13 15:54:30'),
('de', 'Deutsch', 'ISO-8859-1', 'true', 'true', 'austria.png', 'de_DE', 1, 1, '2010-05-13 16:12:45', 1, '2010-05-13 15:54:30'),
('el', 'Griechisch', 'UTF-8', 'false', 'false', 'greece.png', '', 12, 1, '2010-05-13 16:14:30', 1, '2010-05-13 15:54:30'),
('en', 'English', 'ISO-8859-1', 'false', 'false', 'united_kingdom.png', 'en_EN', 2, 1, '2010-05-13 16:12:56', 1, '2010-05-13 15:54:30'),
('es', 'Spanisch', 'ISO-8859-1', 'false', 'false', 'spain.png', '', 34, 1, '2010-05-13 16:31:39', 1, '2010-05-13 15:54:30'),
('et', 'Estnisch', 'UTF-8', 'false', 'false', 'estonia.png', '', 7, 1, '2010-05-13 16:13:39', 1, '2010-05-13 15:54:30'),
('fi', 'Finnisch', 'ISO-8859-1', 'false', 'false', 'finland.png', '', 9, 1, '2010-05-13 16:13:59', 1, '2010-05-13 15:54:30'),
('fo', 'Färöisch', 'ISO-8859-1', 'false', 'false', 'faroe_islands.png', '', 8, 1, '2010-05-13 16:13:51', 1, '2010-05-13 15:54:30'),
('fr', 'Französisch', 'ISO-8859-1', 'false', 'false', 'france.png', '', 10, 1, '2010-05-13 16:14:09', 1, '2010-05-13 15:54:30'),
('ga', 'Irisch', 'ISO-8859-1', 'false', 'false', 'ireland.png', '', 13, 1, '2010-05-13 16:14:39', 1, '2010-05-13 15:54:30'),
('hr', 'Kroatisch', 'UTF-8', 'false', 'false', 'croatia.png', '', 18, 1, '2010-05-13 16:28:57', 1, '2010-05-13 15:54:30'),
('hu', 'Ungarisch', 'UTF-8', 'false', 'false', 'hungary.png', '', 38, 1, '2010-05-13 16:32:27', 1, '2010-05-13 15:54:30'),
('is', 'Isländisch', 'ISO-8859-1', 'false', 'false', 'iceland.png', '', 14, 1, '2010-05-13 16:27:03', 1, '2010-05-13 15:54:30'),
('it', 'Italienisch', 'ISO-8859-1', 'false', 'false', 'italy.png', '', 15, 1, '2010-05-13 16:27:10', 1, '2010-05-13 15:54:30'),
('ka', 'Georgisch', 'UTF-8', 'false', 'false', 'georgia.png', '', 11, 1, '2010-05-13 16:14:16', 1, '2010-05-13 15:54:30'),
('kk', 'Kasachisch', 'UTF-8', 'false', 'false', 'kazakhstan.png', '', 16, 1, '2010-05-13 16:27:19', 1, '2010-05-13 15:54:30'),
('lb', 'Luxemburgisch', 'ISO-8859-1', 'false', 'false', 'luxembourg.png', '', 21, 1, '2010-05-13 16:29:57', 1, '2010-05-13 15:54:30'),
('lt', 'Litauisch', 'UTF-8', 'false', 'false', 'lithuania.png', '', 20, 1, '2010-05-13 16:29:34', 1, '2010-05-13 15:54:30'),
('lv', 'Lettisch', 'UTF-8', 'false', 'false', 'latvia.png', '', 19, 1, '2010-05-13 16:29:20', 1, '2010-05-13 15:54:30'),
('mk', 'Mazedonisch', 'UTF-8', 'false', 'false', 'macedonia.png', '', 23, 1, '2010-05-13 16:30:09', 1, '2010-05-13 15:54:30'),
('mt', 'Maltesisch', 'UTF-8', 'false', 'false', 'malta.png', '', 22, 1, '2010-05-13 16:30:03', 1, '2010-05-13 15:54:30'),
('nl', 'Niederländisch', 'ISO-8859-1', 'false', 'false', 'netherlands.png', '', 24, 1, '2010-05-13 16:30:18', 1, '2010-05-13 15:54:30'),
('nn', 'Norwegisch', 'ISO-8859-1', 'false', 'false', 'norway.png', '', 25, 1, '2010-05-13 16:30:29', 1, '2010-05-13 15:54:30'),
('pl', 'Polnisch', 'UTF-8', 'false', 'false', 'poland.png', '', 26, 1, '2010-05-13 16:30:38', 1, '2010-05-13 15:54:30'),
('pt', 'Portugiesisch', 'ISO-8859-1', 'false', 'false', 'portugal.png', '', 27, 1, '2010-05-13 16:30:46', 1, '2010-05-13 15:54:30'),
('ro', 'Rumänisch', 'UTF-8', 'false', 'false', 'romania.png', '', 28, 1, '2010-05-13 16:30:53', 1, '2010-05-13 15:54:30'),
('ru', 'Russisch', 'UTF-8', 'false', 'false', 'russia.png', '', 29, 1, '2010-05-13 16:31:01', 1, '2010-05-13 15:54:30'),
('sk', 'Slowakisch', 'UTF-8', 'false', 'false', 'slovakia.png', '', 32, 1, '2010-05-13 16:31:25', 1, '2010-05-13 15:54:30'),
('sl', 'Slowenisch', 'UTF-8', 'false', 'false', 'slovenia.png', '', 33, 1, '2010-05-13 16:31:34', 1, '2010-05-13 15:54:30'),
('sq', 'Albanisch', 'ISO-8859-1', 'false', 'false', 'albania.png', '', 3, 1, '2010-05-13 16:13:05', 1, '2010-05-13 15:54:30'),
('sr', 'Serbisch', 'UTF-8', 'false', 'false', 'serbia.png', '', 31, 1, '2010-05-13 16:31:18', 1, '2010-05-13 15:54:30'),
('sv', 'Schwedisch', 'ISO-8859-1', 'false', 'false', 'sweden.png', '', 30, 1, '2010-05-13 16:31:12', 1, '2010-05-13 15:54:30'),
('tr', 'Türkisch', 'UTF-8', 'false', 'false', 'turkey.png', '', 36, 1, '2010-05-13 16:32:10', 1, '2010-05-13 15:54:30'),
('uk', 'Ukrainisch', 'UTF-8', 'false', 'false', 'ukraine.png', '', 37, 1, '2010-05-13 16:32:17', 1, '2010-05-13 15:54:30');

--
-- Add workers (backend access)
--
INSERT IGNORE INTO `Worker` (`Person_ID`, `Language_Code`, `Worker_Username`, `Worker_Password`, `Worker_Active`, `Person_ID_Edit`, `Table_Edit`, `Person_ID_Create`, `Table_Create`) VALUES
('2','de','buchi','35b0d3cfde3e14720a95ac5f06eed66a','true','1',NULL,'1',NULL),
('3','de','thomas','31d971932dfd6e49084252d4ee1e2abd','true','1',NULL,'1',NULL);

--
-- Enable german for all workers
--
INSERT IGNORE INTO `Language_Person` (`Language_Code`, `Person_ID`, `Person_ID_Edit`, `Table_Edit`, `Person_ID_Create`, `Table_Create`)
SELECT 'de', Worker.Person_ID, 1, NOW(), 1, NOW() FROM Worker;

INSERT IGNORE INTO `Authorization` (`Authorization_Code`, `Authorization_Type`, `AuthorizationSubType_Code`, `Authorization_Name`, `Person_ID_Edit`, `Table_Edit`, `Person_ID_Create`, `Table_Create`) VALUES
('cms', 'backoffice', NULL, 'CMS', 1, '2010-04-21 13:02:22', 1, '2010-04-21 13:02:22'),
('cmsversion', 'backoffice', NULL, 'CMS Versionierung', NULL, '2010-04-21 13:30:04', NULL, '0000-00-00 00:00:00'),
('contact', 'backoffice', NULL, 'Kontaktanfragen', 1, '2010-04-21 13:02:22', 1, '2010-04-21 13:02:22'),
('customer', 'backoffice', NULL, 'Kunden', 1, '2010-04-21 13:02:22', 1, '2010-04-21 13:02:22'),
('development', 'backoffice', NULL, 'Entwicklung', 1, '2010-04-21 13:31:13', 1, '2010-04-21 13:02:22'),
('language', 'backoffice', NULL, 'Sprachen', 1, '2010-04-21 13:02:22', 1, '2010-04-21 13:02:22'),
('metabackoffice', 'backoffice', NULL, 'Metabackoffice (Development)', 1, '2010-04-21 13:02:22', 1, '2010-04-21 13:02:22'),
('newsletter', 'backoffice', NULL, 'Newsletter', 1, '2010-04-21 13:02:22', 1, '2010-04-21 13:02:22'),
('shop_abo', 'backoffice', NULL, 'Shop Abo', 1, '2007-11-19 14:27:34', 1, '0000-00-00 00:00:00'),
('shop_accounting', 'backoffice', NULL, 'Shop Buchhaltung', 1, '2007-11-19 14:27:15', 1, '0000-00-00 00:00:00'),
('shop_additionalinformation', 'backoffice', NULL, 'Shop Zusatzinformationen', 2, '2008-01-14 11:40:10', 2, '2008-01-14 11:40:10'),
('shop_article_groups', 'backoffice', NULL, 'Shop Artikelgruppen', 2, '2008-01-14 11:40:10', 2, '2008-01-14 11:40:10'),
('shop_catalog', 'backoffice', NULL, 'Shop Katalogverwaltung', 1, '2007-11-19 14:33:52', 1, '0000-00-00 00:00:00'),
('shop_category', 'backoffice', NULL, 'Shop Kategorien', 1, '2007-11-19 14:33:52', 1, '0000-00-00 00:00:00'),
('shop_easylager', 'backoffice', NULL, 'Shop Easylager', 1, '2007-11-19 14:27:15', 1, '0000-00-00 00:00:00'),
('shop_invoice', 'backoffice', NULL, 'Shop Rechnungslauf', 1, '2007-11-19 14:27:04', 1, '0000-00-00 00:00:00'),
('shop_order', 'backoffice', NULL, 'Shop Bestellwesen', 1, '2007-11-19 14:29:23', 1, '0000-00-00 00:00:00'),
('shop_order_cashondelivery', 'backoffice', NULL, 'Shop Bestellwesen per Nachnahme', 1, '2007-11-19 14:30:03', 1, '0000-00-00 00:00:00'),
('shop_order_debit', 'backoffice', NULL, 'Shop Bestellwesen Bankeinzug', 1, '2007-11-19 14:31:13', 1, '0000-00-00 00:00:00'),
('shop_order_incomplete', 'backoffice', NULL, 'Shop Bestellungen unvollständig', NULL, '2008-07-16 10:16:35', NULL, '0000-00-00 00:00:00'),
('shop_order_locked', 'backoffice', NULL, 'Shop Bestellwesen gesperrte Bestellungen', 1, '2007-11-29 10:06:38', 1, '0000-00-00 00:00:00'),
('shop_order_offer', 'backoffice', NULL, 'Shop Bestellwesen Angebotsanfragen', 1, '2007-11-19 14:30:27', 1, '0000-00-00 00:00:00'),
('shop_order_prepayed', 'backoffice', NULL, 'Shop Bestellwesen Vorauskasse', 1, '2007-11-19 14:29:38', 1, '0000-00-00 00:00:00'),
('shop_partner', 'backoffice', NULL, 'Shop Partner', 1, '2007-11-19 14:28:12', 1, '0000-00-00 00:00:00'),
('shop_price', 'backoffice', NULL, 'Shop Preisverwaltung', 1, '2007-11-19 14:40:24', 1, '0000-00-00 00:00:00'),
('shop_price_customerspecific', 'backoffice', NULL, 'Shop Preisverwaltung (Kundenspezifische Preise)', NULL, '2010-04-21 13:30:04', NULL, '0000-00-00 00:00:00'),
('shop_rating', 'backoffice', NULL, 'Shop Kommentare/Bewertungen', 2, '2007-12-27 12:55:02', 2, '2007-12-27 12:54:15'),
('shop_report', 'backoffice', NULL, 'Shop Berichte', 1, '2007-11-19 14:26:53', 1, '0000-00-00 00:00:00'),
('shop_shoparticle_textvariants', 'backoffice', NULL, 'Shop Katalogprodukte - Alternative Textvarianten', NULL, '2008-04-06 12:44:26', NULL, '0000-00-00 00:00:00'),
('shop_task', 'backoffice', NULL, 'Shop Aufgabenverwaltung', 1, '2007-11-29 09:43:39', 1, '0000-00-00 00:00:00'),
('shop_templates', 'backoffice', NULL, 'Shop Vorlagen', 1, '2007-11-29 09:43:39', 1, '0000-00-00 00:00:00'),
('shop_user', 'backoffice', NULL, 'Shop User', 1, '2007-11-19 14:27:55', 1, '0000-00-00 00:00:00'),
('shop_voucher', 'backoffice', NULL, 'Shop Gutscheine', 1, '2007-11-19 15:02:27', 1, '0000-00-00 00:00:00'),
('shop_wawi', 'backoffice', NULL, 'Shop Warenwirtschaftsverwaltung', 1, '2007-11-19 14:37:37', 1, '0000-00-00 00:00:00'),
('shop_wawidelivery', 'backoffice', NULL, 'Shop Lager', 1, '2007-11-19 14:27:15', 1, '0000-00-00 00:00:00'),
('system', 'backoffice', NULL, 'Systemeinstellungen', 1, '2010-04-21 13:02:22', 1, '2010-04-21 13:02:22'),
('worker', 'backoffice', NULL, 'Benutzerverwaltung', 1, '2010-04-21 13:02:22', 1, '2010-04-21 13:02:22'),
('cache_clearall', 'backoffice', NULL, 'Website Cache löschen', 1, '2011-12-06 15:08:22', 1, '2011-12-06 15:08:22'),
('shop_order_directorder', 'backoffice', NULL, 'Shop Bestellwesen Direktbestellung', 1, '2010-12-09 17:09:05', 1, '2010-12-09 17:09:05'),
('shop_order_directorder_cash', 'backoffice', NULL, 'Shop Bestellwesen Kassa', 1, '2010-12-09 17:09:12', 1, '2010-12-09 17:09:12'),
('shop_order_directoffer', 'backoffice', NULL, 'Shop Bestellwesen Angebotstool', 1, '2010-12-09 17:09:12', 1, '2010-12-09 17:09:12');

INSERT IGNORE INTO `Currency` (`Currency_Code`, `Currency_Shortcut`, `Currency_Name`, `Currency_ExchangeRate`, `Person_ID_Edit`, `Table_Edit`, `Person_ID_Create`, `Table_Create`) VALUES
('CHF', 'CHF','Schweizer Franken', '1', '1', NULL, '1', NULL),
('EUR', /*!40100 _latin1*/ 0x80, 'Euro', '1', '1', NULL, '1', NULL),
('GBP', '£', 'Britische Pfund', '1', '1', NULL, '1', NULL),
('USD', '$', 'US Dollar', '1', '1', NULL, '1', NULL);

INSERT IGNORE INTO `Country` (`Country_Code`, `Country_Code_Alpha_3`, `Country_Code_Numeric`, `Country_Code_TLD`, `Country_Code_IOC`, `Currency_Code`, `Language_Code_Default`, `Country_EUMember`, `Country_Show`, `Country_Name`, `Person_ID_Edit`, `Table_Edit`, `Person_ID_Create`, `Table_Create`) VALUES
('AC','ASC',0,'.ac','',NULL,'en','false','false','Ascension','1',NULL,'1',NULL),
('AD','AND',20,'.ad','AND','EUR','en','false','false','Andorra','1',NULL,'1',NULL),
('AE','ARE',784,'.ae','UAE',NULL,'en','false','false','Vereinigte Arabische Emirate','1',NULL,'1',NULL),
('AF','AFG',4,'.af','AFG',NULL,'en','false','false','Afghanistan','1',NULL,'1',NULL),
('AG','ATG',28,'.ag','ANT',NULL,'en','false','false','Antigua und Barbuda','1',NULL,'1',NULL),
('AI','AIA',660,'.ai','',NULL,'en','false','false','Anguilla','1',NULL,'1',NULL),
('AL','ALB',8,'.al','ALB',NULL,'en','false','false','Albanien','1',NULL,'1',NULL),
('AM','ARM',51,'.am','ARM',NULL,'en','false','false','Armenien','1',NULL,'1',NULL),
('AN','ANT',530,'.an','AHO',NULL,'en','false','false','Niederländische Antillen','1',NULL,'1',NULL),
('AO','AGO',24,'.ao','ANG',NULL,'en','false','false','Angola','1',NULL,'1',NULL),
('AQ','ATA',10,'.aq','',NULL,'en','false','false','Antarktis','1',NULL,'1',NULL),
('AR','ARG',32,'.ar','ARG',NULL,'en','false','false','Argentinien','1',NULL,'1',NULL),
('AS','ASM',16,'.as','ASA',NULL,'en','false','false','Amerikanisch-Samoa','1',NULL,'1',NULL),
('AT','AUT',40,'.at','AUT','EUR','de','true','true','Österreich','1',NULL,'1',NULL),
('AU','AUS',36,'.au','AUS',NULL,'en','false','false','Australien','1',NULL,'1',NULL),
('AW','ABW',533,'.aw','ARU',NULL,'en','false','false','Aruba','1',NULL,'1',NULL),
('AX','ALA',248,'.ax','',NULL,'en','false','false','Åland','1',NULL,'1',NULL),
('AZ','AZE',31,'.az','AZE',NULL,'en','false','false','Aserbaidschan','1',NULL,'1',NULL),
('BA','BIH',70,'.ba','BIH',NULL,'en','false','false','Bosnien und Herzegowina','1',NULL,'1',NULL),
('BB','BRB',52,'.bb','BAR',NULL,'en','false','false','Barbados','1',NULL,'1',NULL),
('BD','BGD',50,'.bd','BAN',NULL,'en','false','false','Bangladesch','1',NULL,'1',NULL),
('BE','BEL',56,'.be','BEL','EUR','en','true','false','Belgien','1',NULL,'1',NULL),
('BF','BFA',854,'.bf','BUR',NULL,'en','false','false','Burkina Faso','1',NULL,'1',NULL),
('BG','BGR',100,'.bg','BUL',NULL,'en','true','false','Bulgarien','1',NULL,'1',NULL),
('BH','BHR',48,'.bh','BRN',NULL,'en','false','false','Bahrain','1',NULL,'1',NULL),
('BI','BDI',108,'.bi','BDI',NULL,'en','false','false','Burundi','1',NULL,'1',NULL),
('BJ','BEN',204,'.bj','BEN',NULL,'en','false','false','Benin','1',NULL,'1',NULL),
('BM','BMU',60,'.bm','BER',NULL,'en','false','false','Bermuda','1',NULL,'1',NULL),
('BN','BRN',96,'.bn','BRU',NULL,'en','false','false','Brunei Darussalam','1',NULL,'1',NULL),
('BO','BOL',68,'.bo','BOL',NULL,'en','false','false','Bolivien','1',NULL,'1',NULL),
('BR','BRA',76,'.br','BRA',NULL,'en','false','false','Brasilien','1',NULL,'1',NULL),
('BS','BHS',44,'.bs','BAH',NULL,'en','false','false','Bahamas','1',NULL,'1',NULL),
('BT','BTN',64,'.bt','BHU',NULL,'en','false','false','Bhutan','1',NULL,'1',NULL),
('BU','BUR',104,'','',NULL,'en','false','false','Burma (Myanmar)','1',NULL,'1',NULL),
('BV','BVT',74,'.bv','',NULL,'en','false','false','Bouvetinsel','1',NULL,'1',NULL),
('BW','BWA',72,'.bw','BOT',NULL,'en','false','false','Botswana','1',NULL,'1',NULL),
('BY','BLR',112,'.by','BLR',NULL,'en','false','false','Belarus (Weißrussland)','1',NULL,'1',NULL),
('BZ','BLZ',84,'.bz','BIZ',NULL,'en','false','false','Belize','1',NULL,'1',NULL),
('CA','CAN',124,'.ca','CAN',NULL,'en','false','false','Kanada','1',NULL,'1',NULL),
('CC','CCK',166,'.cc','',NULL,'en','false','false','Kokosinseln (Keelinginseln)','1',NULL,'1',NULL),
('CD','COD',180,'.cd','COD',NULL,'en','false','false','Kongo,Demokratische Republik (ehem. Zaire)','1',NULL,'1',NULL),
('CF','CAF',140,'.cf','CAF',NULL,'en','false','false','Zentralafrikanische Republik','1',NULL,'1',NULL),
('CG','COG',178,'.cg','CGO',NULL,'en','false','false','RepublikKongo','1',NULL,'1',NULL),
('CH','CHE',756,'.ch','SUI',NULL,'de','false','false','Schweiz (Confoederatio Helvetica)','1',NULL,'1',NULL),
('CI','CIV',384,'.ci','CIV',NULL,'en','false','false','Côted Ivoire (Elfenbeinküste)','1',NULL,'1',NULL),
('CK','COK',184,'.ck','COK',NULL,'en','false','false','Cookinseln','1',NULL,'1',NULL),
('CL','CHL',152,'.cl','CHI',NULL,'en','false','false','Chile','1',NULL,'1',NULL),
('CM','CMR',120,'.cm','CMR',NULL,'en','false','false','Kamerun','1',NULL,'1',NULL),
('CN','CHN',156,'.cn','CHN',NULL,'en','false','false','China, Volksrepublik','1',NULL,'1',NULL),
('CO','COL',170,'.co','COL',NULL,'en','false','false','Kolumbien','1',NULL,'1',NULL),
('CP','CPT',0,'','',NULL,'en','false','false','Clipperton','1',NULL,'1',NULL),
('CR','CRI',188,'.cr','CRC',NULL,'en','false','false','Costa Rica','1',NULL,'1',NULL),
('CS','SCG',891,'.yu','YUG',NULL,'en','false','false','Serbien und Montenegro','1',NULL,'1',NULL),
('CU','CUB',192,'.cu','CUB',NULL,'en','false','false','Kuba','1',NULL,'1',NULL),
('CV','CPV',132,'.cv','CPV',NULL,'en','false','false','KapVerde','1',NULL,'1',NULL),
('CX','CXR',162,'.cx','',NULL,'en','false','false','Weihnachtsinsel','1',NULL,'1',NULL),
('CY','CYP',196,'.cy','CYP',NULL,'en','true','false','Zypern','1',NULL,'1',NULL),
('CZ','CZE',203,'.cz','CZE',NULL,'en','true','false','Tschechische Republik','1',NULL,'1',NULL),
('DE','DEU',276,'.de','GER','EUR','de','true','false','Deutschland','1',NULL,'1',NULL),
('DG','DGA',0,'','',NULL,'en','false','false','Diego Garcia','1',NULL,'1',NULL),
('DJ','DJI',262,'.dj','DJI',NULL,'en','false','false','Dschibuti','1',NULL,'1',NULL),
('DK','DNK',208,'.dk','DEN',NULL,'en','true','false','Dänemark','1',NULL,'1',NULL),
('DM','DMA',212,'.dm','DMA',NULL,'en','false','false','Dominica','1',NULL,'1',NULL),
('DO','DOM',214,'.do','DOM',NULL,'en','false','false','Dominikanische Republik','1',NULL,'1',NULL),
('DZ','DZA',12,'.dz','ALG',NULL,'en','false','false','Algerien','1',NULL,'1',NULL),
('EA','',0,'','',NULL,'en','false','false','Ceuta, Melilla','1',NULL,'1',NULL),
('EC','ECU',218,'.ec','ECU',NULL,'en','false','false','Ecuador','1',NULL,'1',NULL),
('EE','EST',233,'.ee','EST',NULL,'en','true','false','Estland (Reval)','1',NULL,'1',NULL),
('EG','EGY',818,'.eg','EGY',NULL,'en','false','false','Ägypten','1',NULL,'1',NULL),
('EH','ESH',732,'.eh','',NULL,'en','false','false','Westsahara','1',NULL,'1',NULL),
('ER','ERI',232,'.er','ERI',NULL,'en','false','false','Eritrea','1',NULL,'1',NULL),
('ES','ESP',724,'.es','ESP','EUR','en','true','false','Spanien','1',NULL,'1',NULL),
('ET','ETH',231,'.et','ETH',NULL,'en','false','false','Äthiopien','1',NULL,'1',NULL),
('EU','',0,'.eu','',NULL,'en','false','false','Europäische Union','1',NULL,'1',NULL),
('FI','FIN',246,'.fi','FIN','EUR','en','true','false','Finnland','1',NULL,'1',NULL),
('FJ','FJI',242,'.fj','FIJ',NULL,'en','false','false','Fidschi','1',NULL,'1',NULL),
('FK','FLK',238,'.fk','',NULL,'en','false','false','Falklandinseln (Malwinen)','1',NULL,'1',NULL),
('FM','FSM',583,'.fm','FSM',NULL,'en','false','false','Mikronesien','1',NULL,'1',NULL),
('FO','FRO',234,'.fo','FRO',NULL,'en','false','false','Färöer','1',NULL,'1',NULL),
('FR','FRA',250,'.fr','FRA','EUR','en','true','false','Frankreich','1',NULL,'1',NULL),
('FX','FXX',0,'.fx','',NULL,'en','false','false','Frankreich,Francemétropolitaine','1',NULL,'1',NULL),
('GA','GAB',266,'.ga','GAB',NULL,'en','false','false','Gabun','1',NULL,'1',NULL),
('GB','GBR',826,'.uk','GBR',NULL,'en','true','false','Vereinigtes Königreich Großbritannien und Nordirland','1',NULL,'1',NULL),
('GD','GRD',308,'.gd','GRN',NULL,'en','false','false','Grenada','1',NULL,'1',NULL),
('GE','GEO',268,'.ge','GEO',NULL,'en','false','false','Georgien','1',NULL,'1',NULL),
('GF','GUF',254,'.gf','',NULL,'en','false','false','Französisch-Guayana','1',NULL,'1',NULL),
('GG','GGY',831,'.gg','',NULL,'en','false','false','Guernsey (Kanalinsel)','1',NULL,'1',NULL),
('GH','GHA',288,'.gh','GHA',NULL,'en','false','false','Ghana','1',NULL,'1',NULL),
('GI','GIB',292,'.gi','',NULL,'en','false','false','Gibraltar','1',NULL,'1',NULL),
('GL','GRL',304,'.gl','',NULL,'en','false','false','Grönland','1',NULL,'1',NULL),
('GM','GMB',270,'.gm','GAM',NULL,'en','false','false','Gambia','1',NULL,'1',NULL),
('GN','GIN',324,'.gn','GUI',NULL,'en','false','false','Guinea','1',NULL,'1',NULL),
('GP','GLP',312,'.gp','',NULL,'en','false','false','Guadeloupe','1',NULL,'1',NULL),
('GQ','GNQ',226,'.gq','GEQ',NULL,'en','false','false','Äquatorialguinea','1',NULL,'1',NULL),
('GR','GRC',300,'.gr','GRE','EUR','en','true','false','Griechenland','1',NULL,'1',NULL),
('GS','SGS',239,'.gs','',NULL,'en','false','false','Südgeorgien und die Südlichen Sandwichinseln','1',NULL,'1',NULL),
('GT','GTM',320,'.gt','GUA',NULL,'en','false','false','Guatemala','1',NULL,'1',NULL),
('GU','GUM',316,'.gu','GUM',NULL,'en','false','false','Guam','1',NULL,'1',NULL),
('GW','GNB',624,'.gw','GBS',NULL,'en','false','false','Guinea-Bissau','1',NULL,'1',NULL),
('GY','GUY',328,'.gy','GUY',NULL,'en','false','false','Guyana','1',NULL,'1',NULL),
('HK','HKG',344,'.hk','HKG',NULL,'en','false','false','Hongkong','1',NULL,'1',NULL),
('HM','HMD',334,'.hm','',NULL,'en','false','false','Heard- und McDonald-Inseln','1',NULL,'1',NULL),
('HN','HND',340,'.hn','HON',NULL,'en','false','false','Honduras','1',NULL,'1',NULL),
('HR','HRV',191,'.hr','CRO',NULL,'en','false','false','Kroatien (Hrvatska)','1',NULL,'1',NULL),
('HT','HTI',332,'.ht','HAI',NULL,'en','false','false','Haiti','1',NULL,'1',NULL),
('HU','HUN',348,'.hu','HUN',NULL,'en','true','false','Ungarn','1',NULL,'1',NULL),
('IC','',0,'','',NULL,'en','false','false','Kanarische Inseln','1',NULL,'1',NULL),
('ID','IDN',360,'.id','INA',NULL,'en','false','false','Indonesien','1',NULL,'1',NULL),
('IE','IRL',372,'.ie','IRL','EUR','en','true','false','Irland','1',NULL,'1',NULL),
('IL','ISR',376,'.il','ISR',NULL,'en','false','false','Israel','1',NULL,'1',NULL),
('IM','IMN',833,'.im','',NULL,'en','false','false','InselMan','1',NULL,'1',NULL),
('IN','IND',356,'.in','IND',NULL,'en','false','false','Indien','1',NULL,'1',NULL),
('IO','IOT',86,'.io','',NULL,'en','false','false','Britisches Territorium im Indischen Ozean','1',NULL,'1',NULL),
('IQ','IRQ',368,'.iq','IRQ',NULL,'en','false','false','Irak','1',NULL,'1',NULL),
('IR','IRN',364,'.ir','IRI',NULL,'en','false','false','Iran, Islamische Republik','1',NULL,'1',NULL),
('IS','ISL',352,'.is','ISL',NULL,'en','false','false','Island','1',NULL,'1',NULL),
('IT','ITA',380,'.it','ITA','EUR','en','true','false','Italien','1',NULL,'1',NULL),
('JE','JEY',832,'.je','',NULL,'en','false','false','Jersey (Kanalinsel)','1',NULL,'1',NULL),
('JM','JAM',388,'.jm','JAM',NULL,'en','false','false','Jamaika','1',NULL,'1',NULL),
('JO','JOR',400,'.jo','JOR',NULL,'en','false','false','Jordanien','1',NULL,'1',NULL),
('JP','JPN',392,'.jp','JPN',NULL,'en','false','false','Japan','1',NULL,'1',NULL),
('KE','KEN',404,'.ke','KEN',NULL,'en','false','false','Kenia','1',NULL,'1',NULL),
('KG','KGZ',417,'.kg','KGZ',NULL,'en','false','false','Kirgisistan','1',NULL,'1',NULL),
('KH','KHM',116,'.kh','CAM',NULL,'en','false','false','Kambodscha','1',NULL,'1',NULL),
('KI','KIR',296,'.ki','',NULL,'en','false','false','Kiribati','1',NULL,'1',NULL),
('KM','COM',174,'.km','',NULL,'en','false','false','Komoren','1',NULL,'1',NULL),
('KN','KNA',659,'.kn','SKN',NULL,'en','false','false','St.Kitts und Nevis','1',NULL,'1',NULL),
('KP','PRK',408,'.kp','PRK',NULL,'en','false','false','Korea,Demokratische Volksrepublik (Nordkorea)','1',NULL,'1',NULL),
('KR','KOR',410,'.kr','KOR',NULL,'en','false','false','Korea,Republik (Südkorea)','1',NULL,'1',NULL),
('KW','KWT',414,'.kw','KUW',NULL,'en','false','false','Kuwait','1',NULL,'1',NULL),
('KY','CYM',136,'.ky','CAY',NULL,'en','false','false','Kaimaninseln','1',NULL,'1',NULL),
('KZ','KAZ',398,'.kz','KAZ',NULL,'en','false','false','Kasachstan','1',NULL,'1',NULL),
('LA','LAO',418,'.la','LAO',NULL,'en','false','false','Laos, Demokratische Volksrepublik','1',NULL,'1',NULL),
('LB','LBN',422,'.lb','LIB',NULL,'en','false','false','Libanon','1',NULL,'1',NULL),
('LC','LCA',662,'.lc','LCA',NULL,'en','false','false','St.Lucia','1',NULL,'1',NULL),
('LI','LIE',438,'.li','LIE',NULL,'en','false','false','Liechtenstein','1',NULL,'1',NULL),
('LK','LKA',144,'.lk','SRI',NULL,'en','false','false','Sri Lanka','1',NULL,'1',NULL),
('LR','LBR',430,'.lr','LBR',NULL,'en','false','false','Liberia','1',NULL,'1',NULL),
('LS','LSO',426,'.ls','LES',NULL,'en','false','false','Lesotho','1',NULL,'1',NULL),
('LT','LTU',440,'.lt','LTU',NULL,'en','true','false','Litauen','1',NULL,'1',NULL),
('LU','LUX',442,'.lu','LUX','EUR','en','true','false','Luxemburg','1',NULL,'1',NULL),
('LV','LVA',428,'.lv','LAT',NULL,'en','true','false','Lettland','1',NULL,'1',NULL),
('LY','LBY',434,'.ly','LBA',NULL,'en','false','false','Libysch-Arabische Dschamahirija (Libyen)','1',NULL,'1',NULL),
('MA','MAR',504,'.ma','MAR',NULL,'en','false','false','Marokko','1',NULL,'1',NULL),
('MC','MCO',492,'.mc','MON','EUR','en','false','false','Monaco','1',NULL,'1',NULL),
('MD','MDA',498,'.md','MDA',NULL,'en','false','false','Moldawien (Republik Moldau)','1',NULL,'1',NULL),
('ME','MNE',499,'.me','MGO','EUR','en','false','false','Montenegro','1',NULL,'1',NULL),
('MG','MDG',450,'.mg','MAD',NULL,'en','false','false','Madagaskar','1',NULL,'1',NULL),
('MH','MHL',584,'.mh','',NULL,'en','false','false','Marshallinseln','1',NULL,'1',NULL),
('MK','MKD',807,'.mk','MKD',NULL,'en','false','false','Mazedonien','1',NULL,'1',NULL),
('ML','MLI',466,'.ml','MLI',NULL,'en','false','false','Mali','1',NULL,'1',NULL),
('MM','MMR',104,'.mm','MYA',NULL,'en','false','false','Myanmar (Burma)','1',NULL,'1',NULL),
('MN','MNG',496,'.mn','MGL',NULL,'en','false','false','Mongolei','1',NULL,'1',NULL),
('MO','MAC',446,'.mo','',NULL,'en','false','false','Macao','1',NULL,'1',NULL),
('MP','MNP',580,'.mp','',NULL,'en','false','false','Nördliche Marianen','1',NULL,'1',NULL),
('MQ','MTQ',474,'.mq','',NULL,'en','false','false','Martinique','1',NULL,'1',NULL),
('MR','MRT',478,'.mr','MTN',NULL,'en','false','false','Mauretanien','1',NULL,'1',NULL),
('MS','MSR',500,'.ms','',NULL,'en','false','false','Montserrat','1',NULL,'1',NULL),
('MT','MLT',470,'.mt','MLT',NULL,'en','true','false','Malta','1',NULL,'1',NULL),
('MU','MUS',480,'.mu','MRI',NULL,'en','false','false','Mauritius','1',NULL,'1',NULL),
('MV','MDV',462,'.mv','MDV',NULL,'en','false','false','Malediven','1',NULL,'1',NULL),
('MW','MWI',454,'.mw','MAW',NULL,'en','false','false','Malawi','1',NULL,'1',NULL),
('MX','MEX',484,'.mx','MEX',NULL,'en','false','false','Mexiko','1',NULL,'1',NULL),
('MY','MYS',458,'.my','MAS',NULL,'en','false','false','Malaysia','1',NULL,'1',NULL),
('MZ','MOZ',508,'.mz','MOZ',NULL,'en','false','false','Mosambik','1',NULL,'1',NULL),
('NA','NAM',516,'.na','NAM',NULL,'en','false','false','Namibia','1',NULL,'1',NULL),
('NC','NCL',540,'.nc','',NULL,'en','false','false','Neukaledonien','1',NULL,'1',NULL),
('NE','NER',562,'.ne','NIG',NULL,'en','false','false','Niger','1',NULL,'1',NULL),
('NF','NFK',574,'.nf','',NULL,'en','false','false','Norfolkinsel','1',NULL,'1',NULL),
('NG','NGA',566,'.ng','NGR',NULL,'en','false','false','Nigeria','1',NULL,'1',NULL),
('NI','NIC',558,'.ni','NCA',NULL,'en','false','false','Nicaragua','1',NULL,'1',NULL),
('NL','NLD',528,'.nl','NED','EUR','en','true','false','Niederlande','1',NULL,'1',NULL),
('NO','NOR',578,'.no','NOR',NULL,'en','false','false','Norwegen','1',NULL,'1',NULL),
('NP','NPL',524,'.np','NEP',NULL,'en','false','false','Nepal','1',NULL,'1',NULL),
('NR','NRU',520,'.nr','NRU',NULL,'en','false','false','Nauru','1',NULL,'1',NULL),
('NT','NTZ',0,'','',NULL,'en','false','false','NeutraleZone (Saudi-Arabien und Irak)','1',NULL,'1',NULL),
('NU','NIU',570,'.nu','',NULL,'en','false','false','Niue','1',NULL,'1',NULL),
('NZ','NZL',554,'.nz','NZL',NULL,'en','false','false','Neuseeland','1',NULL,'1',NULL),
('OM','OMN',512,'.om','OMA',NULL,'en','false','false','Oman','1',NULL,'1',NULL),
('PA','PAN',591,'.pa','PAN',NULL,'en','false','false','Panama','1',NULL,'1',NULL),
('PE','PER',604,'.pe','PER',NULL,'en','false','false','Peru','1',NULL,'1',NULL),
('PF','PYF',258,'.pf','',NULL,'en','false','false','Französisch-Polynesien','1',NULL,'1',NULL),
('PG','PNG',598,'.pg','',NULL,'en','false','false','Papua-Neuguinea','1',NULL,'1',NULL),
('PH','PHL',608,'.ph','PHI',NULL,'en','false','false','Philippinen','1',NULL,'1',NULL),
('PK','PAK',586,'.pk','PAK',NULL,'en','false','false','Pakistan','1',NULL,'1',NULL),
('PL','POL',616,'.pl','POL',NULL,'en','true','false','Polen','1',NULL,'1',NULL),
('PM','SPM',666,'.pm','',NULL,'en','false','false','Saint-Pierre und Miquelon','1',NULL,'1',NULL),
('PN','PCN',612,'.pn','',NULL,'en','false','false','Pitcairninseln','1',NULL,'1',NULL),
('PR','PRI',630,'.pr','PUR',NULL,'en','false','false','PuertoRico','1',NULL,'1',NULL),
('PS','PSE',275,'.ps','PLE',NULL,'en','false','false','Palästinensische Autonomiegebiete','1',NULL,'1',NULL),
('PT','PRT',620,'.pt','POR','EUR','en','true','false','Portugal','1',NULL,'1',NULL),
('PW','PLW',585,'.pw','PLW',NULL,'en','false','false','Palau','1',NULL,'1',NULL),
('PY','PRY',600,'.py','PAR',NULL,'en','false','false','Paraguay','1',NULL,'1',NULL),
('QA','QAT',634,'.qa','QAT',NULL,'en','false','false','Katar','1',NULL,'1',NULL),
('RE','REU',638,'.re','',NULL,'en','false','false','Réunion','1',NULL,'1',NULL),
('RO','ROU',642,'.ro','ROM',NULL,'en','true','false','Rumänien','1',NULL,'1',NULL),
('RS','SRB',688,'.rs','SRB',NULL,'en','false','false','Serbien','1',NULL,'1',NULL),
('RU','RUS',643,'.ru','RUS',NULL,'en','false','false','Russische Föderation','1',NULL,'1',NULL),
('RW','RWA',646,'.rw','RWA',NULL,'en','false','false','Ruanda','1',NULL,'1',NULL),
('SA','SAU',682,'.sa','KSA',NULL,'en','false','false','Saudi-Arabien','1',NULL,'1',NULL),
('SB','SLB',90,'.sb','SOL',NULL,'en','false','false','Salomonen','1',NULL,'1',NULL),
('SC','SYC',690,'.sc','SEY',NULL,'en','false','false','Seychellen','1',NULL,'1',NULL),
('SD','SDN',736,'.sd','SUD',NULL,'en','false','false','Sudan','1',NULL,'1',NULL),
('SE','SWE',752,'.se','SWE',NULL,'en','true','false','Schweden','1',NULL,'1',NULL),
('SG','SGP',702,'.sg','SIN',NULL,'en','false','false','Singapur','1',NULL,'1',NULL),
('SH','SHN',654,'.sh','',NULL,'en','false','false','St.Helena','1',NULL,'1',NULL),
('SI','SVN',705,'.si','SLO','EUR','en','true','false','Slowenien','1',NULL,'1',NULL),
('SJ','SJM',744,'.sj','',NULL,'en','false','false','Svalbard und Jan Mayen','1',NULL,'1',NULL),
('SK','SVK',703,'.sk','SVK',NULL,'en','true','false','Slowakei','1',NULL,'1',NULL),
('SL','SLE',694,'.sl','SLE',NULL,'en','false','false','Sierra Leone','1',NULL,'1',NULL),
('SM','SMR',674,'.sm','SMR','EUR','en','false','false','San Marino','1',NULL,'1',NULL),
('SN','SEN',686,'.sn','SEN',NULL,'en','false','false','Senegal','1',NULL,'1',NULL),
('SO','SOM',706,'.so','SOM',NULL,'en','false','false','Somalia','1',NULL,'1',NULL),
('SR','SUR',740,'.sr','SUR',NULL,'en','false','false','Suriname','1',NULL,'1',NULL),
('ST','STP',678,'.st','STP',NULL,'en','false','false','São Tomé und Príncipe','1',NULL,'1',NULL),
('SU','SUN',810,'.su','URS',NULL,'en','false','false','UdSSR','1',NULL,'1',NULL),
('SV','SLV',222,'.sv','ESA',NULL,'en','false','false','ElSalvador','1',NULL,'1',NULL),
('SY','SYR',760,'.sy','SYR',NULL,'en','false','false','Syrien, Arabische Republik','1',NULL,'1',NULL),
('SZ','SWZ',748,'.sz','SWZ',NULL,'en','false','false','Swasiland','1',NULL,'1',NULL),
('TA','TAA',0,'','',NULL,'en','false','false','Tristanda Cunha','1',NULL,'1',NULL),
('TC','TCA',796,'.tc','',NULL,'en','false','false','Turks-und Caicosinseln','1',NULL,'1',NULL),
('TD','TCD',148,'.td','CHA',NULL,'en','false','false','Tschad','1',NULL,'1',NULL),
('TF','ATF',260,'.tf','',NULL,'en','false','false','Französische Süd- und Antarktisgebiete','1',NULL,'1',NULL),
('TG','TGO',768,'.tg','TOG',NULL,'en','false','false','Togo','1',NULL,'1',NULL),
('TH','THA',764,'.th','THA',NULL,'en','false','false','Thailand','1',NULL,'1',NULL),
('TJ','TJK',762,'.tj','TJK',NULL,'en','false','false','Tadschikistan','1',NULL,'1',NULL),
('TK','TKL',772,'.tk','',NULL,'en','false','false','Tokelau','1',NULL,'1',NULL),
('TL','TLS',726,'.tl','',NULL,'en','false','false','Timor-Leste','1',NULL,'1',NULL),
('TM','TKM',795,'.tm','TKM',NULL,'en','false','false','Turkmenistan','1',NULL,'1',NULL),
('TN','TUN',788,'.tn','TUN',NULL,'en','false','false','Tunesien','1',NULL,'1',NULL),
('TO','TON',776,'.to','TGA',NULL,'en','false','false','Tonga','1',NULL,'1',NULL),
('TR','TUR',792,'.tr','TUR',NULL,'en','false','false','Türkei','1',NULL,'1',NULL),
('TT','TTO',780,'.tt','TRI',NULL,'en','false','false','Trinidad und Tobago','1',NULL,'1',NULL),
('TV','TUV',798,'.tv','',NULL,'en','false','false','Tuvalu','1',NULL,'1',NULL),
('TW','TWN',158,'.tw','TPE',NULL,'en','false','false','Republik China (Taiwan) (Formosa)','1',NULL,'1',NULL),
('TZ','TZA',834,'.tz','TAN',NULL,'en','false','false','Tansania, Vereinigte Republik','1',NULL,'1',NULL),
('UA','UKR',804,'.ua','UKR',NULL,'en','false','false','Ukraine','1',NULL,'1',NULL),
('UG','UGA',800,'.ug','UGA',NULL,'en','false','false','Uganda','1',NULL,'1',NULL),
('UM','UMI',581,'.um','',NULL,'en','false','false','United States Minor Outlying Islands','1',NULL,'1',NULL),
('US','USA',840,'.us','USA','USD','en','false','false','Vereinigte Staaten von Amerika','1',NULL,'1',NULL),
('UY','URY',858,'.uy','URU',NULL,'en','false','false','Uruguay','1',NULL,'1',NULL),
('UZ','UZB',860,'.uz','UZB',NULL,'en','false','false','Usbekistan','1',NULL,'1',NULL),
('VA','VAT',336,'.va','','EUR','en','false','false','Vatikanstadt','1',NULL,'1',NULL),
('VC','VCT',670,'.vc','VIN',NULL,'en','false','false','St.Vincent und die Grenadinen','1',NULL,'1',NULL),
('VE','VEN',862,'.ve','VEN',NULL,'en','false','false','Venezuela','1',NULL,'1',NULL),
('VG','VGB',92,'.vg','ISB',NULL,'en','false','false','Britische Jungferninseln','1',NULL,'1',NULL),
('VI','VIR',850,'.vi','ISV',NULL,'en','false','false','Amerikanische Jungferninseln','1',NULL,'1',NULL),
('VN','VNM',704,'.vn','VIE',NULL,'en','false','false','Vietnam','1',NULL,'1',NULL),
('VU','VUT',548,'.vu','VAN',NULL,'en','false','false','Vanuatu','1',NULL,'1',NULL),
('WF','WLF',876,'.wf','',NULL,'en','false','false','WallisundFutuna','1',NULL,'1',NULL),
('WS','WSM',882,'.ws','SAM',NULL,'en','false','false','Samoa','1',NULL,'1',NULL),
('YE','YEM',887,'.ye','YEM',NULL,'en','false','false','Jemen','1',NULL,'1',NULL),
('YT','MYT',175,'.yt','',NULL,'en','false','false','Mayotte','1',NULL,'1',NULL),
('YU','YUG',891,'.yu','YUG',NULL,'en','false','false','Jugoslawien (ehemalig)','1',NULL,'1',NULL),
('ZA','ZAF',710,'.za','RSA',NULL,'en','false','false','Südafrika','1',NULL,'1',NULL),
('ZM','ZMB',894,'.zm','ZAM',NULL,'en','false','false','Sambia','1',NULL,'1',NULL),
('ZR','ZAR',180,'','',NULL,'en','false','false','Zaire','1',NULL,'1',NULL),
('ZW','ZWE',716,'.zw','ZIM',NULL,'en','false','false','Simbabwe','1',NULL,'1',NULL);

INSERT IGNORE INTO `CountryZone` (`CountryZone_Code`, `CountryZone_Name`, `Person_ID_Edit`, `Table_Edit`, `Person_ID_Create`, `Table_Create`) VALUES
('mail_international_europe', 'Brief International Europa', NULL, '2010-04-21 13:30:04', NULL, '0000-00-00 00:00:00');

INSERT IGNORE INTO `CountryZone_Country` (`CountryZone_Code`, `Country_Code`, `Person_ID_Edit`, `Table_Edit`, `Person_ID_Create`, `Table_Create`) VALUES
('mail_international_europe', 'AD', NULL, '2010-04-21 13:30:04', NULL, '0000-00-00 00:00:00'),
('mail_international_europe', 'AL', NULL, '2010-04-21 13:30:04', NULL, '0000-00-00 00:00:00'),
('mail_international_europe', 'AM', NULL, '2010-04-21 13:30:04', NULL, '0000-00-00 00:00:00'),
('mail_international_europe', 'AZ', NULL, '2010-04-21 13:30:04', NULL, '0000-00-00 00:00:00'),
('mail_international_europe', 'BE', NULL, '2010-04-21 13:30:04', NULL, '0000-00-00 00:00:00'),
('mail_international_europe', 'BG', NULL, '2010-04-21 13:30:04', NULL, '0000-00-00 00:00:00'),
('mail_international_europe', 'BH', NULL, '2010-04-21 13:30:04', NULL, '0000-00-00 00:00:00'),
('mail_international_europe', 'BY', NULL, '2010-04-21 13:30:04', NULL, '0000-00-00 00:00:00'),
('mail_international_europe', 'CH', NULL, '2010-04-21 13:30:04', NULL, '0000-00-00 00:00:00'),
('mail_international_europe', 'CS', NULL, '2010-04-21 13:30:04', NULL, '0000-00-00 00:00:00'),
('mail_international_europe', 'CY', NULL, '2010-04-21 13:30:04', NULL, '0000-00-00 00:00:00'),
('mail_international_europe', 'CZ', NULL, '2010-04-21 13:30:04', NULL, '0000-00-00 00:00:00'),
('mail_international_europe', 'DE', NULL, '2010-04-21 13:30:04', NULL, '0000-00-00 00:00:00'),
('mail_international_europe', 'DK', NULL, '2010-04-21 13:30:04', NULL, '0000-00-00 00:00:00'),
('mail_international_europe', 'EE', NULL, '2010-04-21 13:30:04', NULL, '0000-00-00 00:00:00'),
('mail_international_europe', 'ES', NULL, '2010-04-21 13:30:04', NULL, '0000-00-00 00:00:00'),
('mail_international_europe', 'FI', NULL, '2010-04-21 13:30:04', NULL, '0000-00-00 00:00:00'),
('mail_international_europe', 'FR', NULL, '2010-04-21 13:30:04', NULL, '0000-00-00 00:00:00'),
('mail_international_europe', 'GB', NULL, '2010-04-21 13:30:04', NULL, '0000-00-00 00:00:00'),
('mail_international_europe', 'GE', NULL, '2010-04-21 13:30:04', NULL, '0000-00-00 00:00:00'),
('mail_international_europe', 'GI', NULL, '2010-04-21 13:30:04', NULL, '0000-00-00 00:00:00'),
('mail_international_europe', 'GR', NULL, '2010-04-21 13:30:04', NULL, '0000-00-00 00:00:00'),
('mail_international_europe', 'HR', NULL, '2010-04-21 13:30:04', NULL, '0000-00-00 00:00:00'),
('mail_international_europe', 'HU', NULL, '2010-04-21 13:30:04', NULL, '0000-00-00 00:00:00'),
('mail_international_europe', 'IE', NULL, '2010-04-21 13:30:04', NULL, '0000-00-00 00:00:00'),
('mail_international_europe', 'IS', NULL, '2010-04-21 13:30:04', NULL, '0000-00-00 00:00:00'),
('mail_international_europe', 'IT', NULL, '2010-04-21 13:30:04', NULL, '0000-00-00 00:00:00'),
('mail_international_europe', 'LI', NULL, '2010-04-21 13:30:04', NULL, '0000-00-00 00:00:00'),
('mail_international_europe', 'LT', NULL, '2010-04-21 13:30:04', NULL, '0000-00-00 00:00:00'),
('mail_international_europe', 'LU', NULL, '2010-04-21 13:30:04', NULL, '0000-00-00 00:00:00'),
('mail_international_europe', 'LV', NULL, '2010-04-21 13:30:04', NULL, '0000-00-00 00:00:00'),
('mail_international_europe', 'MC', NULL, '2010-04-21 13:30:04', NULL, '0000-00-00 00:00:00'),
('mail_international_europe', 'MD', NULL, '2010-04-21 13:30:04', NULL, '0000-00-00 00:00:00'),
('mail_international_europe', 'MK', NULL, '2010-04-21 13:30:04', NULL, '0000-00-00 00:00:00'),
('mail_international_europe', 'MT', NULL, '2010-04-21 13:30:04', NULL, '0000-00-00 00:00:00'),
('mail_international_europe', 'NL', NULL, '2010-04-21 13:30:04', NULL, '0000-00-00 00:00:00'),
('mail_international_europe', 'NO', NULL, '2010-04-21 13:30:04', NULL, '0000-00-00 00:00:00'),
('mail_international_europe', 'PL', NULL, '2010-04-21 13:30:04', NULL, '0000-00-00 00:00:00'),
('mail_international_europe', 'PT', NULL, '2010-04-21 13:30:04', NULL, '0000-00-00 00:00:00'),
('mail_international_europe', 'RO', NULL, '2010-04-21 13:30:04', NULL, '0000-00-00 00:00:00'),
('mail_international_europe', 'RU', NULL, '2010-04-21 13:30:04', NULL, '0000-00-00 00:00:00'),
('mail_international_europe', 'SE', NULL, '2010-04-21 13:30:04', NULL, '0000-00-00 00:00:00'),
('mail_international_europe', 'SI', NULL, '2010-04-21 13:30:04', NULL, '0000-00-00 00:00:00'),
('mail_international_europe', 'SK', NULL, '2010-04-21 13:30:04', NULL, '0000-00-00 00:00:00'),
('mail_international_europe', 'SM', NULL, '2010-04-21 13:30:04', NULL, '0000-00-00 00:00:00'),
('mail_international_europe', 'TR', NULL, '2010-04-21 13:30:04', NULL, '0000-00-00 00:00:00'),
('mail_international_europe', 'UA', NULL, '2010-04-21 13:30:04', NULL, '0000-00-00 00:00:00'),
('mail_international_europe', 'VA', NULL, '2010-04-21 13:30:04', NULL, '0000-00-00 00:00:00');

INSERT IGNORE INTO `Menu` (`Menu_ID`, `Authorization_Code`, `Menu_Code`, `Menu_Controller`, `Menu_ID_Root`, `Menu_Left`, `Menu_Right`, `Menu_Order`, `Menu_Level`, `Menu_Action`, `Menu_Title`, `Menu_TitleCallback`, `Menu_Info`, `Menu_Icon`, `Menu_Show`, `Person_ID_Edit`, `Table_Edit`, `Person_ID_Create`, `Table_Create`) VALUES
(17, 'cms', NULL, 'article', 17, 1, 20, 10, 0, 'cmsStart', 'CMS', '', '', 'address_book_edit.png', 'true', 1, '2012-03-26 10:57:34', 1, '2010-04-21 13:02:24'),
(39, 'metabackoffice', NULL, 'cmsdemo', 39, 1, 12, 200, 0, 'singlePageWithCode_Detail', 'Demo', '', '', 'book_blue_open.png', 'true', 1, '2010-06-14 16:50:10', 1, '2010-04-21 13:02:24'),
(40, 'cms', NULL, 'article', 39, 2, 3, 1, 1, 'mycms_standard_detail', 'Startseite', NULL, NULL, NULL, 'true', 1, '2010-04-21 13:02:24', 1, '2010-04-21 13:02:24'),
(41, 'cms', NULL, 'article', 39, 4, 5, 2, 1, 'mycms_standard_detail', 'About', NULL, NULL, NULL, 'true', 1, '2010-04-21 13:02:24', 1, '2010-04-21 13:02:24'),
(42, 'cms', NULL, 'article', 39, 6, 7, 3, 1, 'mycms_news', 'News', NULL, NULL, NULL, 'true', 1, '2010-04-21 13:02:24', 1, '2010-04-21 13:02:24'),
(43, 'cms', NULL, 'article', 39, 8, 9, 4, 1, 'mycms_standard_list', 'Liste', NULL, NULL, NULL, 'true', 1, '2010-04-21 13:02:24', 1, '2010-04-21 13:02:24'),
(44, 'cms', NULL, 'article', 39, 10, 11, 5, 1, 'mycms_contact', 'Kontakt', NULL, NULL, NULL, 'true', 1, '2010-04-21 13:02:24', 1, '2010-04-21 13:02:24'),
(45, 'cms', 'shop_disclaimer', 'article', 17, 2, 3, 1, 1, 'mycms_standard_detail', 'Impressum', NULL, NULL, NULL, 'true', 1, '2012-03-26 10:37:42', 1, '2012-03-26 10:37:42'),
(46, 'cms', 'shop_contact', 'article', 17, 4, 5, 2, 1, 'mycms_contact', 'Kontakt', NULL, NULL, NULL, 'true', 1, '2012-03-26 10:38:35', 1, '2012-03-26 10:38:35'),
(47, 'cms', 'shop_agb', 'article', 17, 6, 7, 3, 1, 'mycms_standard_detail', 'AGB', NULL, NULL, NULL, 'true', 1, '2012-03-26 10:39:55', 1, '2012-03-26 10:39:55'),
(48, 'cms', 'shop_security', 'article', 17, 8, 9, 4, 1, 'mycms_faq', 'Datenschutz', NULL, NULL, NULL, 'true', 1, '2012-03-26 10:40:53', 1, '2012-03-26 10:40:53'),
(49, 'cms', 'shop_delivery', 'article', 17, 10, 11, 5, 1, 'mycms_faq', 'Versand & Lieferung', NULL, NULL, NULL, 'true', 1, '2012-03-26 10:42:59', 1, '2012-03-26 10:42:59'),
(50, 'cms', NULL, 'article', 17, 12, 13, 6, 1, 'mycms_faq', 'Zahlungsarten', NULL, NULL, NULL, 'true', 1, '2012-03-26 10:47:36', 1, '2012-03-26 10:47:36'),
(51, 'cms', 'shop_return', 'article', 17, 14, 15, 7, 1, 'mycms_faq', 'Rückgaberecht', NULL, NULL, NULL, 'true', 1, '2012-03-26 10:50:47', 1, '2012-03-26 10:50:47'),
(52, 'cms', 'shop_help', 'article', 17, 16, 17, 8, 1, 'mycms_standard_detail', 'Hilfe & FAQ\'s', NULL, NULL, NULL, 'true', 1, '2012-03-26 10:57:00', 1, '2012-03-26 10:57:00'),
(53, 'cms', 'shop_newsletter_unsubscribe', 'article', 17, 18, 19, 9, 1, 'mycms_newsletter_unsubscribe', 'Newsletter Abmeldung', NULL, NULL, NULL, 'true', 1, '2012-03-26 10:57:34', 1, '2012-03-26 10:57:34');

INSERT IGNORE INTO `MenuParameter` (`Menu_ID`, `MenuParameter_Key`, `MenuParameter_Value`, `Person_ID_Edit`, `Table_Edit`, `Person_ID_Create`, `Table_Create`) VALUES
(40, 'cmsarticle_code', 'mycms_standard_detail_40', 1, '2011-02-11 13:32:04', 1, '2011-02-11 13:32:04'),
(40, 'cmsmenu_code', 'mycms_standard_detail', 1, '2011-02-11 13:32:04', 1, '2011-02-11 13:32:04'),
(40, 'footer', 'false', 1, '2011-02-11 13:32:04', 1, '2011-02-11 13:32:04'),
(40, 'header', 'false', 1, '2011-02-11 13:32:04', 1, '2011-02-11 13:32:04'),
(40, 'redirecttosubmenu', 'false', 1, '2011-02-11 13:32:04', 1, '2011-02-11 13:32:04'),
(40, 'show', 'false', 1, '2011-02-11 13:32:04', 1, '2011-02-11 13:32:04'),
(41, 'cmsarticle_code', 'mycms_standard_detail_41', 1, '2011-02-11 13:32:04', 1, '2011-02-11 13:32:04'),
(41, 'cmsmenu_code', 'mycms_standard_detail', 1, '2011-02-11 13:32:04', 1, '2011-02-11 13:32:04'),
(41, 'footer', 'false', 1, '2011-02-11 13:32:04', 1, '2011-02-11 13:32:04'),
(41, 'header', 'false', 1, '2011-02-11 13:32:04', 1, '2011-02-11 13:32:04'),
(41, 'redirecttosubmenu', 'false', 1, '2011-02-11 13:32:04', 1, '2011-02-11 13:32:04'),
(41, 'show', 'true', 1, '2011-02-11 13:32:04', 1, '2011-02-11 13:32:04'),
(42, 'cmsarticle_code', 'mycms_news_42', 1, '2011-02-11 13:32:04', 1, '2011-02-11 13:32:04'),
(42, 'cmsmenu_code', 'mycms_news', 1, '2011-02-11 13:32:04', 1, '2011-02-11 13:32:04'),
(42, 'footer', 'false', 1, '2011-02-11 13:32:04', 1, '2011-02-11 13:32:04'),
(42, 'header', 'false', 1, '2011-02-11 13:32:04', 1, '2011-02-11 13:32:04'),
(42, 'redirecttosubmenu', 'false', 1, '2011-02-11 13:32:04', 1, '2011-02-11 13:32:04'),
(42, 'show', 'true', 1, '2011-02-11 13:32:04', 1, '2011-02-11 13:32:04'),
(43, 'cmsarticle_code', 'mycms_standard_list_43', 1, '2011-02-11 13:32:04', 1, '2011-02-11 13:32:04'),
(43, 'cmsmenu_code', 'mycms_standard_list', 1, '2011-02-11 13:32:04', 1, '2011-02-11 13:32:04'),
(43, 'footer', 'false', 1, '2011-02-11 13:32:04', 1, '2011-02-11 13:32:04'),
(43, 'header', 'false', 1, '2011-02-11 13:32:04', 1, '2011-02-11 13:32:04'),
(43, 'redirecttosubmenu', 'false', 1, '2011-02-11 13:32:04', 1, '2011-02-11 13:32:04'),
(43, 'show', 'true', 1, '2011-02-11 13:32:04', 1, '2011-02-11 13:32:04'),
(44, 'cmsarticle_code', 'mycms_contact_44', 1, '2011-02-11 13:32:04', 1, '2011-02-11 13:32:04'),
(44, 'cmsmenu_code', 'mycms_contact', 1, '2011-02-11 13:32:04', 1, '2011-02-11 13:32:04'),
(44, 'footer', 'false', 1, '2011-02-11 13:32:04', 1, '2011-02-11 13:32:04'),
(44, 'header', 'false', 1, '2011-02-11 13:32:04', 1, '2011-02-11 13:32:04'),
(44, 'redirecttosubmenu', 'false', 1, '2011-02-11 13:32:04', 1, '2011-02-11 13:32:04'),
(44, 'show', 'true', 1, '2011-02-11 13:32:04', 1, '2011-02-11 13:32:04'),
(45, 'cmsarticle_code', 'shop_disclaimer', 1, '2012-03-26 10:37:42', 1, '2012-03-26 10:37:42'),
(45, 'cmsmenu_code', 'mycms_standard_detail', 1, '2012-03-26 10:37:42', 1, '2012-03-26 10:37:42'),
(45, 'footer', 'false', 1, '2012-03-26 10:37:42', 1, '2012-03-26 10:37:42'),
(45, 'header', 'false', 1, '2012-03-26 10:37:42', 1, '2012-03-26 10:37:42'),
(45, 'info', 'true', 1, '2012-03-26 10:37:42', 1, '2012-03-26 10:37:42'),
(45, 'redirecttosubmenu', 'false', 1, '2012-03-26 10:37:42', 1, '2012-03-26 10:37:42'),
(45, 'show', 'true', 1, '2012-03-26 10:37:42', 1, '2012-03-26 10:37:42'),
(46, 'cmsarticle_code', 'shop_contact', 1, '2012-03-26 10:38:36', 1, '2012-03-26 10:38:36'),
(46, 'cmsmenu_code', 'mycms_contact', 1, '2012-03-26 10:38:36', 1, '2012-03-26 10:38:36'),
(46, 'footer', 'false', 1, '2012-03-26 10:38:36', 1, '2012-03-26 10:38:36'),
(46, 'header', 'false', 1, '2012-03-26 10:38:36', 1, '2012-03-26 10:38:36'),
(46, 'info', 'true', 1, '2012-03-26 10:38:36', 1, '2012-03-26 10:38:36'),
(46, 'redirecttosubmenu', 'false', 1, '2012-03-26 10:38:36', 1, '2012-03-26 10:38:36'),
(46, 'show', 'true', 1, '2012-03-26 10:38:36', 1, '2012-03-26 10:38:36'),
(47, 'cmsarticle_code', 'shop_agb', 1, '2012-03-26 10:39:56', 1, '2012-03-26 10:39:56'),
(47, 'cmsmenu_code', 'mycms_standard_detail', 1, '2012-03-26 10:39:56', 1, '2012-03-26 10:39:56'),
(47, 'footer', 'false', 1, '2012-03-26 10:39:55', 1, '2012-03-26 10:39:55'),
(47, 'header', 'false', 1, '2012-03-26 10:39:55', 1, '2012-03-26 10:39:55'),
(47, 'info', 'true', 1, '2012-03-26 10:39:55', 1, '2012-03-26 10:39:55'),
(47, 'redirecttosubmenu', 'false', 1, '2012-03-26 10:39:56', 1, '2012-03-26 10:39:56'),
(47, 'show', 'true', 1, '2012-03-26 10:39:55', 1, '2012-03-26 10:39:55'),
(48, 'cmsarticle_code', 'shop_security', 1, '2012-03-26 10:40:53', 1, '2012-03-26 10:40:53'),
(48, 'cmsmenu_code', 'mycms_faq', 1, '2012-03-26 10:40:53', 1, '2012-03-26 10:40:53'),
(48, 'footer', 'false', 1, '2012-03-26 10:40:53', 1, '2012-03-26 10:40:53'),
(48, 'header', 'false', 1, '2012-03-26 10:40:53', 1, '2012-03-26 10:40:53'),
(48, 'info', 'true', 1, '2012-03-26 10:40:53', 1, '2012-03-26 10:40:53'),
(48, 'redirecttosubmenu', 'false', 1, '2012-03-26 10:40:53', 1, '2012-03-26 10:40:53'),
(48, 'show', 'true', 1, '2012-03-26 10:40:53', 1, '2012-03-26 10:40:53'),
(49, 'cmsarticle_code', 'shop_delivery', 1, '2012-03-26 10:42:59', 1, '2012-03-26 10:42:59'),
(49, 'cmsmenu_code', 'mycms_faq', 1, '2012-03-26 10:42:59', 1, '2012-03-26 10:42:59'),
(49, 'footer', 'true', 1, '2012-03-26 10:42:59', 1, '2012-03-26 10:42:59'),
(49, 'header', 'true', 1, '2012-03-26 10:42:59', 1, '2012-03-26 10:42:59'),
(49, 'info', 'false', 1, '2012-03-26 10:42:59', 1, '2012-03-26 10:42:59'),
(49, 'redirecttosubmenu', 'false', 1, '2012-03-26 10:42:59', 1, '2012-03-26 10:42:59'),
(49, 'show', 'true', 1, '2012-03-26 10:42:59', 1, '2012-03-26 10:42:59'),
(50, 'cmsarticle_code', 'mycms_entry_list_52', 1, '2012-03-26 10:47:36', 1, '2012-03-26 10:47:36'),
(50, 'cmsmenu_code', 'mycms_faq', 1, '2012-03-26 10:47:36', 1, '2012-03-26 10:47:36'),
(50, 'footer', 'true', 1, '2012-03-26 10:47:36', 1, '2012-03-26 10:47:36'),
(50, 'header', 'false', 1, '2012-03-26 10:47:36', 1, '2012-03-26 10:47:36'),
(50, 'info', 'false', 1, '2012-03-26 10:47:36', 1, '2012-03-26 10:47:36'),
(50, 'redirecttosubmenu', 'false', 1, '2012-03-26 10:47:36', 1, '2012-03-26 10:47:36'),
(50, 'show', 'true', 1, '2012-03-26 10:47:36', 1, '2012-03-26 10:47:36'),
(51, 'cmsarticle_code', 'mycms_entry_list_53', 1, '2012-03-26 10:50:47', 1, '2012-03-26 10:50:47'),
(51, 'cmsmenu_code', 'mycms_faq', 1, '2012-03-26 10:50:47', 1, '2012-03-26 10:50:47'),
(51, 'footer', 'true', 1, '2012-03-26 10:50:47', 1, '2012-03-26 10:50:47'),
(51, 'header', 'false', 1, '2012-03-26 10:50:47', 1, '2012-03-26 10:50:47'),
(51, 'info', 'false', 1, '2012-03-26 10:50:47', 1, '2012-03-26 10:50:47'),
(51, 'redirecttosubmenu', 'false', 1, '2012-03-26 10:50:47', 1, '2012-03-26 10:50:47'),
(51, 'show', 'true', 1, '2012-03-26 10:50:47', 1, '2012-03-26 10:50:47'),
(52, 'cmsarticle_code', 'shop_help', 1, '2012-03-26 10:57:01', 1, '2012-03-26 10:57:01'),
(52, 'cmsmenu_code', 'mycms_standard_detail', 1, '2012-03-26 10:57:01', 1, '2012-03-26 10:57:01'),
(52, 'footer', 'true', 1, '2012-03-26 10:57:00', 1, '2012-03-26 10:57:00'),
(52, 'header', 'true', 1, '2012-03-26 10:57:00', 1, '2012-03-26 10:57:00'),
(52, 'info', 'false', 1, '2012-03-26 10:57:01', 1, '2012-03-26 10:57:01'),
(52, 'redirecttosubmenu', 'false', 1, '2012-03-26 10:57:01', 1, '2012-03-26 10:57:01'),
(52, 'show', 'true', 1, '2012-03-26 10:57:00', 1, '2012-03-26 10:57:00'),
(53, 'cmsarticle_code', 'shop_newsletter_unsubscribe', 1, '2012-03-26 10:57:34', 1, '2012-03-26 10:57:34'),
(53, 'cmsmenu_code', 'mycms_newsletter_unsubscribe', 1, '2012-03-26 10:57:35', 1, '2012-03-26 10:57:35'),
(53, 'footer', 'false', 1, '2012-03-26 10:57:34', 1, '2012-03-26 10:57:34'),
(53, 'header', 'false', 1, '2012-03-26 10:57:34', 1, '2012-03-26 10:57:34'),
(53, 'info', 'false', 1, '2012-03-26 10:57:34', 1, '2012-03-26 10:57:34'),
(53, 'redirecttosubmenu', 'false', 1, '2012-03-26 10:57:34', 1, '2012-03-26 10:57:34'),
(53, 'show', 'false', 1, '2012-03-26 10:57:34', 1, '2012-03-26 10:57:34');


INSERT IGNORE INTO `NewsletterGroup` (`NewsletterGroup_ID`, `NewsletterGroup_Order`, `NewsletterGroup_Show`, `NewsletterGroup_Name`, `Person_ID_Edit`, `Table_Edit`, `Person_ID_Create`, `Table_Create`) VALUES
(1,1,'true','Standard','1',NULL,'1',NULL);

INSERT IGNORE INTO `NewsletterRecipient` (`Person_ID`, `Language_Code`, `NewsletterRecipientImport_ID`, `NewsletterRecipient_Active`, `NewsletterRecipient_Info`, `NewsletterRecipient_PrivateSalutation`, `NewsletterRecipient_ImportConflict`, `Person_ID_Edit`, `Table_Edit`, `Person_ID_Create`, `Table_Create`) VALUES
('4','de',NULL,'true',NULL,'false',NULL,'1',NULL,'1',NULL);

INSERT IGNORE INTO `NewsletterGroup_NewsletterRecipient` (`NewsletterGroup_ID`, `Person_ID`, `Person_ID_Edit`, `Table_Edit`, `Person_ID_Create`, `Table_Create`) VALUES
(1,'4','1',NULL,'1',NULL);

INSERT IGNORE INTO `NewsletterState` (`NewsletterState_Code`, `NewsletterState_Name`, `Person_ID_Edit`, `Table_Edit`, `Person_ID_Create`, `Table_Create`) VALUES
('building','In Erstellung','1',NULL,'1',NULL),
('finished','Abgeschlossen','1',NULL,'1',NULL),
('running','Versand läuft','1',NULL,'1',NULL);

INSERT IGNORE INTO `NewsletterType` (`NewsletterType_Code`, `NewsletterType_Name`, `Person_ID_Edit`, `Table_Edit`, `Person_ID_Create`, `Table_Create`) VALUES
('default','Default','1',NULL,'1',NULL);


INSERT IGNORE INTO `PersonGroup_Authorization` (`Authorization_Code`, `PersonGroup_ID`, `Person_ID_Edit`, `Table_Edit`, `Person_ID_Create`, `Table_Create`) VALUES
('cms', 1, 1, '2010-04-21 13:02:23', 1, '2010-04-21 13:02:23'),
('cms', 2, 1, '2010-04-21 13:02:23', 1, '2010-04-21 13:02:23'),
('cms', 3, 1, '2010-04-21 13:02:23', 1, '2010-04-21 13:02:23'),
('customer', 1, 1, '2010-04-21 13:02:23', 1, '2010-04-21 13:02:23'),
('customer', 2, 1, '2010-04-21 13:02:23', 1, '2010-04-21 13:02:23'),
('customer', 3, 1, '2010-04-21 13:02:23', 1, '2010-04-21 13:02:23'),
('language', 1, 1, '2010-04-21 13:02:23', 1, '2010-04-21 13:02:23'),
('language', 2, 1, '2010-04-21 13:02:23', 1, '2010-04-21 13:02:23'),
('language', 3, 1, '2010-04-21 13:02:23', 1, '2010-04-21 13:02:23'),
('metabackoffice', 1, 1, '2010-04-21 13:02:23', 1, '2010-04-21 13:02:23'),
('newsletter', 1, 1, '2010-04-21 13:02:23', 1, '2010-04-21 13:02:23'),
('newsletter', 2, 1, '2010-04-21 13:02:23', 1, '2010-04-21 13:02:23'),
('newsletter', 3, 1, '2010-04-21 13:02:23', 1, '2010-04-21 13:02:23'),
('shop_abo', 1, 1, '2010-04-21 13:02:24', 1, '2010-04-21 13:02:24'),
('shop_abo', 9, 1, '2010-04-21 13:02:24', 1, '2010-04-21 13:02:24'),
('shop_accounting', 1, 1, '2010-04-21 13:02:24', 1, '2010-04-21 13:02:24'),
('shop_accounting', 8, 1, '2010-04-21 13:02:24', 1, '2010-04-21 13:02:24'),
('shop_accounting', 9, 1, '2010-04-21 13:02:24', 1, '2010-04-21 13:02:24'),
('shop_additionalinformation', 1, 1, '2010-04-21 13:02:24', 1, '2010-04-21 13:02:24'),
('shop_additionalinformation', 9, 1, '2010-04-21 13:02:24', 1, '2010-04-21 13:02:24'),
('shop_catalog', 1, 1, '2010-04-21 13:02:24', 1, '2010-04-21 13:02:24'),
('shop_catalog', 7, 1, '2010-04-21 13:02:24', 1, '2010-04-21 13:02:24'),
('shop_catalog', 8, 1, '2010-04-21 13:02:24', 1, '2010-04-21 13:02:24'),
('shop_catalog', 9, 1, '2010-04-21 13:02:24', 1, '2010-04-21 13:02:24'),
('shop_easylager', 1, 1, '2010-04-21 13:02:24', 1, '2010-04-21 13:02:24'),
('shop_easylager', 8, 1, '2010-04-21 13:02:24', 1, '2010-04-21 13:02:24'),
('shop_easylager', 9, 1, '2010-04-21 13:02:24', 1, '2010-04-21 13:02:24'),
('shop_invoice', 1, 1, '2010-04-21 13:02:24', 1, '2010-04-21 13:02:24'),
('shop_order_directorder', 1, 1, '2010-04-21 13:02:24', 1, '2010-04-21 13:02:24'),
('shop_order_directorder_cash', 1, 1, '2010-04-21 13:02:24', 1, '2010-04-21 13:02:24'),
('shop_order_directoffer', 1, 1, '2010-04-21 13:02:24', 1, '2010-04-21 13:02:24'),
('shop_invoice', 8, 1, '2010-04-21 13:02:24', 1, '2010-04-21 13:02:24'),
('shop_invoice', 9, 1, '2010-04-21 13:02:24', 1, '2010-04-21 13:02:24'),
('shop_order', 1, 1, '2010-04-21 13:02:24', 1, '2010-04-21 13:02:24'),
('shop_order', 7, 1, '2010-04-21 13:02:24', 1, '2010-04-21 13:02:24'),
('shop_order', 8, 1, '2010-04-21 13:02:24', 1, '2010-04-21 13:02:24'),
('shop_order', 9, 1, '2010-04-21 13:02:24', 1, '2010-04-21 13:02:24'),
('shop_order_cashondelivery', 1, 1, '2010-04-21 13:02:24', 1, '2010-04-21 13:02:24'),
('shop_order_debit', 1, 1, '2010-04-21 13:02:24', 1, '2010-04-21 13:02:24'),
('shop_order_incomplete', 1, 1, '2010-04-21 13:02:24', 1, '2010-04-21 13:02:24'),
('shop_order_incomplete', 7, 1, '2010-04-21 13:02:24', 1, '2010-04-21 13:02:24'),
('shop_order_incomplete', 8, 1, '2010-04-21 13:02:24', 1, '2010-04-21 13:02:24'),
('shop_order_incomplete', 9, 1, '2010-04-21 13:02:24', 1, '2010-04-21 13:02:24'),
('shop_order_locked', 1, 1, '2010-04-21 13:02:24', 1, '2010-04-21 13:02:24'),
('shop_order_locked', 7, 1, '2010-04-21 13:02:24', 1, '2010-04-21 13:02:24'),
('shop_order_locked', 8, 1, '2010-04-21 13:02:24', 1, '2010-04-21 13:02:24'),
('shop_order_locked', 9, 1, '2010-04-21 13:02:24', 1, '2010-04-21 13:02:24'),
('shop_order_offer', 1, 1, '2010-04-21 13:02:24', 1, '2010-04-21 13:02:24'),
('shop_order_prepayed', 1, 1, '2010-04-21 13:02:24', 1, '2010-04-21 13:02:24'),
('shop_order_prepayed', 7, 1, '2010-04-21 13:02:24', 1, '2010-04-21 13:02:24'),
('shop_order_prepayed', 8, 1, '2010-04-21 13:02:24', 1, '2010-04-21 13:02:24'),
('shop_order_prepayed', 9, 1, '2010-04-21 13:02:24', 1, '2010-04-21 13:02:24'),
('shop_partner', 1, 1, '2010-04-21 13:02:24', 1, '2010-04-21 13:02:24'),
('shop_partner', 9, 1, '2010-04-21 13:02:24', 1, '2010-04-21 13:02:24'),
('shop_price', 1, 1, '2010-04-21 13:02:24', 1, '2010-04-21 13:02:24'),
('shop_price', 7, 1, '2010-04-21 13:02:24', 1, '2010-04-21 13:02:24'),
('shop_price', 8, 1, '2010-04-21 13:02:24', 1, '2010-04-21 13:02:24'),
('shop_price', 9, 1, '2010-04-21 13:02:24', 1, '2010-04-21 13:02:24'),
('shop_rating', 1, 1, '2010-04-21 13:02:24', 1, '2010-04-21 13:02:24'),
('shop_rating', 9, 1, '2010-04-21 13:02:24', 1, '2010-04-21 13:02:24'),
('shop_report', 1, 1, '2010-04-21 13:02:24', 1, '2010-04-21 13:02:24'),
('shop_report', 8, 1, '2010-04-21 13:02:24', 1, '2010-04-21 13:02:24'),
('shop_report', 9, 1, '2010-04-21 13:02:24', 1, '2010-04-21 13:02:24'),
('shop_shoparticle_textvariants', 1, 1, '2010-04-21 13:02:24', 1, '2010-04-21 13:02:24'),
('shop_shoparticle_textvariants', 9, 1, '2010-04-21 13:02:24', 1, '2010-04-21 13:02:24'),
('shop_task', 1, 1, '2010-04-21 13:02:24', 1, '2010-04-21 13:02:24'),
('shop_task', 7, 1, '2010-04-21 13:02:24', 1, '2010-04-21 13:02:24'),
('shop_task', 8, 1, '2010-04-21 13:02:24', 1, '2010-04-21 13:02:24'),
('shop_task', 9, 1, '2010-04-21 13:02:24', 1, '2010-04-21 13:02:24'),
('shop_user', 1, 1, '2010-04-21 13:02:24', 1, '2010-04-21 13:02:24'),
('shop_user', 7, 1, '2010-04-21 13:02:24', 1, '2010-04-21 13:02:24'),
('shop_user', 8, 1, '2010-04-21 13:02:24', 1, '2010-04-21 13:02:24'),
('shop_user', 9, 1, '2010-04-21 13:02:24', 1, '2010-04-21 13:02:24'),
('shop_voucher', 1, 1, '2010-04-21 13:02:24', 1, '2010-04-21 13:02:24'),
('shop_voucher', 8, 1, '2010-04-21 13:02:24', 1, '2010-04-21 13:02:24'),
('shop_voucher', 9, 1, '2010-04-21 13:02:24', 1, '2010-04-21 13:02:24'),
('shop_wawi', 1, 1, '2010-04-21 13:02:24', 1, '2010-04-21 13:02:24'),
('shop_wawi', 7, 1, '2010-04-21 13:02:24', 1, '2010-04-21 13:02:24'),
('shop_wawi', 8, 1, '2010-04-21 13:02:24', 1, '2010-04-21 13:02:24'),
('shop_wawi', 9, 1, '2010-04-21 13:02:24', 1, '2010-04-21 13:02:24'),
('shop_wawidelivery', 1, 1, '2010-04-21 13:02:24', 1, '2010-04-21 13:02:24'),
('shop_wawidelivery', 8, 1, '2010-04-21 13:02:24', 1, '2010-04-21 13:02:24'),
('shop_wawidelivery', 9, 1, '2010-04-21 13:02:24', 1, '2010-04-21 13:02:24'),
('system', 1, 1, '2010-04-21 13:02:23', 1, '2010-04-21 13:02:23'),
('system', 2, 1, '2010-04-21 13:02:23', 1, '2010-04-21 13:02:23'),
('worker', 1, 1, '2010-04-21 13:02:23', 1, '2010-04-21 13:02:23'),
('worker', 2, 1, '2010-04-21 13:02:23', 1, '2010-04-21 13:02:23'),
('cache_clearall', 1, 1, '2011-12-06 15:08:22', 1, '2011-12-06 15:08:22'),
('shop_article_groups', 1, 1, '2010-04-21 13:02:23', 1, '2010-04-21 13:02:23'),
('shop_category', 1, 1, '2010-04-21 13:02:23', 1, '2010-04-21 13:02:23'),
('shop_templates', 1, 1, '2010-04-21 13:02:23', 1, '2010-04-21 13:02:23'),
('shop_user_group', 1, 1, '2015-09-10 13:02:23', 1, '2015-09-10 13:02:23');


INSERT IGNORE INTO `FieldDefinitionDatatype` (`FieldDefinitionDatatype_Code`, `FieldDefinitionDatatype_Name`, `Person_ID_Edit`, `Table_Edit`, `Person_ID_Create`, `Table_Create`) VALUES
('bool','Boolean','1',NULL,'1',NULL),
('date','Datum','1',NULL,'1',NULL),
('float','Float','1',NULL,'1',NULL),
('int','Integer','1',NULL,'1',NULL),
('string','String','1',NULL,'1',NULL),
('string_ml','String (mehrsprachig)','1',NULL,'1',NULL),
('text','Text','1',NULL,'1',NULL),
('select','Select (einfach)','1',NULL,'1',NULL),
('multiselect','Select (mehrfach)','1',NULL,'1',NULL),
('text_ml','Text (mehrsprachig)','1',NULL,'1',NULL),
('tree','Baum','1',NULL,'1',NULL),
('color','Colorpicker','1',NULL,'1',NULL),
('datetime','Datum mit Uhrzeit','1',NULL,'1',NULL)
;

INSERT IGNORE INTO `FieldDefinitionType` (`FieldDefinitionType_Code`, `FieldDefinitionType_Name`, `Person_ID_Edit`, `Table_Edit`, `Person_ID_Create`, `Table_Create`) VALUES
('newsletter', 'Newsletter', NULL, '2010-04-21 13:30:04', NULL, '0000-00-00 00:00:00'),
('shoparticleitem', 'Shop Artikelvarianten', NULL, '2010-04-21 13:30:04', NULL, '0000-00-00 00:00:00'),
('shopuser', 'Shop Kunden', NULL, '2010-04-21 13:30:04', NULL, '0000-00-00 00:00:00'),
('shopuser_partner', 'Shop Partner', NULL, '2010-04-21 13:30:04', NULL, '0000-00-00 00:00:00'),
('shopwawiproduct', 'Shop WAWI-Produkt', NULL, '2010-04-21 13:30:04', NULL, '0000-00-00 00:00:00'),
('test','Testdaten','1',NULL,'1',NULL);

INSERT IGNORE INTO `FieldDefinition` (`FieldDefinition_ID`, `FieldDefinitionDatatype_Code`, `FieldDefinitionType_Code`, `FieldDefinition_Order`, `FieldDefinition_Name`, `FieldDefinition_ActiveFrontend`, `FieldDefinition_ActiveBackend`, `Person_ID_Edit`, `Table_Edit`, `Person_ID_Create`, `Table_Create`) VALUES
(1,'string','test',1,'String','true','true','1',NULL,'1',NULL),
(2,'string_ml','test',2,'String ML','true','true','1',NULL,'1',NULL),
(3,'text','test',3,'Text','true','true','1',NULL,'1',NULL),
(4,'text_ml','test',4,'Text ML','true','true','1',NULL,'1',NULL),
(5,'bool','test',5,'Boolean','true','true','1',NULL,'1',NULL),
(6,'date','test',6,'Datum','true','true','1',NULL,'1',NULL),
(7,'float','test',7,'Float','true','true','1',NULL,'1',NULL),
(8,'int','test',8,'Integer','true','true','1',NULL,'1',NULL),
(9,'select','test',9,'Select (einfach)','true','true','1',NULL,'1',NULL),
(10,'multiselect','test',10,'Select (mehrfach)','true','true','1',NULL,'1',NULL);

INSERT IGNORE INTO `FieldDefinition_Language` (`FieldDefinition_ID`, `Language_Code`, `FieldDefinition_Language_Title`, `Person_ID_Edit`, `Table_Edit`, `Person_ID_Create`, `Table_Create`) VALUES
(1,'de','String','1',NULL,'1',NULL),
(1,'en','String (en)','1',NULL,'1',NULL),
(2,'de','String ML','1',NULL,'1',NULL),
(2,'en','String ML (en)','1',NULL,'1',NULL),
(3,'de','Text','1',NULL,'1',NULL),
(3,'en','Text (en)','1',NULL,'1',NULL),
(4,'de','Text ML','1',NULL,'1',NULL),
(4,'en','Text ML (en)','1',NULL,'1',NULL),
(5,'de','Boolean','1',NULL,'1',NULL),
(5,'en','Boolean (en)','1',NULL,'1',NULL),
(6,'de','Datum','1',NULL,'1',NULL),
(6,'en','Date','1',NULL,'1',NULL),
(7,'de','Float','1',NULL,'1',NULL),
(7,'en','Float (en)','1',NULL,'1',NULL),
(8,'de','Integer','1',NULL,'1',NULL),
(8,'en','Integer (en)','1',NULL,'1',NULL),
(9,'de','Select (einfach)','1',NULL,'1',NULL),
(9,'en','Select (simple)','1',NULL,'1',NULL),
(10,'de','Select (mehrfach)','1',NULL,'1',NULL),
(10,'en','Select (multi)','1',NULL,'1',NULL);

INSERT IGNORE INTO `FieldSelect` (`FieldSelect_ID`, `FieldDefinition_ID`, `FieldSelect_Order`, `FieldSelect_Code`, `FieldSelect_Name`, `Person_ID_Edit`, `Table_Edit`, `Person_ID_Create`, `Table_Create`) VALUES
(1,9,1,NULL,'Test Item 1','1',NULL,'1',NULL),
(2,9,2,NULL,'Test Item 2','1',NULL,'1',NULL),
(3,10,3,NULL,'Test Item 1','1',NULL,'1',NULL),
(4,10,4,NULL,'Test Item 2','1',NULL,'1',NULL),
(5,10,5,NULL,'Test Item 3','1',NULL,'1',NULL),
(6,10,6,NULL,'Test Item 4','1',NULL,'1',NULL);

INSERT IGNORE INTO `FieldSelect_Language` (`FieldSelect_ID`, `Language_Code`, `FieldSelect_Language_Title`, `Person_ID_Edit`, `Table_Edit`, `Person_ID_Create`, `Table_Create`) VALUES
(1,'de','Test Item 1 (de)','1',NULL,'1',NULL),
(1,'en','Test Item 1 (en)','1',NULL,'1',NULL),
(2,'de','Test Item 2 (de)','1',NULL,'1',NULL),
(2,'en','Test Item 2 (en)','1',NULL,'1',NULL),
(3,'de','Test Item 1 (de)','1',NULL,'1',NULL),
(3,'en','Test Item 1 (en)','1',NULL,'1',NULL),
(4,'de','Test Item 2 (de)','1',NULL,'1',NULL),
(4,'en','Test Item 2 (en)','1',NULL,'1',NULL),
(5,'de','Test Item 3 (de)','1',NULL,'1',NULL),
(5,'en','Test Item 3 (en)','1',NULL,'1',NULL),
(6,'de','Test Item 4 (de)','1',NULL,'1',NULL),
(6,'en','Test Item 4 (en)','1',NULL,'1',NULL);

INSERT IGNORE INTO `CMSArticleCategory` (`CMSArticleCategory_Code`, `CMSArticleCategory_Name`, `CMSArticleCategory_CtrlAction`, `Person_ID_Edit`, `Table_Edit`, `Person_ID_Create`, `Table_Create`) VALUES
('cms_menu', 'cms_menu', NULL, 1, '2012-03-26 10:21:38', 1, '2012-03-26 10:21:38'),
('mediapool', 'mediapool', NULL, 1, '2012-03-26 10:21:38', 1, '2012-03-26 10:21:38'),
('shop_delivery', 'shop_delivery', NULL, 1, '2012-03-26 10:43:49', 1, '2012-03-26 10:43:49'),
('shop_security', 'shop_security', NULL, 1, '2012-03-26 10:41:51', 1, '2012-03-26 10:41:51'),
('mycms_news_42', 'mycms_news_42', NULL, 1, '2012-03-26 10:21:38', 1, '2012-03-26 10:21:38'),
('mycms_entry_list_52', 'mycms_entry_list_52', NULL, 1, '2012-03-26 10:48:49', 1, '2012-03-26 10:48:49'),
('mycms_entry_list_53', 'mycms_entry_list_53', NULL, 1, '2012-03-26 10:51:57', 1, '2012-03-26 10:51:57'),
('mycms_standard_list_43', 'mycms_standard_list_43', NULL, 1, '2012-03-26 10:21:38', 1, '2012-03-26 10:21:38');

INSERT IGNORE INTO `ArticleEntry` (`ArticleEntry_ID`, `ArticleEntry_Date`, `ArticleEntry_Expire`, `ArticleEntry_Time`, `ArticleEntry_Value`, `ArticleEntry_Rating`, `ArticleEntry_Rating_Count`, `Person_ID_Edit`, `Table_Edit`, `Person_ID_Create`, `Table_Create`) VALUES
(1, '0000-00-00', '0000-00-00', NULL, NULL, NULL, NULL, 1, '2012-03-26 10:21:38', 1, '2012-03-26 10:21:38'),
(2, '0000-00-00', '0000-00-00', NULL, NULL, NULL, NULL, 1, '2012-03-26 10:21:38', 1, '2012-03-26 10:21:38'),
(3, '0000-00-00', '0000-00-00', NULL, NULL, NULL, NULL, 1, '2012-03-26 10:21:38', 1, '2012-03-26 10:21:38'),
(4, '0000-00-00', '0000-00-00', NULL, NULL, NULL, NULL, 1, '2012-03-26 10:21:38', 1, '2012-03-26 10:21:38'),
(5, '0000-00-00', '0000-00-00', NULL, NULL, NULL, NULL, 1, '2012-03-26 10:21:38', 1, '2012-03-26 10:21:38'),
(6, '0000-00-00', '0000-00-00', NULL, NULL, NULL, NULL, 1, '2012-03-26 10:21:38', 1, '2012-03-26 10:21:38'),
(7, '0000-00-00', '0000-00-00', NULL, NULL, NULL, NULL, 1, '2012-03-26 10:21:38', 1, '2012-03-26 10:21:38'),
(8, '0000-00-00', '0000-00-00', NULL, NULL, NULL, NULL, 1, '2012-03-26 10:21:38', 1, '2012-03-26 10:21:38'),
(9, '2008-07-21', '0000-00-00', NULL, NULL, NULL, NULL, 1, '2012-03-26 10:21:38', 1, '2012-03-26 10:21:38'),
(10, '2008-07-21', '0000-00-00', NULL, NULL, NULL, NULL, 1, '2012-03-26 10:21:38', 1, '2012-03-26 10:21:38'),
(11, '2008-07-21', '0000-00-00', NULL, NULL, NULL, NULL, 1, '2012-03-26 10:21:38', 1, '2012-03-26 10:21:38'),
(12, '2008-07-21', '0000-00-00', NULL, NULL, NULL, NULL, 1, '2012-03-26 10:21:38', 1, '2012-03-26 10:21:38'),
(13, '0000-00-00', '0000-00-00', NULL, NULL, NULL, NULL, 1, '2012-03-26 10:21:38', 1, '2012-03-26 10:21:38'),
(14, '0000-00-00', '0000-00-00', NULL, NULL, NULL, NULL, 1, '2012-03-26 10:21:38', 1, '2012-03-26 10:21:38'),
(15, '0000-00-00', '0000-00-00', NULL, NULL, NULL, NULL, 1, '2012-03-26 10:21:38', 1, '2012-03-26 10:21:38'),
(16, '0000-00-00', '0000-00-00', NULL, NULL, NULL, NULL, 1, '2012-03-26 10:21:38', 1, '2012-03-26 10:21:38'),
(17, '0000-00-00', '0000-00-00', NULL, NULL, NULL, NULL, 1, '2012-03-26 10:38:01', 1, '2012-03-26 10:37:42'),
(18, '0000-00-00', '0000-00-00', NULL, NULL, NULL, NULL, 1, '2012-03-26 10:39:01', 1, '2012-03-26 10:38:36'),
(19, '0000-00-00', '0000-00-00', NULL, NULL, NULL, NULL, 1, '2012-03-26 10:40:19', 1, '2012-03-26 10:39:56'),
(20, '0000-00-00', '0000-00-00', NULL, NULL, NULL, NULL, 1, '2012-03-26 10:41:17', 1, '2012-03-26 10:40:53'),
(21, '0000-00-00', '0000-00-00', NULL, NULL, NULL, NULL, 1, '2012-03-26 10:41:50', 1, '2012-03-26 10:41:50'),
(22, '0000-00-00', '0000-00-00', NULL, NULL, NULL, NULL, 1, '2012-03-26 10:42:19', 1, '2012-03-26 10:42:19'),
(23, '0000-00-00', '0000-00-00', NULL, NULL, NULL, NULL, 1, '2012-03-26 10:42:59', 1, '2012-03-26 10:42:59'),
(24, '0000-00-00', '0000-00-00', NULL, NULL, NULL, NULL, 1, '2012-03-26 10:43:49', 1, '2012-03-26 10:43:49'),
(25, '0000-00-00', '0000-00-00', NULL, NULL, NULL, NULL, 1, '2012-03-26 10:44:10', 1, '2012-03-26 10:44:10'),
(26, '0000-00-00', '0000-00-00', NULL, NULL, NULL, NULL, 1, '2012-03-26 10:44:35', 1, '2012-03-26 10:44:35'),
(27, '0000-00-00', '0000-00-00', NULL, NULL, NULL, NULL, 1, '2012-03-26 10:44:59', 1, '2012-03-26 10:44:59'),
(28, '0000-00-00', '0000-00-00', NULL, NULL, NULL, NULL, 1, '2012-03-26 10:46:02', 1, '2012-03-26 10:45:28'),
(29, '0000-00-00', '0000-00-00', NULL, NULL, NULL, NULL, 1, '2012-03-26 10:46:34', 1, '2012-03-26 10:46:34'),
(30, '0000-00-00', '0000-00-00', NULL, NULL, NULL, NULL, 1, '2012-03-26 10:48:26', 1, '2012-03-26 10:47:36'),
(31, '0000-00-00', '0000-00-00', NULL, NULL, NULL, NULL, 1, '2012-03-26 10:48:49', 1, '2012-03-26 10:48:49'),
(32, '0000-00-00', '0000-00-00', NULL, NULL, NULL, NULL, 1, '2012-03-26 10:49:39', 1, '2012-03-26 10:49:39'),
(33, '0000-00-00', '0000-00-00', NULL, NULL, NULL, NULL, 1, '2012-03-26 10:50:05', 1, '2012-03-26 10:50:05'),
(34, '0000-00-00', '0000-00-00', NULL, NULL, NULL, NULL, 1, '2012-03-26 10:51:20', 1, '2012-03-26 10:50:47'),
(35, '0000-00-00', '0000-00-00', NULL, NULL, NULL, NULL, 1, '2012-03-26 10:51:56', 1, '2012-03-26 10:51:56'),
(36, '0000-00-00', '0000-00-00', NULL, NULL, NULL, NULL, 1, '2012-03-26 10:52:32', 1, '2012-03-26 10:52:32'),
(37, '0000-00-00', '0000-00-00', NULL, NULL, NULL, NULL, 1, '2012-03-26 10:53:05', 1, '2012-03-26 10:53:05'),
(38, '0000-00-00', '0000-00-00', NULL, NULL, NULL, NULL, 1, '2012-03-26 10:53:41', 1, '2012-03-26 10:53:41'),
(39, '0000-00-00', '0000-00-00', NULL, NULL, NULL, NULL, 1, '2012-03-26 10:57:01', 1, '2012-03-26 10:57:01'),
(40, '0000-00-00', '0000-00-00', NULL, NULL, NULL, NULL, 1, '2012-03-26 10:57:35', 1, '2012-03-26 10:57:35');

INSERT IGNORE INTO `ArticleEntry_Language` (`ArticleEntry_ID`, `Language_Code`, `ArticleEntry_Language_Title`, `ArticleEntry_Language_Head`, `ArticleEntry_Language_Text`, `ArticleEntry_Language_Appendix`, `ArticleEntry_Language_TextCode`, `ArticleEntry_Language_Show`, `ArticleEntry_Language_HTML`, `ArticleEntry_Language_Menu`, `ArticleEntry_Language_SiteTitle`, `ArticleEntry_Language_SiteDescription`, `ArticleEntry_Language_Keyword`, `ArticleEntry_Language_Additional`, `ArticleEntry_Language_ShowFrom`, `ArticleEntry_Language_ShowTo`, `Person_ID_Edit`, `Table_Edit`, `Person_ID_Create`, `Table_Create`) VALUES
(1, 'de', 'Medien', '', '', NULL, 'medien', 'true', 'false', '', '', '', NULL, NULL, NULL, NULL, 1, '2012-03-26 10:21:38', 1, '2012-03-26 10:21:38'),
(2, 'de', 'Demo-Startseite', '', '<p><strong>Lorem ipsum facer</strong> simul perpetua nec ex, id mel diam populo perfecto. No sit novum error accusam. Sit homero convenire an, meis dolores aliquando ne cum. Ignota impetus luptatum ea est, vim tantas soleat philosophia at. Eu eum sint commune ocurreret.</p>\r\n\r\n<ul>\r\n<li>An tempor regione deserunt per</li>\r\n<li>Feugait aliquando rationibus qui id</li>\r\n<li>Sea veniam ceteros tincidunt no</li>\r\n<li>Sed ei lorem possit principes</li>\r\n</ul>\r\n\r\n<p><b>Malis aliquam</b> adversarium et sit, mucius rationibus conclusionemque qui te. Quo at enim etiam urbanitas, usu liber perfecto neglegentur an. Rebum essent accusam eos no, id molestiae philosophia reprehendunt nec. Nam ei tibique eleifend, et nec natum blandit. Tale probo congue usu et.</p>\r\n\r\n<ol>\r\n<li>An tempor regione deserunt per</li>\r\n<li>Feugait aliquando rationibus qui id</li>\r\n<li>Sea veniam ceteros tincidunt no</li>\r\n<li>Sed ei lorem possit principes</li>\r\n</ol>\r\n\r\n<p>Eam <a href="http://www.buyclix.at">id semper temporibus</a>, ea utinam suscipit indoctum mel. Ocurreret maluisset eam eu, ex vim veri dicunt. No mea quodsi accusam, dictas aeterno eu has. Scaevola urbanitas signiferumque sed ea, an nam unum labitur, ne quando persius minimum sit. Latine hendrerit te qui, ipsum menandri sed ex. Deseruisse incorrupte an eos, vim sale aperiam accommodare no. Error fabulas temporibus duo eu, nullam virtute invidunt qui in.</p>\r\n\r\n\r\n', NULL, 'demo-startseite', 'true', 'false', '', '', '', NULL, NULL, NULL, NULL, 1, '2012-03-26 10:21:38', 1, '2012-03-26 10:21:38'),
(3, 'de', 'Demo-About', '', '<p><strong>Lorem ipsum facer</strong> simul perpetua nec ex, id mel diam populo perfecto. No sit novum error accusam. Sit homero convenire an, meis dolores aliquando ne cum. Ignota impetus luptatum ea est, vim tantas soleat philosophia at. Eu eum sint commune ocurreret.</p>\r\n\r\n<ul>\r\n<li>An tempor regione deserunt per</li>\r\n<li>Feugait aliquando rationibus qui id</li>\r\n<li>Sea veniam ceteros tincidunt no</li>\r\n<li>Sed ei lorem possit principes</li>\r\n</ul>\r\n\r\n<p><b>Malis aliquam</b> adversarium et sit, mucius rationibus conclusionemque qui te. Quo at enim etiam urbanitas, usu liber perfecto neglegentur an. Rebum essent accusam eos no, id molestiae philosophia reprehendunt nec. Nam ei tibique eleifend, et nec natum blandit. Tale probo congue usu et.</p>\r\n\r\n<ol>\r\n<li>An tempor regione deserunt per</li>\r\n<li>Feugait aliquando rationibus qui id</li>\r\n<li>Sea veniam ceteros tincidunt no</li>\r\n<li>Sed ei lorem possit principes</li>\r\n</ol>\r\n\r\n<p>Eam <a href="http://www.buyclix.at">id semper temporibus</a>, ea utinam suscipit indoctum mel. Ocurreret maluisset eam eu, ex vim veri dicunt. No mea quodsi accusam, dictas aeterno eu has. Scaevola urbanitas signiferumque sed ea, an nam unum labitur, ne quando persius minimum sit. Latine hendrerit te qui, ipsum menandri sed ex. Deseruisse incorrupte an eos, vim sale aperiam accommodare no. Error fabulas temporibus duo eu, nullam virtute invidunt qui in.</p>\r\n\r\n\r\n', NULL, 'demo-about', 'true', 'false', '', '', '', NULL, NULL, NULL, NULL, 1, '2012-03-26 10:21:38', 1, '2012-03-26 10:21:38'),
(4, 'de', 'Demo-News', '', '<p><strong>Lorem ipsum facer</strong> simul perpetua nec ex, id mel diam populo perfecto. No sit novum error accusam. Sit homero convenire an, meis dolores aliquando ne cum. Ignota impetus luptatum ea est, vim tantas soleat philosophia at. Eu eum sint commune ocurreret.</p>\r\n\r\n\r\n', NULL, 'demo-news', 'true', 'false', '', '', '', NULL, NULL, NULL, NULL, 1, '2012-03-26 10:21:38', 1, '2012-03-26 10:21:38'),
(5, 'de', 'Demo-Liste', '', '<p>Eam <a href="http://www.buyclix.at">id semper temporibus</a>, ea utinam suscipit indoctum mel. Ocurreret maluisset eam eu, ex vim veri dicunt. No mea quodsi accusam, dictas aeterno eu has. Scaevola urbanitas signiferumque sed ea, an nam unum labitur, ne quando persius minimum sit. Latine hendrerit te qui, ipsum menandri sed ex. Deseruisse incorrupte an eos, vim sale aperiam accommodare no. Error fabulas temporibus duo eu, nullam virtute invidunt qui in.</p>\r\n\r\n\r\n', NULL, 'demo-liste', 'true', 'false', '', '', '', NULL, NULL, NULL, NULL, 1, '2012-03-26 10:21:38', 1, '2012-03-26 10:21:38'),
(6, 'de', 'Demo-Kontakt', '', '<p><strong>Lorem ipsum facer</strong> simul perpetua nec ex, id mel diam populo perfecto. No sit novum error accusam. Sit homero convenire an, meis dolores aliquando ne cum. Ignota impetus luptatum ea est, vim tantas soleat philosophia at. Eu eum sint commune ocurreret.</p>\r\n\r\n\r\n', NULL, 'demo-kontakt', 'true', 'false', '', '', '', NULL, NULL, NULL, NULL, 1, '2012-03-26 10:21:38', 1, '2012-03-26 10:21:38'),
(7, 'de', 'Demo-Listeneintrag #1', NULL, '<p><b>Malis aliquam</b> adversarium et sit, mucius rationibus conclusionemque qui te. Quo at enim etiam urbanitas, usu liber perfecto neglegentur an. Rebum essent accusam eos no, id molestiae philosophia reprehendunt nec. Nam ei tibique eleifend, et nec natum blandit. Tale probo congue usu et.</p>', NULL, 'demo-listeneintrag_1', 'true', 'false', '', '', '', NULL, NULL, NULL, NULL, 1, '2012-03-26 10:21:38', 1, '2012-03-26 10:21:38'),
(8, 'de', 'Demo-Listeneintrag #2', NULL, '<p><b>Malis aliquam</b> adversarium et sit, mucius rationibus conclusionemque qui te. Quo at enim etiam urbanitas, usu liber perfecto neglegentur an. Rebum essent accusam eos no, id molestiae philosophia reprehendunt nec. Nam ei tibique eleifend, et nec natum blandit. Tale probo congue usu et.</p>', NULL, 'demo-listeneintrag_2', 'true', 'false', '', '', '', NULL, NULL, NULL, NULL, 1, '2012-03-26 10:21:38', 1, '2012-03-26 10:21:38'),
(9, 'de', 'Demo-News #1', '', '<p><b>Malis aliquam</b> adversarium et sit, mucius rationibus conclusionemque qui te. Quo at enim etiam urbanitas, usu liber perfecto neglegentur an. Rebum essent accusam eos no, id molestiae philosophia reprehendunt nec. Nam ei tibique eleifend, et nec natum blandit. Tale probo congue usu et.</p>', NULL, 'demo-news_1', 'true', 'false', NULL, '', '', NULL, NULL, NULL, NULL, 1, '2012-03-26 10:21:38', 1, '2012-03-26 10:21:38'),
(10, 'de', 'Demo News #2', '', '<p><b>Malis aliquam</b> adversarium et sit, mucius rationibus conclusionemque qui te. Quo at enim etiam urbanitas, usu liber perfecto neglegentur an. Rebum essent accusam eos no, id molestiae philosophia reprehendunt nec. Nam ei tibique eleifend, et nec natum blandit. Tale probo congue usu et.</p>', NULL, 'demo_news_2', 'true', 'false', NULL, '', '', NULL, NULL, NULL, NULL, 1, '2012-03-26 10:21:38', 1, '2012-03-26 10:21:38'),
(11, 'de', 'Produkte', '', '', NULL, 'produkte', 'true', 'false', '', '', '', NULL, NULL, NULL, NULL, 1, '2012-03-26 10:21:38', 1, '2012-03-26 10:21:38'),
(12, 'de', 'Startseite', '', '', NULL, 'startseite', 'true', 'false', '', '', '', NULL, NULL, NULL, NULL, 1, '2012-03-26 10:21:38', 1, '2012-03-26 10:21:38'),
(13, 'de', 'Neu im Shop', '', '', NULL, 'neu-im-shop', 'true', 'false', '', '', '', NULL, NULL, NULL, NULL, 1, '2012-03-26 10:21:38', 1, '2012-03-26 10:21:38'),
(14, 'de', 'Topseller', '', '', NULL, 'topseller', 'true', 'false', '', '', '', NULL, NULL, NULL, NULL, 1, '2012-03-26 10:21:38', 1, '2012-03-26 10:21:38'),
(15, 'de', 'Sale', '', '', NULL, 'sale', 'true', 'false', '', '', '', NULL, NULL, NULL, NULL, 1, '2012-03-26 10:21:38', 1, '2012-03-26 10:21:38'),
(16, 'de', 'Startseite Topseller', '', '', NULL, 'startseite-topseller', 'true', 'false', '', '', '', NULL, NULL, NULL, NULL, 1, '2012-03-26 10:21:38', 1, '2012-03-26 10:21:38'),
(17, 'de', 'Impressum', NULL, '<p class="small">\r\n	Impressum gem. &sect;25 Mediengesetz sowie Anbieteridentifizierung<br />\r\n	gem. &sect; 5 Abs 1 ECG Medieninhaber, Herausgeber, Hersteller und Redaktion:</p>\r\n<p>\r\n	<strong>buyclix.at</strong><br />\r\n	Albersdorf 309/1<br />\r\n	A-8200 Gleisdorf</p>\r\n<p>\r\n	Telefon: &nbsp;&nbsp;&nbsp; (+43) 0 0000-0000 000<br />\r\n	Fax: &nbsp;&nbsp;&nbsp; (+43) 0 0000-0000 000<br />\r\n	E-Mail: &nbsp;&nbsp; &nbsp;mail@buyclix.at<br />\r\n	Gesch&auml;ftsf&uuml;hrer: DI Gerald Buchgraber, Thomas Sulzer<br />\r\n	Firmenbuchnummer: FN 382826f<br />\r\n	UID: ATU67306426</p>\r\n<p>\r\n	<strong>Kundenservice</strong><br />\r\n	buyclix.at<br />\r\n	Albersdorf 309/1<br />\r\n	A-8200 Gleisdorf<br />\r\n	Hotline: 0800 000 000 00 (geb&uuml;hrenfrei)<br />\r\n	E-Mail: <a href="mailto:mail@buyclix.at">mail@buyclix.at</a></p>\r\n<p>\r\n	<strong>Bankverbindung</strong><br />\r\n	Raiffeisenbank Gleisdorf<br />\r\n		IBAN:&nbsp; AT98 3810 3000 0301 6805<br />\r\n	BIC: RZSTAT2G103</p>\r\n<p>\r\n	<span style="font-weight: bold;">Haftungsausschluss</span><br />\r\n	Auf unserer Website finden Sie Verweise (Hyperlinks) zu anderen Seiten im Internet. F&uuml;r alle diese Links gilt, dass wir keinerlei Einfluss auf die Gestaltung und die Inhalte dieser externen Seiten haben. Daher &uuml;bernehmen wir keinerlei Verantwortung f&uuml;r Inhalt und Gestaltung dieser Seiten. Diese Erkl&auml;rung gilt f&uuml;r alle auf unserer Internetpr&auml;senz angezeigten externen Verweise</p>\r\n', NULL, 'impressum', 'true', 'false', '', '', '', NULL, NULL, NULL, NULL, 1, '2012-03-26 10:38:01', 1, '2012-03-26 10:37:42'),
(18, 'de', 'Kontakt', NULL, '<p>\r\n	F&uuml;r Ihre Fragen und W&uuml;nsche rund ums Bestellen steht Ihnen unser Kundenservice zur Verf&uuml;gung.<br />\r\n	<br />\r\n	<strong> BuyClix Ltd.</strong><br />\r\n	Albersdorf 309/1<br />\r\n	A-8200 Gleisdorf<br />\r\n	Hotline: 0800 000 000 000 (geb&uuml;hrenfrei)<br />\r\n	E-Mail: mail@buyclix.at</p>\r\n<div class="hr">\r\n	<hr />\r\n</div>\r\n<p>\r\n	Sie haben eine Frage, eine Anregung oder m&ouml;chten uns Ihre Meinung per E-Mail mitteilen?<br />\r\n	Dann nutzen Sie daf&uuml;r einfach das nachfolgende Kontaktformular.<br />\r\n	Bei Fragen zu Ihrer Bestellung teilen Sie uns bitte Ihre Bestellnummer mit.</p>\r\n', NULL, 'kontakt', 'true', 'false', '', '', '', NULL, NULL, NULL, NULL, 1, '2012-03-26 10:39:01', 1, '2012-03-26 10:38:36'),
(19, 'de', 'AGB', NULL, '<h3>\r\n	(1) Geltung der Allgemeinen Gesch&auml;ftsbedingungen</h3>\r\n<ol>\r\n	<li>\r\n		Lieferungen und (Dienst-) Leistungen von STM erfolgen ausschlie&szlig;lich auf Grundlage dieser Allgemeinen Gesch&auml;ftsbedingungen (AGB). Davon abweichende Regelungen gelten nur dann, wenn sie im Einzelnen ausgehandelt und schriftlich vereinbart werden.</li>\r\n	<li>\r\n		Die AGB gelten auch f&uuml;r zuk&uuml;nftige Bestellungen des Kunden. Es ist jeweils die zum Zeitpunkt der Bestellung aktuelle Fassung der AGB ma&szlig;geblich. Die jeweils g&uuml;ltige Fassung der AGB kann im Internet unter der Adresse ........................................ eingesehen, heruntergeladen sowie ausgedruckt werden.</li>\r\n	<li>\r\n		Einkaufsbedingungen / Allgemeine Gesch&auml;ftsbedingungen des Kunden werden nicht Gegenstand der Vereinbarung und haben keine Geltung. Der Kunde verzichtet auch f&uuml;r die Zukunft auf die Anwendung seiner Einkaufsbedingungen / Allgemeine Gesch&auml;ftsbedingungen.</li>\r\n</ol>\r\n<h3>\r\n	(2) Vertragsabschluss:</h3>\r\n<ol>\r\n	<li>\r\n		Vertrags-, Bestell- und Gesch&auml;ftssprache ist Deutsch.</li>\r\n	<li>\r\n		Die Angebote auf den Internetseiten von STM sind eine unverbindliche Aufforderung an den Kunden, Waren und (Dienst-) Leistungen zu bestellen. Mit der Bestellung von Waren gibt der Kunde ein verbindliches Angebot ab. Die Bestellung kann durch Ausf&uuml;llen und Absenden des Online-Formulars im Internet, &uuml;ber E-Mail, per Telefax, per Telefon oder per Post erfolgen. Mit Einlangen der Bestellung wird das Angebot des Kunden wirksam.</li>\r\n	<li>\r\n		STM kann ein Angebot binnen 7 Werktagen ab Zugang annehmen. Nach ungen&uuml;tztem Verstreichen der Frist gilt die Bestellung (das Angebot) als abgelehnt. Die Annahme erfolgt durch Zusendung einer Auftragsbest&auml;tigung oder durch Zusendung der bestellten Ware oder (Beginn der) Erbringung der bestellten (Dienst-) Leistung. F&uuml;r die Wahrung der Annahmefrist ist das Versanddatum ma&szlig;geblich. Auftragsbest&auml;tigungen k&ouml;nnen in jeder technisch m&ouml;glichen Art verschickt werden.</li>\r\n	<li>\r\n		Sollte die Auftragsbest&auml;tigung oder eine sonstige rechtsverbindliche Erkl&auml;rung von STM Schreib- oder Druckfehler enthalten oder sollten der Preisfestlegung &Uuml;bermittlungsfehler zu Grunde liegen, ist STM berechtigt, die Erkl&auml;rung wegen Irrtums anzufechten.</li>\r\n	<li>\r\n		Angebote der STM sind grunds&auml;tzlich freibleibend.</li>\r\n	<li>\r\n		Der konkrete Umfang des Auftrags bestimmt sich nach dem in der Auftragsbest&auml;tigung angegebenen Umfang.</li>\r\n</ol>\r\n<h3>\r\n	(3) Preise, Steuern und Geb&uuml;hren, Zahlungsbedingungen:</h3>\r\n<ol>\r\n	<li>\r\n		Die Verrechnung erfolgt in Euro. Angef&uuml;hrte Preise verstehen sich ohne Umsatzsteuer. Ma&szlig;geblich sind die zum Zeitpunkt der Bestellungen g&uuml;ltigen Preise.</li>\r\n	<li>\r\n		Mit einer Aktualisierung der Internetseiten von STM werden alle bisherigen Preise und Angaben &uuml;ber Waren ung&uuml;ltig.</li>\r\n	<li>\r\n		F&uuml;r Verpackung, Versand und Versicherung fallen gesonderte, vom Kunden zu zahlende Kosten an.</li>\r\n	<li>\r\n		Die Kosten vom Programmtr&auml;gern sowie Dokumentationen und allf&auml;lligen Vertragsgeb&uuml;hren werden gesondert in Rechnung gestellt.</li>\r\n	<li>\r\n		Bei Bibliotheks- (Standard-) Programme gelten die am Tag der Bestellung (Anbot des Kunden) g&uuml;ltigen Listenpreise.</li>\r\n	<li>\r\n		Alle Geb&uuml;hren und Steuern werden aufgrund der jeweils geltenden Gesetzeslage berechnet. Falls von den zust&auml;ndigen Beh&ouml;rden nachtr&auml;glich Steuern oder Abgaben vorgeschrieben werden, so gehen diese zu Lasten des Kunden.</li>\r\n	<li>\r\n		Ein nicht von STM zu vertretender h&ouml;herer als vertraglich vereinbarter Zeitaufwand wird nach dem tats&auml;chlichen Ausma&szlig; verrechnet.</li>\r\n	<li>\r\n		STM ist berechtigt, bei nach Vertragsabschluss eintretenden Steigerungen von Lohn- und Materialkosten bzw. sonstigen Kosten und Abgaben die umseitig angef&uuml;hrten Pauschalbetr&auml;ge entsprechend 
zu erh&ouml;hen und dem Kunden ab dem auf die Erh&ouml;hung folgenden Monatsbeginn zu verrechnen. Die Erh&ouml;hungen gelten vom Kunden als akzeptiert, wenn sie nicht mehr als 10 % j&auml;hrlich betragen. Ebenso als akzeptiert gelten sie, wenn der Kunde nicht binnen 7 Tagen ab Erhalt der Mitteilung von der Erh&ouml;hung schriftlich widerspricht.</li>\r\n	<li>\r\n		Zahlungen durch den Kunden haben durch Vorauskassa zu erfolgen.</li>\r\n	<li>\r\n		Die von STM gelegten Rechnungen sind sofort ohne Abzug und spesenfrei vom Kunden zu bezahlen.</li>\r\n	<li>\r\n		Rechnungsbetr&auml;ge gelten als anerkannt, wenn der Kunde nicht binnen 2 Wochen ab Rechnungsdatum schriftlich widerspricht.</li>\r\n	<li>\r\n		Bei Auftr&auml;gen, die mehrere Einheiten umfassen, ist STM berechtigt, nach Lieferung bzw. Leistungserbringung jeder einzelnen Einheit Rechnung zu legen. F&uuml;r Teilrechnungen gelten die f&uuml;r den Gesamtauftrag festgelegten Zahlungsbedingungen analog.</li>\r\n	<li>\r\n		F&uuml;r den Fall des Zahlungsverzugs des Kunden werden 10% Zinsen &uuml;ber dem Basiszinssatz pro Jahr vereinbart.</li>\r\n	<li>\r\n		Wurde mit dem Kunden die Zahlung in Raten vereinbart, dann tritt Terminsverlust ein, wenn zum F&auml;lligkeitstag einer weiteren Rate eine vorherige Rate auch nur teilweise nicht bezahlt ist.</li>\r\n	<li>\r\n		Zahlungen des Kunden sind zun&auml;chst auf Kosten (der Betreibung), sodann auf Zinsen und zuletzt auf Kapital zu verbuchen, wobei &auml;lteste Forderungen zun&auml;chst abzudecken sind.</li>\r\n	<li>\r\n		Der s&auml;umige Kunde ist verpflichtet, alle Kosten au&szlig;ergerichtlicher Betreibung, insbesonders auch die eines Rechtsanwalts, zu bezahlen.</li>\r\n</ol>\r\n<h3>\r\n	(4) Vertragsr&uuml;cktritt:</h3>\r\n<ol>\r\n	<li>\r\n		Ist der Kunde Verbraucher im Sinne des Konsumentenschutzgesetzes dann kommt ihm ein R&uuml;cktrittsrecht nach Ma&szlig;gabe der folgenden Bestimmungen zu:\r\n		<ol style="list-style-type:lower-alpha;">\r\n			<li>\r\n				Allgemein:\r\n				<ol style="list-style-type:lower-roman;">\r\n					<li>\r\n						Hat der Verbraucher seine Vertragserkl&auml;rung weder in den vom Unternehmer f&uuml;r seine gesch&auml;ftlichen Zwecke dauernd ben&uuml;tzten R&auml;umen noch bei einem von diesem daf&uuml;r auf einer Messe oder einem Markt ben&uuml;tzten Stand abgegeben, so kann er von seinem Vertragsantrag oder vom Vertrag zur&uuml;cktreten. Dieser R&uuml;cktritt kann bis zum Zustandekommen des Vertrags oder danach binnen einer Woche erkl&auml;rt werden; die Frist beginnt mit der Ausfolgung einer Urkunde, die zumindest den Namen und die Anschrift des Unternehmers, die zur Identifizierung des Vertrags notwendigen Angaben sowie eine Belehrung &uuml;ber das R&uuml;cktrittsrecht enth&auml;lt, an den Verbraucher, fr&uuml;hestens jedoch mit dem Zustandekommen des Vertrags zu laufen.</li>\r\n					<li>\r\n						Das R&uuml;cktrittsrecht besteht auch dann, wenn der Unternehmer oder ein mit ihm zusammenwirkender Dritter den Verbraucher im Rahmen einer Werbefahrt, einer Ausflugsfahrt oder einer &auml;hnlichen Veranstaltung oder durch pers&ouml;nliches, individuelles Ansprechen auf der Stra&szlig;e in die vom Unternehmer f&uuml;r seine gesch&auml;ftlichen Zwecke ben&uuml;tzten R&auml;ume gebracht hat.</li>\r\n					<li>\r\n						Das R&uuml;cktrittsrecht steht dem Verbraucher nicht zu,\r\n						<ol>\r\n							<li>\r\n								wenn er selbst die gesch&auml;ftliche Verbindung mit dem Unternehmer oder dessen Beauftragten zwecks Schlie&szlig;ung dieses Vertrages angebahnt hat,</li>\r\n							<li>\r\n								wenn dem Zustandekommen des Vertrages keine Besprechungen zwischen den Beteiligten oder ihren Beauftragten vorangegangen sind oder</li>\r\n							<li>\r\n								bei Vertr&auml;gen, bei denen die beiderseitigen Leistungen sofort zu erbringen sind, wenn sie &uuml;blicherweise von Unternehmern au&szlig;erhalb ihrer Gesch&auml;ftsr&auml;ume geschlossen werden und das vereinbarte Entgelt 15 Euro, oder wenn das Unternehmen nach seiner Natur nicht in st&auml;ndigen Gesch&auml;ftsr&auml;umen betrieben wird und das Entgelt 45 Euro nic
ht &uuml;bersteigt.</li>\r\n						</ol>\r\n					</li>\r\n					<li>\r\n						Der R&uuml;cktritt bedarf zu seiner Rechtswirksamkeit der Schriftform. Es gen&uuml;gt, wenn der Verbraucher ein Schriftst&uuml;ck, das seine Vertragserkl&auml;rung oder die des Unternehmers enth&auml;lt, dem Unternehmer oder dessen Beauftragten, der an den Vertragsverhandlungen mitgewirkt hat, mit einem Vermerk zur&uuml;ckstellt, der erkennen l&auml;sst, dass der Verbraucher das Zustandekommen oder die Aufrechterhaltung des Vertrages ablehnt. Es gen&uuml;gt, wenn die Erkl&auml;rung innerhalb des im Punkt i) genannten Zeitraumes abgesendet wird.</li>\r\n					<li>\r\n						Der Verbraucher kann ferner von seinem Vertragsantrag oder vom Vertrag zur&uuml;cktreten, wenn der Unternehmer gegen die gewerberechtlichen Regelungen &uuml;ber das Sammeln und die Entgegennahme von Dienstleistungen &uuml;ber das Aufsuchen von Privatpersonen sowie Werbeveranstaltungen oder &uuml;ber die Entgegennahme von Bestellungen auf Waren (&sect;&sect; 54, 57 und 59 GewO 1994) versto&szlig;en hat. Die Bestimmungen des Punktes i) und ii) sind auch auf dieses R&uuml;cktrittsrecht anzuwenden. Es steht dem Verbraucher auch in den F&auml;llen des Punktes iii) zu.</li>\r\n				</ol>\r\n			</li>\r\n		</ol>\r\n	</li>\r\n</ol>\r\n<ol style="list-style-type:lower-alpha;">\r\n	<li value="2">\r\n		Fernabsatz:\r\n		<ol style="list-style-type:lower-roman;">\r\n			<li>\r\n				Der Verraucher kann von einem im Fernabsatz geschlossenen Vertrag oder einer im Fernabsatz abgegebenen Vertragserkl&auml;rung bis zum Ablauf der in Punkt ii) und iii) genannten Fristen zur&uuml;cktreten. Es gen&uuml;gt, wenn die R&uuml;cktrittserkl&auml;rung innerhalb der Frist abgesendet wird.</li>\r\n			<li>\r\n				Die R&uuml;cktrittsfrist betr&auml;gt sieben Werktage, wobei der Samstag nicht als Werktag z&auml;hlt. Sie beginnt bei Vertr&auml;gen &uuml;ber die Lieferung von Waren mit dem Tag ihres Eingangs beim Verbraucher, bei Vertr&auml;gen &uuml;ber die Erbringung von Dienstleistungen mit dem Tag des Vertragsabschlusses.</li>\r\n			<li>\r\n				Ist der Unternehmer seinen Informationspflichten nach &sect; 5d Abs. 1 und 2 KSchG nicht nachgekommen, so betr&auml;gt die R&uuml;cktrittsfrist drei Monate ab den in Punkt ii) genannten Zeitpunkten. Kommt der Unternehmer seinen Informationspflichten innerhalb dieser Frist nach, so beginnt mit dem Zeitpunkt der &Uuml;bermittlung der Informationen durch den Unternehmer die in Punkt ii) genannte Frist zur Aus&uuml;bung des R&uuml;cktrittsrechts.</li>\r\n			<li>\r\n				Der Verbraucher hat kein R&uuml;cktrittsrecht bei Vertr&auml;gen &uuml;ber\r\n				<ol>\r\n					<li>\r\n						Dienstleistungen, mit deren Ausf&uuml;hrung dem Verbraucher gegen&uuml;ber vereinbarungsgem&auml;&szlig; innerhalb von sieben Werktagen (&sect; 5e Abs. 2 erster Satz KSchG) ab Vertragsabschluss begonnen wird,</li>\r\n					<li>\r\n						Waren oder Dienstleistungen, deren Preis von der Entwicklung der S&auml;tze auf den Finanzm&auml;rkten, auf die der Unternehmer keinen Einfluss hat, abh&auml;ngt,</li>\r\n					<li>\r\n						Waren, die nach Kundenspezifikationen angefertigt werden, die eindeutig auf die pers&ouml;nlichen Bed&uuml;rfnisse zugeschnitten sind, die auf Grund ihrer Beschaffenheit nicht f&uuml;r eine R&uuml;cksendung geeignet sind, die schnell verderben k&ouml;nnen oder deren Verfallsdatum &uuml;berschritten w&uuml;rde,</li>\r\n					<li>\r\n						Audio- oder Videoaufzeichnungen oder Software, sofern die gelieferten Sachen vom Verbraucher entsiegelt worden sind,</li>\r\n					<li>\r\n						Zeitungen, Zeitschriften und Illustrierte mit Ausnahme von Vertr&auml;gen &uuml;ber periodische Druckschriften (&sect; 26 Abs. 1 Z 1 KSchG),</li>\r\n					<li>\r\n						Wett- und Lotterie-Dienstleistungen</li>\r\n					<li>\r\n						sowie Hauslieferungen oder Freizeit-Dienstleistungen (&sect; 5c Abs. 4 Z 1 und 2 KSchG).</li>\r\n				</ol>\r\n			</li>\r\n		</ol>\r\n	</li>\r\n</ol>\r\n<ol>\r\n	<li value="2">\r\n		Bei Nichtzahlung durch den Kunden zu den vereinbarten oder sich aus diesen AGB ergebenden Zahlungsterminen is
t STM berechtigt, die laufenden Arbeiten einzustellen sowie ausstehende Lieferungen zur&uuml;ckzuhalten und nach Setzung einer zwei Wochen nicht &uuml;bersteigenden Nachfrist vom Vertrag zur&uuml;ckzutreten. Alle damit verbundenen Kosten sowie der Gewinnentgang sind vom Kunden zu tragen.</li>\r\n</ol>\r\n<ol>\r\n	<li value="3">\r\n		F&uuml;r den Fall der &Uuml;berschreitung einer vereinbarten Lieferzeit aus alleinigem Verschulden oder rechtswidrigem Handeln von STM ist der Kunde berechtigt, mittels eingeschriebenem Briefs vom betreffenden Auftrag / der Bestellung zur&uuml;ckzutreten, sofern auch innerhalb der zu setzenden angemessenen Nachfrist im Ausma&szlig; von nicht weniger als zwei Wochen die vereinbarte Leistung in wesentlichen Teilen nicht erbracht wird und den Kunden daran kein Verschulden trifft. H&ouml;here Gewalt, Arbeitskonflikte, Naturkatastrophen und Transportsperren sowie sonstige Umst&auml;nde, die au&szlig;erhalb der Einflussm&ouml;glichkeit von STM liegen, entbinden STM von der Einhaltungspflicht des Liefertermins und haben eine Neufestlegung einer angemessenen Lieferzeit durch STM zur Folge.</li>\r\n</ol>\r\n<ol>\r\n	<li value="4">\r\n		Dem Kunden kommt kein allgemeines Stornorecht zu. Erkl&auml;rt sich STM mit einer Stornierung einverstanden, dann hat der Kunde jedenfalls neben den erbrachten Leistungen, Lieferungen und aufgelaufenen Kosten an STM eine Stornogeb&uuml;hr in H&ouml;he von 30% des noch nicht abgerechneten Auftragswertes des Gesamtprojekts zu bezahlen. Das Recht STMs auf Geltendmachung eines dar&uuml;ber hinausgehenden Anspruches bleibt unber&uuml;hrt.</li>\r\n</ol>\r\n<h3>\r\n	(5) Lieferbedingungen:</h3>\r\n<ol>\r\n	<li>\r\n		Lieferung ist jede &Uuml;bermittlung des Vertragsgegenstands an den Kunden.</li>\r\n	<li>\r\n		Lieferungen erfolgen an die vom Kunden mitgeteilte Lieferadresse. Die Lieferung erfolgt mit der &ouml;sterreichischen Post oder &uuml;ber einen anderen gewerblichen (Paket-) Zusteller oder auf eine andere technisch m&ouml;gliche Art.</li>\r\n	<li>\r\n		STM steht das Recht zu, Teillieferungen vorzunehmen.</li>\r\n	<li>\r\n		Die Lieferung erfolgt auf Kosten und Gefahr des Kunden. (Transport-) Versicherungen werden nur auf Wunsch des Kunden gegen Entgelt abgeschlossen bzw. vermittelt.</li>\r\n	<li>\r\n		Angaben &uuml;ber die Lieferfristen sind unverbindlich, soweit nicht ein bestimmter Liefertermin im Einzelnen ausgehandelt und schriftlich zugesagt wurde.</li>\r\n	<li>\r\n		Alle Lieferungen stehen unter dem Vorbehalt, dass STM selbst rechtzeitig und ordnungsgem&auml;&szlig; die Lieferung vom eigenen Lieferanten erh&auml;lt. Sollte ein vom Kunden bestelltes Produkt aus nicht von STM zu vertretenden Umst&auml;nden &uuml;berhaupt nicht verf&uuml;gbar sein, so wird STM den Kunden unverz&uuml;glich informieren. Der Kunde hat in diesem Fall das Recht, binnen drei Werktagen vom Vertrag zur&uuml;ckzutreten. Macht der Kunde von diesem Recht nicht Gebrauch, so kann STM anstelle des bestellten Produkts ein in Qualit&auml;t und Preis gleichwertiges Produkt liefern oder ihrerseits vom Vertrag zur&uuml;cktreten. Im R&uuml;cktrittfall werden allenfalls bereits geleistete Zahlungen unverz&uuml;glich zur&uuml;ckerstattet. Ger&auml;t STM aus nicht von ihr schuldhaft zu vertretenden Gr&uuml;nden in Lieferverzug oder wird eine Lieferung aus solchen Gr&uuml;nden unm&ouml;glich, so ist jegliche Haftung von STM f&uuml;r Sch&auml;den mit der Ausnahme grober Fahrl&auml;ssigkeit oder Vorsatz ausgeschlossen.</li>\r\n	<li>\r\n		Bei Lieferverz&ouml;gerungen, die STM nicht zu vertreten hat (h&ouml;here Gewalt, Verschulden Dritter, etc.) verl&auml;ngert sich die Lieferfrist um eine entsprechend angemessene Zeitspanne. Der Kunde wird in diesem Fall von STM unverz&uuml;glich informiert. Dauern die Ursachen der Verz&ouml;gerung l&auml;nger als 4 Wochen nach Vertragsabschluss an, ist jede Partei berechtigt, vom Vertrag zur&uuml;ckzutreten.</li>\r\n</ol>\r\n<h3>\r\n	(6) Eigentumsvorbehalt:</h3>\r\n<p>\r\n	Die bestellte Ware bleibt bis zur vollst&auml;ndigen Bezahlung Eigentum von STM. Vor Eigentums&uuml;bergang
 sind Verf&uuml;gungen &uuml;ber die Ware (Weiterver&auml;u&szlig;erung, Vermietung, Verpf&auml;ndung, Sicherungs&uuml;bereignung, Verarbeitung, Umgestaltung, etc.) ohne im Einzelnen ausgehandelte Einwilligung durch STM unzul&auml;ssig.</p>\r\n<h3>\r\n	(7) Transportsch&auml;den, Untersuchungs- und R&uuml;gepflichten des Kunden:</h3>\r\n<p>\r\n	Werden Waren mit offensichtlichen Sch&auml;den an der Verpackung oder am Inhalt angeliefert, so hat der Kunde dies sofort beim Spediteur/Frachtdienst/Zusteller zu reklamieren und die Annahme zu verweigern. Der Kunde hat unverz&uuml;glich Kontakt mit STM aufzunehmen. Verst&ouml;&szlig;t der Kunde gegen diese Mitteilungspflicht, dann haftet der Kunde STM f&uuml;r s&auml;mtliche STM daraus entstehenden Sch&auml;den und Rechtsnachteile.</p>\r\n<h3>\r\n	(8)&nbsp;Gew&auml;hrleistung und Haftung:</h3>\r\n<ol>\r\n	<li>\r\n		Die (Gew&auml;hrleistungs-) Anspr&uuml;che des Kunden gegen STM richten sich nach den gesetzlichen Bestimmungen, soweit nicht nachstehend abweichende Regelungen bestehen.</li>\r\n	<li>\r\n		Sch&auml;den, die durch unsachgem&auml;&szlig;e oder vertragswidrige Ma&szlig;nahmen des Kunden bei Aufstellung, Anschluss, Bedienung oder Lagerung der Ware hervorgerufen werden, begr&uuml;nden keinen Anspruch gegen STM. Die Unsachgem&auml;&szlig;heit oder Vertragswidrigkeit bestimmt sich insbesonders nach den Angaben des Herstellers.</li>\r\n	<li>\r\n		Ist der Kunde kein Konsument im Sinne des Konsumentenschutzgesetzes, so betr&auml;gt die Gew&auml;hrleistungsfrist vier Monate.</li>\r\n	<li>\r\n		M&auml;ngel sind unverz&uuml;glich zu r&uuml;gen. Der Nachweis f&uuml;r das Vorliegen eines Mangels obliegt immer dem Kunden.</li>\r\n	<li>\r\n		STM haftet f&uuml;r Sachsch&auml;den nur dann, wenn STM oder ihre Erf&uuml;llungsgehilfen diese vors&auml;tzlich oder grob fahrl&auml;ssig verursacht haben. Der Ersatz von Folgesch&auml;den und Verm&ouml;genssch&auml;den, nicht erzielten Ersparnissen, Zinsverlusten und von Sch&auml;den aus Anspr&uuml;chen Dritter ist gegen STM ausgeschlossen. Der Nachweis eines Verschuldens von STM obliegt immer dem Kunden.</li>\r\n	<li>\r\n		Jedenfalls ist die H&ouml;he eines Schadenersatzes oder sonstigen Anspruchs gegen STM mit dem Auftragswert jedenfalls aber mit EUR &hellip;........ begrenzt.</li>\r\n</ol>\r\n<h3>\r\n	(9) Aufrechnungs- und Zur&uuml;ckbehaltungsverbot:</h3>\r\n<ol>\r\n	<li>\r\n		Der Kunde ist nicht berechtigt, mit eigenen Forderungen gegen die Forderungen von STM aufzurechnen, es sei denn es handelt sich um von STM anerkannte Forderungen des Kunden oder Forderungen, deren Bestand rechtskr&auml;ftig gerichtlich festgestellt wurde, oder Forderungen des Kunden, die ihren Rechtsgrund im selben Rechtsgesch&auml;ft wie die Forderung von STM haben.</li>\r\n	<li>\r\n		Der Kunde ist nicht berechtigt, Zahlungen wegen eigener Forderung gegen STM zur&uuml;ckzuhalten, es sei denn, dass STM ihre Leistung aus dem selben Gesch&auml;ft nicht ordnungsgem&auml;&szlig; erbringt oder die Erbringung der Leistung von STM aus dem selben Gesch&auml;ft wegen der schlechten Verm&ouml;gensverh&auml;ltnisse von STM gef&auml;hrdet ist.</li>\r\n</ol>\r\n<h3>\r\n	(10) Vertragsdauer:</h3>\r\n<p>\r\n	Vertr&auml;ge, die wiederkehrende Leistungen oder eine laufende Leistungsbereitschaft von STM zum Gegenstand haben (beispielsweise Wartungsvertr&auml;ge) sind grunds&auml;tzlich auf unbestimmte Zeit abgeschlossen und beginnen mit Unterzeichnung des Vertrages zu laufen. Ein solcher Vertrag kann unter Einhaltung einer Frist von 3 Monaten zum Ende eines Kalenderjahres von jedem der Vertragspartner fr&uuml;hestens jedoch erst nach Ablauf des 36. Vertragsmonats, schriftlich gek&uuml;ndigt werden. Wenn der Vertragsgegenstand nachweislich au&szlig;er Betrieb gestellt wird oder untergeht, kann das Vertragsverh&auml;ltnis unter Ber&uuml;cksichtigung einer 3-monatigen K&uuml;ndigungsfrist vorzeitig aufgel&ouml;st werden. Im Fall einer berechtigten vorzeitigen Aufl&ouml;sung wird f&uuml;r die nicht konsumierte Leistung der aliquote Teil des Jahrespauschales von STM an den Kunden gezahlt.</p>\
r\n<h3>\r\n	(11) Abwerbungsverbot:</h3>\r\n<p>\r\n	Die Vertragspartner verpflichten sich, jede Abwerbung und Besch&auml;ftigung &ndash; auch im Wege Dritter &ndash; von Mitarbeitern, die an der Realisierung der Auftr&auml;ge gearbeitet haben, des anderen Vertragspartners w&auml;hrend der Dauer des Vertrags und 12 Monate nach Beendigung des Vertrages zu unterlassen. Der dagegen versto&szlig;ene Vertragspartner ist verpflichtet, eine Vertragsstrafe in H&ouml;he eines Jahresgehalts des Mitarbeiters zu zahlen. Die Geltendmachung eines dar&uuml;ber hinausgehenden Schadenersatzes bleibt vorbehalten. Die Vertragsstrafe unterliegt nicht der richterlichen M&auml;&szlig;igung.</p>\r\n<h3>\r\n	(12) Datenschutz:</h3>\r\n<ol>\r\n	<li>\r\n		Die Datenverarbeitung erfolgt nach Ma&szlig;gabe der gesetzlichen Bestimmungen. Kundendaten werden zur Vertragserf&uuml;llung, Lieferung und Buchhaltung verarbeitet. STM beh&auml;lt sich weitere Datenverarbeitungsdaten vor, soweit diese gesetzlich zul&auml;ssig sind.</li>\r\n	<li>\r\n		Kundendaten werden ausschlie&szlig;lich erhoben, verarbeitet, genutzt und an beauftragte Partner weitergeleitet, soweit dies f&uuml;r die Begr&uuml;ndung und Durchf&uuml;hrung des Vertrags mit dem Kunden und der weiteren Gesch&auml;ftsbeziehung mit dem Kunden notwendig ist.</li>\r\n</ol>\r\n<h3>\r\n	(13) Zusatzbestimmungen f&uuml;r Softwareprodukte:</h3>\r\n<ol>\r\n	<li>\r\n		Beim Kauf eines Softwareprodukts erwirbt der Kunde einen Datentr&auml;ger (CD-Rom, DVD, etc.), die zugeh&ouml;rige Dokumentation (sofern vorhanden) und eine Lizenz zur Nutzung dieses Softwareprodukts gem&auml;&szlig; den Lizenzbestimmungen des jeweiligen Herstellers oder sonstigen Lizenzgebers.</li>\r\n	<li>\r\n		Der Kunde anerkennt diese Lizenzbestimmungen sp&auml;testens mit der erstmaligen Nutzung des Softwareprodukts. Die Softwareprodukte bleiben geistiges Eigentum des Herstellers bzw. Lizenzgebers.</li>\r\n	<li>\r\n		Alle Rechte an den von STM im Shop oder den Internetseiten f&uuml;r Softwareprodukte verwendete Warenbezeichnungen, Marken und Logos stehen den Herstellern bzw. Lizenzgebern der angebotenen Softwareprodukte zu. Bei der Verwertung der gelieferten Software sind Schutzrechte zu beachten, die Dritte zustehen.</li>\r\n	<li>\r\n		Es gelten erg&auml;nzende Bestimmungen des jeweiligen Softwareherstellers oder Lizenzgebers &uuml;ber Anspr&uuml;che wegen M&auml;ngel. Der Kunde muss zun&auml;chst au&szlig;ergerichtlich versuchen, die Erf&uuml;llung der Anspr&uuml;che durch den Softwarehersteller oder Lizenzgeber zu erreichen.</li>\r\n	<li>\r\n		Der Kunde ist verpflichtet, sich vor Datenverlust angemessen zu sch&uuml;tzen. Da die Neuinstallation durch Software, aber auch die Ver&auml;nderung der installierten Software das Risiko eines Datenverlustes mit sich bringt, ist der Kunde verpflichtet, vor Neuinstallation oder Ver&auml;nderung der installierten Software durch eine umfassende Datensicherung Vorsoge gegen Datenverlust zu treffen.</li>\r\n	<li>\r\n		STM wird von allen Verpflichtungen frei, wenn Programm&auml;nderungen in den vertragsgegenst&auml;ndlichen Softwareprogrammen ohne vorhergehende Zustimmung durch STM von Mitarbeitern des Kunden oder von Dritten durchgef&uuml;hrt werden oder wenn die Programme nicht widmungsgem&auml;&szlig; verwendet werden.</li>\r\n	<li>\r\n		Alle Immaterialg&uuml;terrechte (Urheberrechte, Patentrechte, Markenrechte, &hellip;) an den Vertragsgegenst&auml;nden stehen STM bzw. deren Lizenzgebern zu. Der Kunde erh&auml;lt ausschlie&szlig;lich das Recht, das Vertragsobjekt nach Bezahlung des vereinbarten Entgelts ausschlie&szlig;lich zu eigenen Zwecken, nur f&uuml;r die im Vertrag spezifizierte Hardware und im Ausma&szlig; der erworbenen Anzahl der Lizenzen f&uuml;r die gleichzeitige Nutzung auf mehreren Arbeitspl&auml;tzen zu verwenden. Der Kunde erwirbt lediglich ein nicht ausschlie&szlig;liches, nicht &uuml;bertragbares Werknutzungsrecht.</li>\r\n	<li>\r\n		Durch die Mitwirkung des Kunden bei der Herstellung der Software werden keine Rechte &uuml;ber die vertraglich festgelegte Nutzung hinaus erworben.</li>
\r\n	<li>\r\n		Bei einem Versto&szlig; des Kunden gegen Rechte STMs bzw. anderer Lizenzgeber bestehen Anspr&uuml;che der jeweiligen Rechteinhaber aufgrund der einschl&auml;gigen Immaterialg&uuml;tergesetze.</li>\r\n</ol>\r\n<h3>\r\n	(14) Unwirksame Klauseln:</h3>\r\n<p>\r\n	Sollten eine oder mehrere Regelungen dieser AGB unwirksam sein, so zieht dies nicht die Unwirksamkeit aller anderen Bestimmungen nach sich. Die Vertragspartner werden partnerschaftlich Zusammenwirken, um eine Regelung zu finden, die den unwirksamen Bestimmungen m&ouml;glichst nahe kommt.</p>\r\n<h3>\r\n	(15) Gerichtsstand und geltendes Recht:</h3>\r\n<p>\r\n	Vereinbart wird die Anwendung &ouml;sterreichischen materiellen Rechts. Die Geltung des UN-Kaufrechts wird ausgeschlossen. Ist der Kunde nicht Konsument im Sinne des Konsumentenschutzgesetzes, so wird die ausschlie&szlig;liche Zust&auml;ndigkeit des f&uuml;r den Sitz von STM sachlich zust&auml;ndigen Gerichts vereinbart.</p>\r\n<h3>\r\n	(16) Erf&uuml;llungsort:</h3>\r\n<p>\r\n	Erf&uuml;llungsort f&uuml;r alle Gesch&auml;fte ist der Sitz von STM.</p>\r\n', NULL, 'agb', 'true', 'false', '', '', '', NULL, NULL, NULL, NULL, 1, '2012-03-26 10:40:19', 1, '2012-03-26 10:39:56'),
(20, 'de', 'Datenschutz', NULL, '<p>\r\n	<strong>Erhebung, Verarbeitung und Nutzung personenbezogener Daten</strong><br />\r\n	Sie k&ouml;nnen unsere Seite besuchen, ohne Angaben zu Ihrer Person zu machen. Wir speichern lediglich Zugriffsdaten ohne Personenbezug (z.B. den Namen Ihres Internet Service Providers, die Seite, von der aus Sie uns besuchen oder den Namen der angeforderten Datei). Diese Daten werden ausschlie&szlig;lich zur Verbesserung unseres Angebotes ausgewertet und erlauben keinen R&uuml;ckschluss auf Ihre Person.</p>\r\n<p>\r\n	Personenbezogene Daten werden nur erhoben, wenn Sie uns diese im Rahmen Ihrer Warenbestellung oder bei Er&ouml;ffnung eines Kundenkontos, oder Registrierung f&uuml;r unseren Newsletter freiwillig mitteilen. Wir verwenden die von ihnen mit geteilten Daten ohne Ihre gesonderte Einwilligung ausschlie&szlig;lich zur Erf&uuml;llung und Abwicklung Ihrer Bestellung. Mit vollst&auml;ndiger Abwicklung des Vertrages und vollst&auml;ndiger Kaufpreiszahlung werden Ihre Daten f&uuml;r die weitere Verwendung gesperrt und nach Ablauf der steuer- und handelsrechtlichen Vorschriften gel&ouml;scht, sofern Sie nicht ausdr&uuml;cklich in die weitere Nutzung Ihrer Daten eingewilligt haben. Bei Anmeldung zum Newsletter wird Ihre E-Mail-Adresse mit Ihrer Einwilligung f&uuml;r eigene Werbezwecke genutzt, bis Sie sich vom Newsletter abmelden. Die Abmeldung ist jederzeit m&ouml;glich.</p>\r\n<p>\r\n	<strong>Verwendung von Cookies </strong><br />\r\n	Auf verschiedenen Seiten verwenden wir Cookies, um den Besuch unserer Website attraktiv zu gestalten und die Nutzung bestimmter Funktionen zu erm&ouml;glichen. Hierbei handelt es sich um kleine Textdateien, die auf Ihrem Rechner abgelegt werden. Die meisten der von uns verwendeten Cookies werden nach Ende der Browser-Sitzung wieder von Ihrer Festplatte gel&ouml;scht (sog. Sitzungs-Cookies). Andere Cookies verbleiben auf Ihrem Rechner und erm&ouml;glichen uns, Ihren Rechner bei Ihrem n&auml;chsten Besuch wieder zu erkennen (sog. dauerhafte Cookies). Diese Cookies dienen z.b der Begr&uuml;&szlig;ung mit Ihrem Benutzernamen und er&uuml;brigen Ihnen bei Folgebestellungen die erneute Eingabe Ihres Passwortes oder das Ausf&uuml;llen von Formularen mit Ihren Daten. Unseren Partnerunternehmen ist es nicht gestattet, &uuml;ber unsere Website personenbezogene Daten mittels Cookies zu erheben, zu verarbeiten oder zu nutzen.</p>\r\n<p>\r\n	<strong>Weitergabe personenbezogener Daten </strong><br />\r\n	Eine Weitergabe Ihrer Daten erfolgt an das mit der Lieferung beauftragte Versandunternehmen, soweit dies zur Lieferung der Waren notwendig ist. Zur Abwicklung von Zahlungen geben wir Ihre Zahlungsdaten an das mit der Zahlung beauftragte Kreditinstitut weiter.</p>\r\n<p>\r\n	<strong>Hinweise zur Nutzung von Google Analytics</strong><br />\r\n	Diese Website benutzt Google Analytics, einen Webanalysedienst der Google Inc. (&bdquo;Google&ldquo;). Google Analytics verwendet sog. &bdquo;Cookies&ldquo;, Textdateien, die auf Ihrem Computer gespeichert werden und die eine Analyse der Benutzung der Website durch Sie erm&ouml;glichen. Die durch den Cookie erzeugten Informationen &uuml;ber Ihre Benutzung dieser Website werden in der Regel an einen Server von Google in den USA &uuml;bertragen und dort gespeichert. Im Falle der Aktivierung der IP-Anonymisierung auf dieser Webseite, wird Ihre IP-Adresse von Google jedoch innerhalb von Mitgliedstaaten der Europ&auml;ischen Union oder in anderen Vertragsstaaten des Abkommens &uuml;ber den Europ&auml;ischen Wirtschaftsraum zuvor gek&uuml;rzt. Nur in Ausnahmef&auml;llen wird die volle IP-Adresse an einen Server von Google in den USA &uuml;bertragen und dort gek&uuml;rzt.<br />\r\n	<br />\r\n	Im Auftrag des Betreibers dieser Website wird Google diese Informationen benutzen, um Ihre Nutzung der Website auszuwerten, um Reports &uuml;ber die Websiteaktivit&auml;ten zusammenzustellen und um weitere mit der Websitenutzung und der Internetnutzung verbundene Dienstleistungen gegen&uuml;ber dem Websitebetreiber zu erbringen. Die im Rahmen von Google Ana
lytics von Ihrem Browser &uuml;bermittelte IP-Adresse wird nicht mit anderen Daten von Google zusammengef&uuml;hrt. Sie k&ouml;nnen die Speicherung der Cookies durch eine entsprechende Einstellung Ihrer Browser-Software verhindern; wir weisen Sie jedoch darauf hin, dass Sie in diesem Fall gegebenenfalls nicht s&auml;mtliche Funktionen dieser Website vollumf&auml;nglich werden nutzen k&ouml;nnen. Sie k&ouml;nnen dar&uuml;ber hinaus die Erfassung der durch das Cookie erzeugten und auf Ihre Nutzung der Website bezogenen Daten (inkl. Ihrer IP-Adresse) an Google sowie die Verarbeitung dieser Daten durch Google verhindern, indem sie das unter dem folgenden Link (http://tools.google.com/dlpage/gaoptout?hl=de) verf&uuml;gbare Browser-Plugin herunterladen und installieren.<br />\r\n	<br />\r\n	N&auml;here Informationen hierzu finden Sie unter <a href="http://tools.google.com/dlpage/gaoptout?hl=de">http://tools.google.com/dlpage/gaoptout?hl=de</a> bzw. unter <a href="http://www.google.com/intl/de/analytics/privacyoverview.html">http://www.google.com/intl/de/analytics/privacyoverview.html</a> (allgemeine Informationen zu Google Analytics und Datenschutz). Wir weisen Sie darauf hin, dass auf dieser Webseite Google Analytics um den Code &bdquo;gat._anonymizeIp();&ldquo; erweitert wurde, um eine anonymisierte Erfassung von IP-Adressen (sog. IP-Masking) zu gew&auml;hrleisten.&ldquo;</p>\r\n<p>\r\n	<strong>Auskunftsrecht</strong><br />\r\n	Nach dem Bundesdatenschutzgesetz haben Sie ein Recht auf unentgeltliche Auskunft &uuml;ber Ihre gespeicherten Daten sowie ggf. ein Recht auf Berichtigung, Sperrung oder L&ouml;schung dieser Daten.</p>\r\n<p>\r\n	<strong>Ansprechpartner f&uuml;r Datenschutz</strong><br />\r\n	Bei Fragen zur Erhebung, Verarbeitung oder Nutzung Ihrer personenbezogenen Daten, bei Ausk&uuml;nften, Berichtigung, Sperrung oder L&ouml;schung von Daten sowie Widerruf erteilter Einwilligungen wenden Sie sich bitte an:</p>\r\n<p>\r\n	Thomas Sulzer<br />\r\n	BuyClix Ltd.<br />\r\n	Albersdorf 309/1<br />\r\n	A-8200 Gleisdorf<br />\r\n	Hotline: 0800 000 000 00 (geb&uuml;hrenfrei)<br />\r\n	E-Mail: <a href="mailto:mail@buyclix.at">mail@buyclix.at</a></p>\r\n', NULL, 'datenschutz', 'true', 'false', '', '', '', NULL, NULL, NULL, NULL, 1, '2012-03-26 10:41:17', 1, '2012-03-26 10:40:53'),
(21, 'de', 'Ist das Bezahlen im Online-Shop sicher?', NULL, '<p>\r\n	Die Sicherheit Ihrer Daten hat f&uuml;r uns oberste Priorit&auml;t.<br />\r\n	Ihre Zahlungsdaten werden nur dazu verwendet, die Bezahlung der von Ihnen bei uns bestellten Ware abzuwickeln.<br />\r\n	F&uuml;r die &Uuml;bertragung pers&ouml;nlicher Daten (z.b im Bestellprozess oder bei der Anmeldung) wird die sogenannte SSL-Verschl&uuml;sselung (Secure Socket Layer) eingesetzt.</p>\r\n', NULL, 'bezahlen-online-shop-sicher', 'true', 'false', '', '', '', NULL, NULL, NULL, NULL, 1, '2012-03-26 10:41:51', 1, '2012-03-26 10:41:51'),
(22, 'de', 'Was ist eine SSL-Verschlüsselung?', NULL, '<p>\r\n	SSL ist die Abk&uuml;rzung f&uuml;r Secure Socket Layer.<br />\r\n	Entwickelt von den Firmen Netscape und RSA Data Security soll das SSL-Protokoll gew&auml;hrleisten, dass sensible Daten beim Surfen im Internet, beispielsweise Kreditkarten-Informationen beim Online Shopping, verschl&uuml;sselt &uuml;bertragen werden. Somit soll verhindert werden, dass Dritt-Nutzer die Daten bei der &Uuml;bertragung nicht auslesen oder manipulieren k&ouml;nnen. Zudem stellt dieses Verschl&uuml;sselungsverfahren die Identit&auml;t einer Website sicher.</p>\r\n<p>\r\n	Eine gut funktionierende SSL Verschl&uuml;sselung zeichnet sich dadurch aus, dass die versendeten Daten absolut sicher sind. Der Inhalt verschickter Nachrichten geht nur verschl&uuml;sselt &uuml;ber das Netz. Zudem &uuml;berpr&uuml;fen wirkungsvolle Algorithmen die Daten hinsichtlich ihrer Vollst&auml;ndigkeit und ihres Zustands, bevor diese beim Empf&auml;nger ankommen. SSL ist mittlerweile der Standard f&uuml;r die Browserverschl&uuml;sselung.</p>\r\n', NULL, 'ssl-verschluesselung', 'true', 'false', '', '', '', NULL, NULL, NULL, NULL, 1, '2012-03-26 10:42:20', 1, '2012-03-26 10:42:20'),
(23, 'de', 'Versand & Lieferung', NULL, NULL, NULL, 'versand-lieferung', 'true', 'false', NULL, NULL, NULL, NULL, NULL, NULL, NULL, 1, '2012-03-26 10:42:59', 1, '2012-03-26 10:42:59'),
(24, 'de', 'Wie hoch sind die Versandkosten?', NULL, '<p>\r\n	Ihre bestellten Artikel liefern wir direkt zu Ihnen nach Hause. Pro Bestellung wird zus&auml;tzlich zum Kaufpreis ein pauschaler Versandkostenanteil von &euro; 4,95 f&uuml;r den Versand nach Deutschland und &Ouml;sterreich berechnet, unabh&auml;ngig von der Anzahl Ihrer Artikel und Art der Lieferung. Ab &euro; 25 liefern wir Versandkostenfrei nach &Ouml;sterreich und Deutschland.</p>\r\n<div class="cartInner vkTable">\r\n	<table border="0" cellpadding="0" cellspacing="0" class="mainCart">\r\n		<tbody>\r\n			<tr class="head">\r\n				<th align="left" class="left">\r\n					Land</th>\r\n				<th align="right" class="right">\r\n					Warenwert <span>(ink. MwSt.)</span></th>\r\n				<th align="left" class="right">\r\n					Lieferkosten <span>(ink. MwSt.)</span></th>\r\n			</tr>\r\n			<tr class="article">\r\n				<td class="firstcol left">\r\n					<strong>&Ouml;sterreich</strong></td>\r\n				<td align="right" class="right">\r\n					ab &euro; 25,00</td>\r\n				<td align="right" class="lastcol right">\r\n					kostenlos</td>\r\n			</tr>\r\n			<tr class="subarticle">\r\n				<td class="firstcol left">\r\n					&nbsp;</td>\r\n				<td align="right" class="right">\r\n					ab &euro; 0,00</td>\r\n				<td align="right" class="lastcol right">\r\n					&euro; 4,99</td>\r\n			</tr>\r\n			<tr class="article">\r\n				<td class="firstcol left">\r\n					<strong>Deutschland</strong></td>\r\n				<td align="right" class="right">\r\n					ab &euro; 25,00</td>\r\n				<td align="right" class="lastcol right">\r\n					kostenlos</td>\r\n			</tr>\r\n			<tr class="subarticle">\r\n				<td class="firstcol left">\r\n					&nbsp;</td>\r\n				<td align="right" class="right">\r\n					ab &euro; 0,00</td>\r\n				<td align="right" class="lastcol right">\r\n					&euro; 4,99</td>\r\n			</tr>\r\n		</tbody>\r\n	</table>\r\n</div>\r\n<p>\r\n	&nbsp;</p>\r\n', NULL, 'versandkosten', 'true', 'false', '', '', '', NULL, NULL, NULL, NULL, 1, '2012-03-26 10:43:49', 1, '2012-03-26 10:43:49'),
(25, 'de', 'Wie lange dauert normalerweise eine Lieferung?', NULL, '<p>\r\n	Lieferbare Artikel werden in der Regel innerhalb von 2-3 Tagen geliefert.</p>\r\n', NULL, 'lange-dauert-normalerweise-lieferung', 'true', 'false', '', '', '', NULL, NULL, NULL, NULL, 1, '2012-03-26 10:44:11', 1, '2012-03-26 10:44:11'),
(26, 'de', 'Was muss ich tun, wenn sich meine Lieferadresse ändert?', NULL, '<p>\r\n	&Auml;ndern Sie Ihre Adresse einfach unter &bdquo;Mein Konto&ldquo; und speichern Sie die Adresse neu ab.</p>\r\n', NULL, 'tun-lieferadresse-aendert', 'true', 'false', '', '', '', NULL, NULL, NULL, NULL, 1, '2012-03-26 10:44:35', 1, '2012-03-26 10:44:35'),
(27, 'de', 'Gibt es eine Möglichkeit versandkostenfrei zu bestellen? ', NULL, '<p>\r\n	Alle Bestellungen mit einem Warenkorbwert ab &euro; 25 liefern wir versandkostenfrei.</p>\r\n', NULL, 'moeglichkeit-versandkostenfrei-bestellen', 'true', 'false', '', '', '', NULL, NULL, NULL, NULL, 1, '2012-03-26 10:44:59', 1, '2012-03-26 10:44:59'),
(28, 'de', 'Gibt es einen Expressversand?', NULL, '<p>\r\n	Der Expressversand ist momentan noch nicht m&ouml;glich. Wir werden jedoch in Ihrem Sinne unseren Service immer weiter ausbauen.</p>\r\n', NULL, 'expressversand', 'true', 'false', '', '', '', NULL, NULL, NULL, NULL, 1, '2012-03-26 10:46:02', 1, '2012-03-26 10:45:28'),
(29, 'de', 'Was ist, wenn ich nicht zu Hause bin?', NULL, '<p>\r\n	Sollten Sie generell schlecht zu Hause zu erreichen sein, bieten wir Ihnen vorab die M&ouml;glichkeit sich die Bestellung an eine abweichende Lieferadresse (z.B. zur Arbeit) liefern zu lassen.</p>\r\n<p>\r\n	Wenn das Paket beim ersten Zustellversuch nicht zugestellt werden konnte, erfolgt ein weiterer Zustellversuch, oder Sie erhalten eine Benachrichtigung, dass Ihr Paket in der n&auml;chstgelegenen Postfiliale hinterlegt wurde.</p>\r\n', NULL, 'ist-hause-bin', 'true', 'false', '', '', '', NULL, NULL, NULL, NULL, 1, '2012-03-26 10:46:34', 1, '2012-03-26 10:46:34'),
(30, 'de', 'Zahlungsarten', NULL, '<p>\r\n	Wir bieten unseren Kunden folgende Zahlungsm&ouml;glichkeiten:</p>\r\n<ul>\r\n	<li>\r\n		Kreditkarte (Visa, Mastercard)</li>\r\n	<li>\r\n		PayPal</li>\r\n	<li>\r\n		Sofort&uuml;berweisung</li>\r\n	<li>\r\n		Vorauskassa</li>\r\n</ul>\r\n<p>\r\n	Bei Zahlung per Kreditkarte wird der Rechnungsbetrag sofort nach Bestelleingang eingezogen.</p>\r\n', NULL, 'zahlungsarten', 'true', 'false', '', '', '', NULL, NULL, NULL, NULL, 1, '2012-03-26 10:48:26', 1, '2012-03-26 10:47:36'),
(31, 'de', 'Wird eine Bonitätsprüfung durchgeführt?', NULL, '<p>\r\n	Eine Bonit&auml;tspr&uuml;fung wird nicht durchgef&uuml;hrt. Allerdings behalten wir uns das Recht vor Kunden vom Online-Kauf auszuschlie&szlig;en, sofern diese im Rahmen eines Betrugsversuchs auff&auml;llig geworden sind.</p>\r\n', NULL, 'bonitaetspruefung-durchgefuehrt', 'true', 'false', '', '', '', NULL, NULL, NULL, NULL, 1, '2012-03-26 10:48:49', 1, '2012-03-26 10:48:49'),
(32, 'de', 'Kann ich Gutscheine einlösen?', NULL, '<p>\r\n	Gutscheine (Gutscheincodes) k&ouml;nnen Sie ganz einfach im Warenkorb einl&ouml;sen.<br />\r\n	Der Betrag wird Ihnen dann automatisch gutgeschrieben.</p>\r\n<p>\r\n	Als Newsletter-Abonnent erhalten Sie in regelm&auml;&szlig;igen Abst&auml;nden Aktionen und Gutschein Codes!</p>\r\n', NULL, 'gutscheine-einloesen', 'true', 'false', '', '', '', NULL, NULL, NULL, NULL, 1, '2012-03-26 10:49:39', 1, '2012-03-26 10:49:39'),
(33, 'de', 'Wie funktioniert Sofortüberweisung?', NULL, '<p>\r\n	sofort&uuml;berweisung ist ein Direkt-&Uuml;berweisungsverfahren. Mit sofort&uuml;berweisung stellen Sie noch w&auml;hrend Ihrer Bestellung bequem eine &Uuml;berweisung &uuml;ber den jeweiligen Betrag in Ihr Online-Banking-Konto ein. Wir erhalten nach Abschluss der sofort&uuml;berweisung eine Echtzeitbest&auml;tigung. So k&ouml;nnen wir Ihre Bestellung sofort an Sie ausliefern - Sie erhalten dann Ihre Eink&auml;ufe schneller.</p>\r\n<p>\r\n	Umfangreiche Informationen zur Sicherheit von Sofort&uuml;berweisung finden Sie <a href="https://www.payment-network.com/" target="_blank">hier</a>.</p>\r\n', NULL, 'funktioniert-sofortueberweisung', 'true', 'false', '', '', '', NULL, NULL, NULL, NULL, 1, '2012-03-26 10:50:05', 1, '2012-03-26 10:50:05'),
(34, 'de', 'Rückgaberecht', NULL, '<p>\r\n	<strong>Kostenfrei zur&uuml;ckschicken</strong><br />\r\n	Falls Ihnen ein Artikel nicht passt oder gef&auml;llt, k&ouml;nnen Sie ihn innerhalb von 14 Tagen kostenfrei an uns zur&uuml;ckschicken.</p>\r\n', NULL, 'rueckgaberecht', 'true', 'false', '', '', '', NULL, NULL, NULL, NULL, 1, '2012-03-26 10:51:20', 1, '2012-03-26 10:50:47'),
(35, 'de', 'Wichtige Hinweise für die Rücksendung von Paketen', NULL, '<ul>\r\n	<li>\r\n		Nur einwandfreie und originalverpackte Artikel k&ouml;nnen zur&uuml;ckgeschickt werden.</li>\r\n	<li>\r\n		Bitte legen Sie den beim Lieferschein beiliegenden Retourenschein bei.</li>\r\n	<li>\r\n		Bitte bewahren Sie in jedem Fall den Einlieferbeleg als Nachweis f&uuml;r die Retourenabgabe auf.</li>\r\n</ul>\r\n', NULL, 'wichtige-hinweise-fuer-ruecksendung-paketen', 'true', 'false', '', '', '', NULL, NULL, NULL, NULL, 1, '2012-03-26 10:51:57', 1, '2012-03-26 10:51:57'),
(36, 'de', 'Wohin erfolgt die Rücksendung?', NULL, '<p>\r\n	Ihre R&uuml;cksendung richten Sie bitte an:</p>\r\n<p>\r\n	buyclix.at<br />\r\n	Albersdorf 309/1<br />\r\n	A-8200 Gleisdorf</p>\r\n', NULL, 'erfolgt-ruecksendung', 'true', 'false', '', '', '', NULL, NULL, NULL, NULL, 1, '2012-03-26 10:52:32', 1, '2012-03-26 10:52:32'),
(37, 'de', '„Wie“ und „wann“ erhalte ich mein Geld zurück?', NULL, '<p>\r\n	Sobald Ihre R&uuml;cksendung bei uns angekommen ist, bekommen Sie Ihr Geld zur&uuml;ck.<br />\r\n	<br />\r\n	Je nach ausgew&auml;hlter Zahlungsart erhalten Sie Ihr Geld zur&uuml;ck:</p>\r\n<ul>\r\n	<li>\r\n		bei Vorauskasse erhalten Sie eine Gutschrift auf Ihr Bankkonto. Geben sie uns ihre Bankdaten bekannt damit wir die &Uuml;berweisung durchf&uuml;hren k&ouml;nnen.</li>\r\n	<li>\r\n		bei PayPal erhalten Sie eine Gutschrift auf Ihr Paypal Konto.</li>\r\n	<li>\r\n		bei Sofort&uuml;berweisung erhalten Sie eine Gutschrift auf Ihr Bankkonto. Geben sie uns ihre Bankdaten bekannt damit wir die &Uuml;berweisung durchf&uuml;hren k&ouml;nnen.</li>\r\n	<li>\r\n		bei Kreditkartenzahlung erhalten Sie eine Gutschrift auf Ihre Kreditkarte.</li>\r\n</ul>\r\n<p>\r\n	Die R&uuml;ckzahlung erfolgt innerhalb weniger Tage.</p>\r\n', NULL, 'wie-wann-erhalte-geld-zurueck', 'true', 'false', '', '', '', NULL, NULL, NULL, NULL, 1, '2012-03-26 10:53:05', 1, '2012-03-26 10:53:05'),
(38, 'de', 'Kann ich einen Artikel tauschen?', NULL, '<p>\r\n	Ein Tausch von Artikeln ist nicht m&ouml;glich. Sie haben die M&ouml;glichkeit den Artikel zur&uuml;ckzusenden und eine neue Bestellung auszul&ouml;sen.</p>\r\n', NULL, 'artikel-tauschen', 'true', 'false', '', '', '', NULL, NULL, NULL, NULL, 1, '2012-03-26 10:53:41', 1, '2012-03-26 10:53:41'),
(39, 'de', 'Hilfe & FAQ\'s', NULL, NULL, NULL, 'hilfe-faqs', 'true', 'false', NULL, NULL, NULL, NULL, NULL, NULL, NULL, 1, '2012-03-26 10:57:01', 1, '2012-03-26 10:57:01'),
(40, 'de', 'Newsletter Abmeldung', NULL, NULL, NULL, 'newsletter-abmeldung', 'true', 'false', NULL, NULL, NULL, NULL, NULL, NULL, NULL, 1, '2012-03-26 10:57:35', 1, '2012-03-26 10:57:35');

INSERT IGNORE INTO `CMSArticle` (`CMSArticle_ID`, `CMSArticleCategory_Code`, `ArticleEntry_ID`, `ArticleEntry_ID_Parent`, `Language_Code`, `CMSArticle_ID_Copy`, `Person_ID`, `CMSArticle_Code`, `CMSArticle_Order`, `CMSArticle_Linked`, `Person_ID_Edit`, `Table_Edit`, `Person_ID_Create`, `Table_Create`) VALUES
(1, 'mediapool', 1, NULL, NULL, NULL, NULL, 'mediapool_link', 1, 'false', 1, '2012-03-26 10:21:38', 1, '2012-03-26 10:21:38'),
(2, 'cms_menu', 2, NULL, NULL, NULL, NULL, 'mycms_standard_detail_40', 1, 'false', 1, '2012-03-26 10:21:38', 1, '2012-03-26 10:21:38'),
(3, 'cms_menu', 3, NULL, NULL, NULL, NULL, 'mycms_standard_detail_41', 2, 'false', 1, '2012-03-26 10:21:38', 1, '2012-03-26 10:21:38'),
(4, 'cms_menu', 4, NULL, NULL, NULL, NULL, 'mycms_news_42', 3, 'false', 1, '2012-03-26 10:21:38', 1, '2012-03-26 10:21:38'),
(5, 'cms_menu', 5, NULL, NULL, NULL, NULL, 'mycms_standard_list_43', 4, 'false', 1, '2012-03-26 10:21:38', 1, '2012-03-26 10:21:38'),
(6, 'cms_menu', 6, NULL, NULL, NULL, NULL, 'mycms_contact_44', 5, 'false', 1, '2012-03-26 10:21:38', 1, '2012-03-26 10:21:38'),
(7, 'mycms_standard_list_43', 7, NULL, NULL, NULL, NULL, NULL, 1, 'false', 1, '2012-03-26 10:21:38', 1, '2012-03-26 10:21:38'),
(8, 'mycms_standard_list_43', 8, NULL, NULL, NULL, NULL, NULL, 2, 'false', 1, '2012-03-26 10:21:38', 1, '2012-03-26 10:21:38'),
(9, 'mycms_news_42', 9, NULL, NULL, NULL, NULL, NULL, 1, 'false', 1, '2012-03-26 10:21:38', 1, '2012-03-26 10:21:38'),
(10, 'mycms_news_42', 10, NULL, NULL, NULL, NULL, NULL, 2, 'false', 1, '2012-03-26 10:21:38', 1, '2012-03-26 10:21:38'),
(11, 'cms_menu', 17, NULL, NULL, NULL, NULL, 'shop_disclaimer', 6, 'false', 1, '2012-03-26 10:37:42', 1, '2012-03-26 10:37:42'),
(12, 'cms_menu', 18, NULL, NULL, NULL, NULL, 'shop_contact', 7, 'false', 1, '2012-03-26 10:38:36', 1, '2012-03-26 10:38:36'),
(13, 'cms_menu', 19, NULL, NULL, NULL, NULL, 'shop_agb', 8, 'false', 1, '2012-03-26 10:39:56', 1, '2012-03-26 10:39:56'),
(14, 'cms_menu', 20, NULL, NULL, NULL, NULL, 'shop_security', 9, 'false', 1, '2012-03-26 10:40:53', 1, '2012-03-26 10:40:53'),
(15, 'shop_security', 21, NULL, NULL, NULL, NULL, NULL, 2, 'false', 1, '2012-03-26 10:42:20', 1, '2012-03-26 10:41:51'),
(16, 'shop_security', 22, NULL, NULL, NULL, NULL, NULL, 1, 'false', 1, '2012-03-26 10:42:20', 1, '2012-03-26 10:42:20'),
(17, 'cms_menu', 23, NULL, NULL, NULL, NULL, 'shop_delivery', 10, 'false', 1, '2012-03-26 10:42:59', 1, '2012-03-26 10:42:59'),
(18, 'shop_delivery', 24, NULL, NULL, NULL, NULL, NULL, 1, 'false', 1, '2012-03-26 10:46:51', 1, '2012-03-26 10:43:49'),
(19, 'shop_delivery', 25, NULL, NULL, NULL, NULL, NULL, 2, 'false', 1, '2012-03-26 10:46:55', 1, '2012-03-26 10:44:11'),
(20, 'shop_delivery', 26, NULL, NULL, NULL, NULL, NULL, 3, 'false', 1, '2012-03-26 10:46:59', 1, '2012-03-26 10:44:35'),
(21, 'shop_delivery', 27, NULL, NULL, NULL, NULL, NULL, 4, 'false', 1, '2012-03-26 10:46:59', 1, '2012-03-26 10:44:59'),
(22, 'shop_delivery', 28, NULL, NULL, NULL, NULL, NULL, 5, 'false', 1, '2012-03-26 10:46:59', 1, '2012-03-26 10:45:28'),
(23, 'shop_delivery', 29, NULL, NULL, NULL, NULL, NULL, 6, 'false', 1, '2012-03-26 10:46:59', 1, '2012-03-26 10:46:34'),
(24, 'cms_menu', 30, NULL, NULL, NULL, NULL, 'mycms_entry_list_52', 11, 'false', 1, '2012-03-26 10:47:36', 1, '2012-03-26 10:47:36'),
(25, 'mycms_entry_list_52', 31, NULL, NULL, NULL, NULL, NULL, 3, 'false', 1, '2012-03-26 10:50:05', 1, '2012-03-26 10:48:49'),
(26, 'mycms_entry_list_52', 32, NULL, NULL, NULL, NULL, NULL, 2, 'false', 1, '2012-03-26 10:50:05', 1, '2012-03-26 10:49:39'),
(27, 'mycms_entry_list_52', 33, NULL, NULL, NULL, NULL, NULL, 1, 'false', 1, '2012-03-26 10:50:05', 1, '2012-03-26 10:50:05'),
(28, 'cms_menu', 34, NULL, NULL, NULL, NULL, 'mycms_entry_list_53', 12, 'false', 1, '2012-03-26 10:50:47', 1, '2012-03-26 10:50:47'),
(29, 'mycms_entry_list_53', 35, NULL, NULL, NULL, NULL, NULL, 4, 'false', 1, '2012-03-26 10:53:42', 1, '2012-03-26 10:51:57'),
(30, 'mycms_entry_list_53', 36, NULL, NULL, NULL, NULL, NULL, 3, 'false', 1, '2012-03-26 10:53:42', 1, '2012-03-26 10:52:32'),
(31, 'mycms_entry_list_53', 37, NULL, NULL, NULL, NULL, NULL, 2, 'false', 1, '2012-03-26 10:53:42', 1, '2012-03-26 10:53:05'),
(32, 'mycms_entry_list_53', 38, NULL, NULL, NULL, NULL, NULL, 1, 'false', 1, '2012-03-26 10:53:42', 1, '2012-03-26 10:53:41'),
(33, 'cms_menu', 39, NULL, NULL, NULL, NULL, 'shop_help', 13, 'false', 1, '2012-03-26 10:57:01', 1, '2012-03-26 10:57:01'),
(34, 'cms_menu', 40, NULL, NULL, NULL, NULL, 'shop_newsletter_unsubscribe', 14, 'false', 1, '2012-03-26 10:57:35', 1, '2012-03-26 10:57:35');

INSERT IGNORE INTO `QueueState` (`QueueState_Code`, `QueueState_Name`, `Person_ID_Edit`, `Table_Edit`, `Person_ID_Create`, `Table_Create`) VALUES
('check','Check','1',NULL,'1',NULL),
('idle','Idle','1',NULL,'1',NULL),
('running','Running','1',NULL,'1',NULL);

INSERT IGNORE INTO `QueueType` (`QueueType_Code`, `QueueType_Title`, `Person_ID_Edit`, `Table_Edit`, `Person_ID_Create`, `Table_Create`) VALUES
('info', 'Info', '1', NULL, '1', NULL),
('system', 'System', '1', NULL, '1', NULL),
('task', 'Task', '1', NULL, '1', NULL);

INSERT IGNORE INTO `Queue` (`Queue_ID`, `QueueType_Code`, `QueueState_Code`, `Queue_Priority`, `Queue_Title`, `Queue_Action`, `Queue_Lock`, `Queue_Active`, `Queue_Date`, `Person_ID_Edit`, `Table_Edit`, `Person_ID_Create`, `Table_Create`) VALUES
(1,  'task', 'idle', 40, 'Newsletter-Versand', 'Cms_Queue_Newsletter', 'false', 'false', '2010-05-20 14:50:01', 1, '2010-05-20 14:40:01', 1, '2008-08-19 17:42:44'),
(4,  'task', 'idle', 30, 'Shop Payment Reminder', 'Shop_Queue_Paymentreminder', 'false', 'false', '2010-05-21 08:00:00', 1, '2010-05-20 08:10:20', 1, '2008-08-19 17:43:01'),
(6,  'task', 'idle', 20, 'Systemüberprüfung', 'Shop_Queue_Calculation', 'false', 'false', '2010-05-14 04:00:00', 1, '2010-05-18 09:03:22', NULL, '0000-00-00 00:00:00'),
(7,  'task', 'idle', 20, 'Geburtstagsgutschein', 'Shop_Queue_Birthdayvoucher', 'false', 'false', '2010-05-21 04:00:00', 1, '2010-05-20 04:11:27', NULL, '0000-00-00 00:00:00'),
(8,  'task', 'idle', 30, 'Autom. Freischaltung Rechnung', 'Shop_Queue_Customerinvoice', 'false', 'false', '2010-05-25 09:00:00', 1, '2010-05-18 10:20:02', 2, '2009-05-28 15:00:28'),
(9, 'task', 'idle', 30, 'Kategorie Funktionen', 'Shop_Queue_Categoryfunction', 'false', 'false', '2010-05-22 02:00:00', 1, '2010-05-20 02:20:03', 2, '2009-06-08 13:43:24'),
(10, 'info', 'idle', 10, 'Abo - Bestellerzeugung', 'Shop_Queue_Abo', 'false', 'false', '2010-05-21 07:00:00', 1, '2010-05-20 07:10:19', 2, '2009-07-13 16:25:40'),
(11, 'task', 'idle', 30, 'Aufgaben Erinnerungen', 'Shop_Queue_Taskreminder', 'false', 'false', '2010-05-21 06:00:00', 1, '2010-05-20 06:20:03', NULL, '0000-00-00 00:00:00'),
(12, 'task', 'idle', 30, 'Provisionssystem', 'Shop_Queue_Brokerage', 'false', 'false', NULL, NULL, '2010-05-17 08:43:07', NULL, '0000-00-00 00:00:00'),
(13, 'task', 'idle', 20, 'ShopCategory Synchronization', 'Shop_Queue_ShopCategorySynchronization', 'false', 'false', '2010-05-17 08:43:07', 1, '2010-07-26 11:59:31', 1, '2010-07-26 11:59:31'),
(14, 'task', 'idle', 20, 'Produkt-Sortierreihenfolge berechnen', 'Shop_Queue_ArticleOrderWeight', 'false', 'false', NULL, 1, '2013-09-11 11:43:01', 1, '2013-09-11 11:43:01'),
(15, 'task', 'idle', 10, 'Währungsupdater', 'Datenkraft_Service_Queue_Task_Currency', 'false', 'false', NULL, 1, '2014-06-18 11:43:01', 1, '2014-06-18 11:43:01'),
(16, 'task', 'idle', 20, 'Verarbeitung von Bestellungen', 'Shop_Queue_Orderhandler', 'false', 'false', NULL, 1, '2015-05-20 13:50:44', 1, '2015-05-20 13:50:44');

INSERT IGNORE INTO `Shop` (`Shop_Code`, `Country_Code`, `Language_Code`, `Currency_Code`, `Shop_Name`, `Shop_ShopArticle_Enabled`, `Person_ID_Edit`, `Table_Edit`, `Person_ID_Create`, `Table_Create`) VALUES
('default', 'AT', NULL, 'EUR', 'BuyClix Shop', 'true', 2, '2008-07-21 18:32:43', 2, '0000-00-00 00:00:00');

INSERT IGNORE INTO `ShopAccountJournalState` (`ShopAccountJournalState_Code`, `ShopAccountJournalState_Name`, `ShopAccountJournalState_Active`, `ShopAccountJournalState_Order`, `Person_ID_Edit`, `Table_Edit`, `Person_ID_Create`, `Table_Create`) VALUES
('print', 'Drucken', 'true', 1, NULL, '2010-04-21 13:30:04', NULL, '0000-00-00 00:00:00'),
('print_parent', 'Drucken des Haupteintrages', 'true', 2, NULL, '2010-04-21 13:30:04', NULL, '0000-00-00 00:00:00'),
('storno_without_stockchanges', 'Lieferung wurde storniert, ohne Lageränderungen', 'true', 3, NULL, '2010-04-21 13:30:04', NULL, '0000-00-00 00:00:00');

INSERT IGNORE INTO `ShopAccountJournalType` (`ShopAccountJournalType_Code`, `ShopAccountJournalType_Name`, `ShopAccountJournalType_BookingCode`, `ShopAccountJournalType_NumberPrefix`, `Person_ID_Edit`, `Table_Edit`, `Person_ID_Create`, `Table_Create`) VALUES
('brokerage', 'ProvGU', NULL, NULL, 1, '2010-04-21 13:31:13', 1, '0000-00-00 00:00:00'),
('complete', 'Rechnung', 'AR', 'R', 1, '2010-04-21 13:31:13', 1, '0000-00-00 00:00:00'),
('complete_cashdesk', 'Rechnung', 'KR', 'K', 1, '2010-04-21 13:31:13', 1, '0000-00-00 00:00:00'),
('delivery', 'Lieferschein', 'LS', 'L', 1, '2010-04-21 13:31:13', 1, '0000-00-00 00:00:00'),
('paymentreminder', 'Mahnung', NULL, 'M', NULL, '2010-04-21 13:30:04', NULL, '0000-00-00 00:00:00'),
('storno', 'Gutschrift', 'GS', 'G', 1, '2010-04-21 13:31:13', 1, '0000-00-00 00:00:00'),
('storno_cashdesk', 'Gutschrift', 'KG', 'KG', 1, '2010-04-21 13:31:13', 1, '0000-00-00 00:00:00');

INSERT IGNORE INTO `ShopArticleDelivery` (`ShopArticleDelivery_Code`, `ShopArticleDelivery_Name`, `ShopArticleDelivery_Order`, `Person_ID_Edit`, `Table_Edit`, `Person_ID_Create`, `Table_Create`) VALUES
('green', 'Sofort lieferbar', 1, NULL, '2008-07-16 10:21:31', NULL, '0000-00-00 00:00:00'),
('red', 'Nicht lieferbar', 3, NULL, '2008-07-16 10:21:34', NULL, '0000-00-00 00:00:00'),
('yellow', 'Nicht auf Lager', 2, NULL, '2008-07-16 10:21:38', NULL, '0000-00-00 00:00:00');

INSERT IGNORE INTO `ShopArticleGroupType` (`ShopArticleGroupType_Code`, `ShopArticleGroupType_Name`, `ShopArticleGroupType_Show`, `Person_ID_Edit`, `Table_Edit`, `Person_ID_Create`, `Table_Create`) VALUES
('system', 'System', 'true', NULL, '2011-08-30 13:40:46', NULL, '2011-08-30 13:40:46'),
('newsletter', 'Newsletter', 'true', NULL, '2011-08-30 13:40:46', NULL, '2011-08-30 13:40:46'),
('partnerprovision', 'Partnerprovisionen', 'true', NULL, '2011-08-30 13:40:46', NULL, '2011-08-30 13:40:46');

INSERT IGNORE INTO `ShopArticleGroup` (`ShopArticleGroupType_Code`, `ShopArticleGroup_Code`, `ShopArticleGroup_Name`, `ShopArticleGroup_Description`, `ShopArticleGroup_Order`, `Table_Edit`, `Table_Create`) VALUES
('system', 'no_discount', 'Kein Rabatt', 'Auf Verkaufsartikel, die dieser Artikelgruppe zugewiesen sind kann kein Rabatt gewährt werden.', 1, '2011-08-30 15:05:40', '2011-08-30 15:05:40');

INSERT IGNORE INTO `ShopArticleItemType` (`ShopArticleItemType_Code`, `ShopArticleItemType_Order`, `ShopArticleItemType_Active`, `ShopArticleItemType_Bundle`, `ShopArticleItemType_Name`, `ShopArticleItemType_Group`, `Person_ID_Edit`, `Table_Edit`, `Person_ID_Create`, `Table_Create`) VALUES
('bundle', 2, 'true', 'true', 'Bundle', 'false', NULL, '2010-04-21 13:30:04', NULL, '0000-00-00 00:00:00'),
('bundle_changeable', 3, 'false', 'true', 'Bundle (Freie Wahl der Variantenanzahl)', 'false', NULL, '2010-04-21 13:30:04', NULL, '0000-00-00 00:00:00'),
('standard', 1, 'true', 'false', 'Standard', 'false', NULL, '2010-04-21 13:30:04', NULL, '0000-00-00 00:00:00');

INSERT IGNORE INTO `ShopArticleType` (`ShopArticleType_ID`, `ShopArticleType_Code`, `ShopArticleType_Name`, `ShopArticleType_System`, `ShopArticleType_CssClass`, `Person_ID_Edit`, `Table_Edit`, `Person_ID_Create`, `Table_Create`) VALUES
(1, 'default', 'Standardartikel', 'true', NULL, 1, '2012-03-02 13:34:21', 1, '2012-03-02 13:34:21'),
(2, 'sale', 'Aktionsartikel', 'true', 'sale', 1, '2012-03-02 13:34:21', 1, '2012-03-02 13:34:21'),
(3, 'new', 'Neu', 'true', 'new', 1, '2012-03-02 13:34:21', 1, '2012-03-02 13:34:21');

INSERT IGNORE INTO `ShopArticleType_Language` (`ShopArticleType_ID`, `Language_Code`, `ShopArticleType_Language_Title`, `Person_ID_Edit`, `Table_Edit`, `Person_ID_Create`, `Table_Create`) VALUES
(1, 'de', '', 1, '2012-03-02 13:34:21', 1, '2012-03-02 13:34:21'),
(2, 'de', 'Aktion', 1, '2012-03-02 13:34:21', 1, '2012-03-02 13:34:21'),
(3, 'de', '', 1, '2012-03-02 13:34:21', 1, '2012-03-02 13:34:21');

INSERT IGNORE INTO `ShopArticle_ShopCategoryType` (`ShopArticle_ShopCategoryType_Code`, `ShopArticle_ShopCategoryType_Name`, `Person_ID_Edit`, `Table_Edit`, `Person_ID_Create`, `Table_Create`) VALUES
('default', 'Standard', 1, '2011-07-01 15:52:34', 1, '2011-07-01 15:52:34'),
('startpage', 'Startseiten Artikel', NULL, '2010-04-21 13:30:04', NULL, '0000-00-00 00:00:00');

INSERT IGNORE INTO `ShopArticleAttributeType` (`ShopArticleAttributeType_ID`, `ShopArticleAttributeType_Name`, `ShopArticleAttributeType_Order`, `ShopArticleAttributeType_Filter`, `ShopArticleAttributeType_Show`, `ShopArticleAttributeType_Compare`, `ShopArticleAttributeType_Tracking`, `Person_ID_Edit`, `Table_Edit`, `Person_ID_Create`, `Table_Create`) VALUES
(1, 'Marke', 1, 'true', 'true', 'false', 'false', 1, '2011-11-15 17:17:54', 1, '2011-11-15 17:17:54');

INSERT IGNORE INTO `ShopArticleAttributeType_Language` (`ShopArticleAttributeType_ID`, `Language_Code`, `ShopArticleAttributeType_Language_Title`, `Person_ID_Edit`, `Table_Edit`, `Person_ID_Create`, `Table_Create`) VALUES
(1, 'de', 'Marke', 1, '2011-11-15 17:17:54', 1, '2011-11-15 17:17:54');

INSERT IGNORE INTO `ShopCategoryType` (`ShopCategoryType_Code`, `ShopCategoryType_Name`, `Person_ID_Edit`, `Table_Edit`, `Person_ID_Create`, `Table_Create`) VALUES
('special', 'System Kategorie', 1, '2008-01-02 09:40:46', 1, '0000-00-00 00:00:00'),
('standard', 'Standard Kategorie', 1, '2008-01-02 09:40:39', 1, '0000-00-00 00:00:00'),
('startpage', 'Startseite', 1, '2008-01-02 09:40:46', 1, '0000-00-00 00:00:00');

INSERT IGNORE INTO `ShopCategory` (`ShopCategory_ID`, `ArticleEntry_ID`, `ShopCategoryType_Code`, `ShopArticleAttributeType_ID`, `ShopCategory_ID_CopyFrom`, `ShopArticleAttributeItem_ID`, `ShopCategory_Code`, `ShopCategory_ID_Root`, `ShopCategory_Left`, `ShopCategory_Right`, `ShopCategory_Order`, `ShopCategory_Level`, `ShopCategory_Show`, `ShopCategory_Glassy`, `ShopCategory_Priority`, `ShopCategory_IsDynamic`, `ShopCategory_IsCopied`, `ShopCategory_AddFilter`, `Person_ID_Edit`, `Table_Edit`, `Person_ID_Create`, `Table_Create`) VALUES
(1, 11, 'standard', NULL, NULL, NULL, NULL, 1, 1, 2, 1, 0, 'true', 'true', 0, 'false', 'false', 'false', 1, '2010-04-21 13:02:24', 1, '2010-04-21 13:02:24'),
(2, 12, 'special', NULL, NULL, NULL, NULL, 2, 1, 10, 1, 0, 'true', 'true', 0, 'false', 'false', 'false', 1, '2011-02-14 11:04:04', 1, '2010-04-21 13:02:24'),
(3, 13, 'special', NULL, NULL, NULL, NULL, 2, 2, 3, 1, 1, 'true', 'false', 0, 'false', 'false', 'false', 1, '2011-02-14 11:03:02', 1, '2011-02-14 11:03:02'),
(4, 14, 'special', NULL, NULL, NULL, NULL, 2, 4, 5, 2, 1, 'true', 'false', 0, 'false', 'false', 'false', 1, '2011-02-14 11:03:17', 1, '2011-02-14 11:03:17'),
(5, 15, 'special', NULL, NULL, NULL, NULL, 2, 6, 7, 3, 1, 'true', 'false', 0, 'false', 'false', 'false', 1, '2011-02-14 11:03:30', 1, '2011-02-14 11:03:30'),
(6, 16, 'special', NULL, NULL, NULL, NULL, 2, 8, 9, 4, 1, 'true', 'false', 0, 'false', 'false', 'false', 1, '2011-02-14 11:04:04', 1, '2011-02-14 11:04:04');

INSERT IGNORE INTO `ShopCategoryFunction` (`ShopCategoryFunction_Code`, `ShopCategoryFunction_Name`, `ShopCategoryFunction_Active`, `ShopCategoryFunction_Order`, `Person_ID_Edit`, `Table_Edit`, `Person_ID_Create`, `Table_Create`) VALUES
('autofill_topseller', 'Autobefüllung - Topseller', 'true', 1, NULL, '2010-04-21 13:30:04', NULL, '0000-00-00 00:00:00'),
('autofill_lastadded', 'Autobefüllung - Zuletzt hinzugefügt', 'true', 2, NULL, '2010-04-21 13:30:04', NULL, '0000-00-00 00:00:00'),
('autofill_special', 'Autobefüllung - Aktionsartikel', 'true', 3, NULL, '2010-04-21 13:30:04', NULL, '0000-00-00 00:00:00'),
('autofill_new', 'Autobefüllung - Neue Artikel', 'true', 4, NULL, '2011-08-25 16:17:00', NULL, '2011-08-25 16:17:00'),
('setarticletype_new', 'Autom. Produkttyp der Verkaufsartikel auf "Neu" setzen', 'true', 5, NULL, '2010-04-21 13:30:04', NULL, '0000-00-00 00:00:00'),
('setarticletype_special', 'Autom. Produkttyp der Verkaufsartikel auf "Aktionsartikel" setzen', 'true', 6, NULL, '2010-04-21 13:30:04', NULL, '0000-00-00 00:00:00'),
('setarticleitem_stockrestriction', 'Autom. alle Produkte auf Lagerstand einschränken', 'true', 7, NULL, '2010-04-21 13:30:04', NULL, '0000-00-00 00:00:00');

INSERT IGNORE INTO `ShopConfig` (`ShopConfig_Code`, `ShopConfig_Name`, `ShopConfig_Order`, `ShopConfig_Critical`, `ShopConfig_Required`, `ShopConfig_Multiline`, `Person_ID_Edit`, `Table_Edit`, `Person_ID_Create`, `Table_Create`) VALUES
('bon_bottom_text', 'Bon Fußzeile', 72, 'false', 'false', 'true', NULL, '2010-04-21 13:31:13', NULL, '2010-04-21 13:31:13'),
('bon_header_text', 'Bon Kopfzeile', 64, 'false', 'false', 'true', NULL, '2010-04-21 13:31:13', NULL, '2010-04-21 13:31:13'),
('categoryroot_main', 'Kategorie (Wurzel) Allgemein', 25, 'true', 'true', 'false', 1, '2008-02-25 08:42:56', 1, '0000-00-00 00:00:00'),
('categoryroot_products', 'Kategorie (Wurzel) Produkte', 24, 'true', 'true', 'false', 1, '2008-02-25 08:42:50', 1, '0000-00-00 00:00:00'),
('category_brandnew', 'Kategorie "Neu im Shop"', 31, 'true', 'true', 'false', 1, '2008-02-25 08:43:13', 1, '0000-00-00 00:00:00'),
('category_sale', 'Kategorie "Aktionen"', 30, 'true', 'true', 'false', 1, '2008-02-25 08:43:13', 1, '0000-00-00 00:00:00'),
('category_startpage', 'Kategorie Startseite', 27, 'true', 'true', 'false', 1, '2008-02-25 08:43:03', 1, '0000-00-00 00:00:00'),
('category_startpage_empfehlungen', 'Kategorie Startseite Empfehlungen', 28, 'true', 'true', 'false', 1, '2008-02-25 08:43:06', 1, '0000-00-00 00:00:00'),
('category_startpage_topseller', 'Kategorie Startseite Topseller', 29, 'true', 'true', 'false', 1, '2008-02-25 08:43:09', 1, '0000-00-00 00:00:00'),
('category_topseller', 'Kategorie Topseller', 26, 'true', 'true', 'false', 1, '2008-02-25 08:42:59', 1, '0000-00-00 00:00:00'),
('citation', 'Grußformel', 4, 'true', 'true', 'false', 1, '2008-02-09 16:36:30', 1, '0000-00-00 00:00:00'),
('company_address', 'Firmenanschrift', 1, 'false', 'true', 'false', NULL, '2008-02-11 15:26:36', NULL, '0000-00-00 00:00:00'),
('company_city', 'Firmensitz (Ort)', 45, 'false', 'true', 'false', NULL, '2010-04-21 13:30:04', NULL, '0000-00-00 00:00:00'),
('company_commercial_register_number', 'Firmenbuch Nummer', 50, 'false', 'false', 'false', NULL, '2010-04-21 13:31:13', NULL, '0000-00-00 00:00:00'),
('company_fax', 'Firmen Fax', 1, 'false', 'false', 'false', NULL, '2008-02-11 15:27:05', NULL, '0000-00-00 00:00:00'),
('company_hotline', 'Firmen Hotline', 1, 'false', 'false', 'false', NULL, '2008-02-11 15:26:47', NULL, '0000-00-00 00:00:00'),
('company_name', 'Firmenname', 1, 'false', 'true', 'false', NULL, '2008-02-11 15:26:19', NULL, '0000-00-00 00:00:00'),
('company_phone', 'Firmen Telefon', 1, 'false', 'false', 'false', NULL, '2008-02-11 15:26:47', NULL, '0000-00-00 00:00:00'),
('company_vat_id', 'UID Nummer', 50, 'false', 'false', 'false', NULL, '2010-04-21 13:31:13', NULL, '0000-00-00 00:00:00'),
('default_deliverytime', 'Default Lieferzeit (WAWI)', 5, 'true', 'true', 'false', 1, '2008-02-09 16:40:13', 1, '0000-00-00 00:00:00'),
('default_vat', 'Default Steuersatz', 6, 'false', 'true', 'false', 1, '2008-02-09 16:40:04', 1, '0000-00-00 00:00:00'),
('delivery_reply_address', 'Lieferung - Rücksendeadresse', 23, 'false', 'false', 'true', 1, '2008-02-09 19:50:33', 1, '0000-00-00 00:00:00'),
('delivery_reply_address_dhl', 'Lieferung - Rücksendeadresse DHL', 24, 'false', 'false', 'true', NULL, '2010-04-21 13:31:13', NULL, '0000-00-00 00:00:00'),
('email_address_internal', 'Email Adresse Intern', 9, 'false', 'false', 'false', 1, '2008-02-09 16:39:16', 1, '0000-00-00 00:00:00'),
('email_address_internal_order', 'E-Mail Adresse Intern (Bestellungen)', 9, 'false', 'false', 'false', 1, '2012-04-24 11:29:01', 1, '2012-04-24 11:29:07'),
('email_order_cancellation_policy', 'Rückgabebelehrung (E-Mail)', 11, 'true', 'false', 'false', NULL, '2010-04-21 13:31:13', NULL, '0000-00-00 00:00:00'),
('email_footer_impressum', 'E-Mail Impressum', 13, 'false', 'false', 'true', NULL, '2010-04-21 13:31:13', NULL, '0000-00-00 00:00:00'),
('google_analytics_id', 'Google Analytics ID', 9, 'false', 'false', 'false', 1, '2008-02-09 16:39:16', 1, '0000-00-00 00:00:00'),
('invoice_company_delivery_address', 'Anschrift der Firma (html)', 43, 'false', 'false', 'true', NULL, '2008-02-28 11:03:46', NULL, '0000-00-00 00:00:00'),
('invoice_company_info_text', 'Firmen Infotext', 41, 'false', 'false', 'true', NULL, '2008-02-28 10:00:58', NULL, '0000-00-00 00:00:00'),
('invoice_customer_logo', 'Rechnung Kundenlogo', 51, 'true', 'false', 'false', NULL, '2010-04-21 13:31:13', NULL, '0000-00-00 00:00:00'),
('invoice_default_payment_discount_period', 'Std. Zahlungsziel (mit Skonto)', 37, 'false', 'false', 'false', NULL, '2011-05-03 14:07:58', NULL, '2011-05-03 14:08:11'),
('invoice_default_payment_discount_value', 'Std. Skonto', 38, 'false', 'false', 'false', NULL, '2011-05-03 14:07:58', NULL, '2011-05-03 14:08:11'),
('invoice_default_payment_period', 'Std. Zahlungsziel (ohne Abzug)', 36, 'false', 'false', 'false', NULL, '2011-05-03 14:07:58', NULL, '2011-05-03 14:08:11'),
('invoice_table_footer_text', 'Text in der Tabellenfußzeile', 40, 'false', 'false', 'false', NULL, '2008-02-28 09:55:00', NULL, '0000-00-00 00:00:00'),
('logo_backend', 'Backend Logo (Icon)', 9, 'false', 'false', 'false', 1, '2008-02-09 16:39:16', 1, '0000-00-00 00:00:00'),
('logo_path_and_filename', 'Logo Pfad und Dateiname', 42, 'false', 'false', 'false', NULL, '2008-02-28 10:10:02', NULL, '0000-00-00 00:00:00'),
('name_short', 'Shop Kurzbezeichnung', 0, 'false', 'true', 'false', 1, '2008-02-09 16:38:15', 1, '0000-00-00 00:00:00'),
('payment_cod_bank_accountname', 'Nachnahme Kontoinhaber', 18, 'false', 'true', 'false', 1, '2008-02-09 19:34:35', 1, '0000-00-00 00:00:00'),
('payment_cod_bank_accountnumber', 'Nachnahme Kontonummer', 17, 'false', 'false', 'false', 1, '2008-02-09 19:34:25', 1, '0000-00-00 00:00:00'),
('payment_cod_bank_bic', 'Nachnahme Bank BIC', 22, 'false', 'true', 'false', 1, '2008-02-09 19:39:43', 1, '0000-00-00 00:00:00'),
('payment_cod_bank_iban', 'Nachnahme Bank IBAN', 21, 'false', 'true', 'false', 1, '2008-02-09 19:39:32', 1, '0000-00-00 00:00:00'),
('payment_cod_bank_name', 'Nachnahme Bank Name', 19, 'false', 'true', 'false', 1, '2008-02-09 19:35:01', 1, '0000-00-00 00:00:00'),
('payment_cod_bank_number', 'Nachnahme Bank BLZ', 20, 'false', 'false', 'false', 1, '2008-02-09 19:35:06', 1, '0000-00-00 00:00:00'),
('payment_invoice_accountname', 'Rechnung Kontoinhaber', 30, 'false', 'false', 'false', 1, '2008-03-04 17:44:31', 1, '0000-00-00 00:00:00'),
('payment_invoice_accountnumber', 'Rechnung Kontonummer', 31, 'false', 'false', 'false', 1, '2008-03-04 17:48:45', 1, '0000-00-00 00:00:00'),
('payment_invoice_bank_bic', 'Rechnung Bank BIC', 32, 'false', 'false', 'false', 1, '2008-03-04 17:49:38', 1, '0000-00-00 00:00:00'),
('payment_invoice_bank_iban', 'Rechnung Bank IBAN', 33, 'false', 'false', 'false', 1, '2008-03-04 17:50:00', 1, '0000-00-00 00:00:00'),
('payment_invoice_bank_name', 'Rechnung Bank Name', 34, 'false', 'false', 'false', 1, '2008-03-04 17:50:23', 1, '0000-00-00 00:00:00'),
('payment_invoice_bank_number', 'Rechnung Bank BLZ', 35, 'false', 'false', 'false', 1, '2008-03-04 17:50:53', 1, '0000-00-00 00:00:00'),
('payment_prepayed_accountname', 'Vorauskasse Konteninhaber', 11, 'false', 'true', 'false', 1, '2008-02-09 16:53:50', 1, '0000-00-00 00:00:00'),
('payment_prepayed_accountnumber', 'Vorauskasse Kontonummer', 12, 'false', 'false', 'false', 1, '2008-02-09 16:50:31', 1, '0000-00-00 00:00:00'),
('payment_prepayed_bank_bic', 'Vorauskasse Bank BIC', 13, 'false', 'true', 'false', 1, '2008-02-09 16:53:40', 1, '0000-00-00 00:00:00'),
('payment_prepayed_bank_iban', 'Vorauskasse Bank IBAN', 14, 'false', 'true', 'false', 1, '2008-02-09 16:53:31', 1, '0000-00-00 00:00:00'),
('payment_prepayed_bank_name', 'Vorauskasse Bank Name', 15, 'false', 'true', 'false', 1, '2008-02-09 16:53:26', 1, '0000-00-00 00:00:00'),
('payment_prepayed_bank_number', 'Vorauskasse Bank BLZ', 16, 'false', 'false', 'false', 1, '2008-02-09 16:53:19', 1, '0000-00-00 00:00:00'),
('postaviso_customer_name', 'Postaviso Kundenname', 56, 'false', 'false', 'false', NULL, '2010-04-21 13:31:13', NULL, '0000-00-00 00:00:00'),
('postaviso_debitor_number', 'Postaviso Debitor Auftraggeber', 57, 'false', 'false', 'false', NULL, '2010-04-21 13:31:13', NULL, '0000-00-00 00:00:00'),
('postaviso_post_email', 'Postaviso Post Empfänger-Email', 58, 'false', 'false', 'false', NULL, '2010-04-21 13:31:13', NULL, '0000-00-00 00:00:00'),
('postaviso_shipper_city', 'Postaviso Absender Ort', 61, 'false', 'false', 'false', NULL, '2010-04-21 13:31:13', NULL, '0000-00-00 00:00:00'),
('postaviso_shipper_country', 'Postaviso Absenderland', 59, 'false', 'false', 'false', NULL, '2010-04-21 13:30:04', NULL, '0000-00-00 00:00:00'),
('postaviso_shipper_housenumber', 'Postaviso Absender Hausnummer', 63, 'false', 'false', 'false', NULL, '2010-04-21 13:31:13', NULL, '0000-00-00 00:00:00'),
('postaviso_shipper_street', 'Postaviso Absender Straße', 62, 'false', 'false', 'false', NULL, '2010-04-21 13:31:13', NULL, '0000-00-00 00:00:00'),
('postaviso_shipper_zipcode', 'Postaviso Absender PLZ', 60, 'false', 'false', 'false', NULL, '2010-04-21 13:31:13', NULL, '0000-00-00 00:00:00'),
('postlabel_customer_logo', 'Post-Label Kundenlogo', 50, 'true', 'false', 'false', NULL, '2010-04-21 13:31:13', NULL, '0000-00-00 00:00:00'),
('postlist_contactperson', 'Postlisten Kontaktperson', 53, 'false', 'false', 'false', NULL, '2010-04-21 13:31:13', NULL, '0000-00-00 00:00:00'),
('postlist_email', 'Postlisten Email', 55, 'false', 'false', 'false', NULL, '2010-04-21 13:31:13', NULL, '0000-00-00 00:00:00'),
('postlist_phone', 'Postlisten Telefon', 54, 'false', 'false', 'false', NULL, '2010-04-21 13:31:13', NULL, '0000-00-00 00:00:00'),
('postlist_sap_number', 'SAP-Kundennummer', 52, 'false', 'false', 'false', NULL, '2010-04-21 13:31:13', NULL, '0000-00-00 00:00:00'),
('site_email', 'Emailadresse Absender', 7, 'false', 'true', 'false', 1, '2008-02-09 16:54:22', 1, '0000-00-00 00:00:00'),
('site_email_from', 'Email Absender Name', 8, 'false', 'true', 'false', 1, '2008-02-09 16:54:16', 1, '0000-00-00 00:00:00'),
('site_email_sender_address', 'Absender Email  Adresse', 24, 'false', 'true', 'false', NULL, '2008-02-11 15:07:12', NULL, '0000-00-00 00:00:00'),
('site_email_sender_name', 'Absender Email Name', 25, 'false', 'true', 'false', NULL, '2010-04-21 13:31:13', NULL, '0000-00-00 00:00:00'),
('trusted_shops_id', 'Trusted Shops ID', 10, 'true', 'false', 'false', NULL, '2012-03-14 12:07:19', NULL, '0000-00-00 00:00:00'),
('title_logo', 'Logo Titel und Text', 0, 'false', 'true', 'false', NULL, '2012-03-14 12:07:19', NULL, '0000-00-00 00:00:00'),
('user_number_prefix', 'Kundennummer Prefix', 9, 'false', 'false', 'false', 1, '2008-02-09 16:39:16', 1, '0000-00-00 00:00:00'),
('website_domain', 'Webshop Domain', 10, 'true', 'true', 'false', 1, '2008-02-09 16:54:12', 1, '0000-00-00 00:00:00'),
('website_domain_cdn', 'URL des CDN', 11, 'true', 'false', 'false', NULL, '2010-04-21 13:31:13', NULL, '0000-00-00 00:00:00'),
('home_title', 'Startseiten Titel', 0, 'false', 'true', 'false', 1, '2013-10-28 14:53:42', 1, '2013-10-28 14:53:42'),
('cms_menu_root_id', 'CMS Root Menu ID', 3, 'true', 'true', 'false', 1, '2013-07-25 15:35:49', 1, '2013-07-25 15:35:49'),
('view_theme', 'Theme', 89, 'true', 'false', 'false', 1, '2015-04-25 15:35:49', 1, '2015-04-25 15:35:49');

INSERT IGNORE INTO `ShopCrossSellingType` (`ShopCrossSellingType_Code`, `ShopCrossSellingType_Name`, `ShopCrossSellingType_Show`, `ShopCrossSellingType_Order`, `Person_ID_Edit`, `Table_Edit`, `Person_ID_Create`, `Table_Create`) VALUES
('similar', 'Ähnliche Produkte', 'true', 1, 1, '2007-09-21 10:35:52', 1, '2007-09-21 10:35:51'),
('accessory', 'Zubehör', 'false', 2, 1, '2007-09-21 10:35:52', 1, '2007-09-21 10:35:31'),
('necessary', 'Erforderlich', 'false', 3, 1, '2012-03-12 09:28:52', 1, '2012-03-12 09:28:52');

INSERT IGNORE INTO `ShopDeliveryService` (`ShopDeliveryService_Code`, `ShopDeliveryService_Internal`, `ShopDeliveryService_Selectable`, `ShopDeliveryService_URL`, `ShopDeliveryService_URLSuffix`, `ShopDeliveryService_ShowTrackingNumber`, `ShopDeliveryService_Order`, `ShopDeliveryService_RangeFrom`, `ShopDeliveryService_RangeTo`, `ShopDeliveryService_CurrentNumber`, `Person_ID_Edit`, `Table_Edit`, `Person_ID_Create`, `Table_Create`) VALUES
('B', 'Post.at Brief', 'false', NULL, NULL, 'false', 1, NULL, NULL, NULL, NULL, '2010-04-21 13:30:04', NULL, '0000-00-00 00:00:00'),
('BB', 'Post.at Business-Brief', 'false', NULL, NULL, 'false', 2, NULL, NULL, NULL, NULL, '2010-04-21 13:30:04', NULL, '0000-00-00 00:00:00'),
('dhl', 'DHL', 'false', 'http://nolp.dhl.de/nextt-online-public/set_identcodes.do?lang=de&idc=', NULL, 'false', 9, NULL, NULL, NULL, NULL, '2013-02-27 15:51:59', NULL, '0000-00-00 00:00:00'),
('dpd', 'DPD', 'false', 'http://www.dpd.de/cgi-bin/delistrack?typ=1&lang=de&pknr=', NULL, 'false', 7, NULL, NULL, NULL, NULL, '2011-04-21 13:30:04', NULL, '0000-00-00 00:00:00'),
('dpd_cod', 'DPD Nachnahme', 'false', 'http://www.dpd-business.at/ttl.php?e=1&k=&sn=', NULL, 'false', 8, NULL, NULL, NULL, NULL, '2013-02-27 15:51:39', NULL, '0000-00-00 00:00:00'),
('fedex', 'FedEx', 'false', 'http://www.fedex.com/Tracking?tracknumbers=', '&cntry_code=de&language=german&clienttype=ivother', 'false', 12, NULL, NULL, NULL, NULL, '2013-02-27 15:52:09', NULL, '0000-00-00 00:00:00'),
('gls', 'GLS', 'false', 'http://www.gls-group.eu/276-I-PORTAL-WEB/content/GLS/NL99/EN/5004.htm?txtRefNo=', NULL, 'false', 4, NULL, NULL, NULL, NULL, '2010-04-21 13:30:04', NULL, '0000-00-00 00:00:00'),
('go_express', 'GO! Express', 'false', NULL, NULL, 'false', 5, NULL, NULL, NULL, NULL, '2010-04-21 13:30:04', NULL, '0000-00-00 00:00:00'),
('P', 'Post.at Paket', 'false', 'http://www.post.at/sendungsverfolgung.php?pnum1=', NULL, 'false', 3, NULL, NULL, NULL, NULL, '2010-04-21 13:30:04', NULL, '0000-00-00 00:00:00'),
('postat', 'Post.at', 'false', 'http://www.post.at/sendungsverfolgung.php?pnum1=', NULL, 'false', 10, NULL, NULL, NULL, NULL, '2013-02-27 15:52:02', NULL, '0000-00-00 00:00:00'),
('postde', 'Deutsche Post', 'false', NULL, NULL, 'false', 6, NULL, NULL, NULL, NULL, '2010-04-21 13:30:04', NULL, '0000-00-00 00:00:00'),
('self', 'Selbstabholung', 'true', NULL, NULL, 'false', 11, NULL, NULL, NULL, NULL, '2013-02-27 15:52:06', NULL, '2013-02-27 15:52:06'),
('spedition', 'Spedition', 'false', NULL, NULL, 'false', 14, NULL, NULL, NULL, NULL, '2013-02-27 15:52:17', NULL, '2013-02-27 15:52:17'),
('ups', 'UPS', 'false', 'http://wwwapps.ups.com/WebTracking/track?track.x=Status+ermitteln&loc=de_DE&trackNums=', NULL, 'false', 13, NULL, NULL, NULL, NULL, '2013-02-27 15:52:13', NULL, '2013-02-27 15:52:13'),
('tnt', 'TNT', 'false', 'http://www.tnt.com', NULL, 'true', 15, NULL, NULL, NULL, NULL, '2014-06-23 13:08:11', NULL,'2014-06-23 13:08:11');

INSERT IGNORE INTO `ShopDeliveryService_Language` (`ShopDeliveryService_Code`, `Language_Code`, `ShopDeliveryService_Language_Name`, `ShopDeliveryService_Language_Text`, `ShopDeliveryService_Language_DeliveryInfo`, `Person_ID_Edit`, `Table_Edit`, `Person_ID_Create`, `Table_Create`) VALUES
('B', 'de', 'Brief', NULL, NULL, NULL, '2010-04-21 13:30:04', NULL, '0000-00-00 00:00:00'),
('BB', 'de', 'Business Brief', NULL, NULL, NULL, '2010-04-21 13:30:04', NULL, '0000-00-00 00:00:00'),
('dhl', 'de', 'DHL', NULL, NULL, NULL, '2010-04-21 13:30:04', NULL, '0000-00-00 00:00:00'),
('dpd', 'de', 'DPD', NULL, NULL, NULL, '2010-04-21 13:30:04', NULL, '0000-00-00 00:00:00'),
('dpd_cod', 'de', 'DPD Nachnahme', NULL, NULL, NULL, '2010-04-21 13:30:04', NULL, '0000-00-00 00:00:00'),
('fedex', 'de', 'Fedex', NULL, NULL, NULL, '2010-04-21 13:30:04', NULL, '0000-00-00 00:00:00'),
('gls', 'de', 'GLS', NULL, NULL, NULL, '2010-04-21 13:30:04', NULL, '0000-00-00 00:00:00'),
('go_express', 'de', 'GO! Express', NULL, NULL, NULL, '2010-04-21 13:30:04', NULL, '0000-00-00 00:00:00'),
('P', 'de', 'Paket', NULL, NULL, NULL, '2010-04-21 13:30:04', NULL, '0000-00-00 00:00:00'),
('postat', 'de', 'Österreichische Post', NULL, NULL, NULL, '2010-04-21 13:30:04', NULL, '0000-00-00 00:00:00'),
('postde', 'de', 'Deutsche Post', NULL, NULL, NULL, '2010-04-21 13:30:04', NULL, '0000-00-00 00:00:00'),
('self', 'de', 'Selbstabholung', NULL, NULL, NULL, '2010-04-21 13:30:04', NULL, '0000-00-00 00:00:00'),
('spedition', 'de', 'Spedition', NULL, NULL, NULL, '2010-04-21 13:30:04', NULL, '0000-00-00 00:00:00'),
('ups', 'de', 'UPS', NULL, NULL, NULL, '2010-04-21 13:30:04', NULL, '0000-00-00 00:00:00');

INSERT IGNORE INTO `ShopDiscountListType` (`ShopDiscountListType_Code`, `ShopDiscountListType_Name`, `ShopDiscountListType_Order`, `ShopDiscountListType_Show`, `ShopDiscountListType_Group`, `Person_ID_Edit`, `Table_Edit`, `Person_ID_Create`, `Table_Create`) VALUES
('default', 'Mengenrabatt in %', NULL, 'true', 'false', 1, '2010-04-21 13:31:13', 1, '2007-09-19 16:29:16'),
('default_group', '', 1, 'true', 'true', NULL, '2010-04-21 13:30:04', NULL, '0000-00-00 00:00:00');

INSERT IGNORE INTO `ShopDiscountList` (`ShopDiscountList_ID`, `ShopDiscountListType_Code`, `ShopDiscountList_Name`, `Person_ID_Edit`, `Table_Edit`, `Person_ID_Create`, `Table_Create`) VALUES
(1, 'default', 'Standard', 2, '2008-07-16 10:21:04', 2, '2008-07-16 10:21:04');

INSERT IGNORE INTO `ShopFilterConfigType` (`ShopFilterConfigType_Code`, `ShopFilterConfigType_Name`, `Person_ID_Edit`, `Table_Edit`, `Person_ID_Create`, `Table_Create`) VALUES
('blank_filter', 'Filter nicht sichtbar', NULL, '2010-04-21 13:30:04', NULL, '0000-00-00 00:00:00');

INSERT IGNORE INTO `ShopOrderItemState` (`ShopOrderItemState_Code`, `ShopOrderItemState_Name`, `Person_ID_Edit`, `Table_Edit`, `Person_ID_Create`, `Table_Create`) VALUES
('canceled', 'Storno', NULL, '0000-00-00 00:00:00', NULL, '0000-00-00 00:00:00'),
('claim', 'Rücksendung', NULL, '2008-01-09 18:17:46', NULL, '0000-00-00 00:00:00'),
('delivered', 'Versendet', NULL, '2008-01-03 17:08:49', NULL, '0000-00-00 00:00:00'),
('new', 'Zu bezahlen', NULL, '2008-01-03 17:08:08', NULL, '0000-00-00 00:00:00'),
('packed', 'Verpackt', NULL, '2008-01-03 17:08:42', NULL, '0000-00-00 00:00:00'),
('readyforpackening', 'Packliste', NULL, '0000-00-00 00:00:00', NULL, '0000-00-00 00:00:00'),
('waiting', 'Versandbereit', NULL, '2008-01-03 17:08:16', NULL, '0000-00-00 00:00:00');

INSERT IGNORE INTO `ShopOrderItemType` (`ShopOrderItemType_Code`, `ShopOrderItemType_Name`, `Person_ID_Edit`, `Table_Edit`, `Person_ID_Create`, `Table_Create`) VALUES
('article', 'Artikel', NULL, '2007-09-18 10:57:42', NULL, '2007-09-18 10:57:42'),
('delivery', 'Lieferung', NULL, '2007-09-18 11:00:01', NULL, '2007-09-18 11:00:01'),
('discount', 'Rabatt', NULL, '2007-09-18 10:57:47', NULL, '2007-09-18 10:57:47'),
('extra', 'Sonderzuschlag', NULL, '2010-04-21 13:30:04', NULL, '0000-00-00 00:00:00'),
('voucher', 'Gutschein', NULL, '2007-09-18 10:57:57', NULL, '2007-09-18 10:57:57'),
('skonto', 'Skonto', NULL, '2011-05-06 15:04:37', NULL, '2011-05-06 15:04:40');

INSERT IGNORE INTO `ShopOrderJournalType` (`ShopOrderJournalType_Code`, `ShopOrderJournalType_Name`, `ShopOrderJournalType_Visible`, `ShopOrderJournalType_Order`, `Person_ID_Edit`, `Table_Edit`, `Person_ID_Create`, `Table_Create`) VALUES
('allowinvoice', 'Autom. freisch. Rechnung', 'false', 18, NULL, '2010-04-21 13:31:13', NULL, '0000-00-00 00:00:00'),
('birthdayvoucher', 'Geburtstagsgutschein', 'false', 2, NULL, '2010-04-21 13:31:13', NULL, '0000-00-00 00:00:00'),
('delivery', 'Lieferung', 'false', 3, 1, '2010-04-21 13:31:13', 1, '2007-09-18 11:00:45'),
('email', 'Man. Email an Kunden', 'false', 4, 1, '2010-04-21 13:31:13', 1, '0000-00-00 00:00:00'),
('login', 'Login', 'false', 13, NULL, '2010-04-21 13:31:13', NULL, '0000-00-00 00:00:00'),
('login_group', 'Login Protokollierung', 'false', 14, NULL, '2010-04-21 13:31:13', NULL, '0000-00-00 00:00:00'),
('offer', 'Angebotsanfrage', 'false', 5, 1, '2010-04-21 13:31:13', 1, '2007-09-18 11:00:22'),
('order', 'Bestellung', 'false', 6, 1, '2010-04-21 13:31:13', 1, '2007-09-18 11:00:15'),
('orderchanges', 'Bestellungsänderung', 'false', 15, NULL, '2010-04-21 13:31:13', NULL, '0000-00-00 00:00:00'),
('order_group', 'Bestellungs-Protokollierung', 'false', 19, NULL, '2010-04-21 13:31:13', NULL, '0000-00-00 00:00:00'),
('payment', 'Zahlungen', 'false', 7, 1, '2010-04-21 13:31:13', 1, '2007-09-18 11:00:34'),
('paymentreminder', 'Zahlungserinnerung', 'false', 8, 1, '2010-04-21 13:31:13', 1, '2007-09-18 11:00:28'),
('payment_error', 'Zahlungsfehler', 'false', 16, NULL, '2010-04-21 13:31:13', NULL, '0000-00-00 00:00:00'),
('pay_in', 'Zahlungen', 'false', 17, NULL, '2010-04-21 13:31:13', NULL, '0000-00-00 00:00:00'),
('reject', 'Stornierung (Zahlungserinnerung)', 'false', 9, 1, '2010-04-21 13:31:13', 1, '2007-09-18 11:00:28'),
('standard', 'Man. Journaleintrag', 'true', 1, 1, '2010-04-21 13:31:13', 1, '0000-00-00 00:00:00'),
('storno', 'Stornierung', 'false', 10, 1, '2010-04-21 13:31:13', 1, '2007-09-18 11:00:28'),
('task', 'Aufgabe', 'false', 11, 1, '2010-04-21 13:31:13', 1, '0000-00-00 00:00:00'),
('voucher', 'Gutschein', 'false', 12, NULL, '2010-04-21 13:31:13', NULL, '0000-00-00 00:00:00'),
('invoice_sent', 'Rechnung versendet', 'false', 12, NULL, '2010-04-21 13:31:13', NULL, '0000-00-00 00:00:00');

INSERT IGNORE INTO `ShopOrderPaymentState` (`ShopOrderPaymentState_Code`, `ShopOrderPaymentState_Name`, `Person_ID_Edit`, `Table_Edit`, `Person_ID_Create`, `Table_Create`) VALUES
('open', 'Zahlung offen', 1, '2007-11-29 17:03:16', 1, '0000-00-00 00:00:00'),
('partly_payed', 'Teilw. bezahlt', NULL, '2010-04-21 13:30:04', NULL, '0000-00-00 00:00:00'),
('payed', 'Bezahlt', 1, '2007-11-29 17:03:23', 1, '0000-00-00 00:00:00'),
('returned', 'Storniert', 1, '2007-11-29 17:03:32', 1, '0000-00-00 00:00:00');

INSERT IGNORE INTO `ShopOrderState` (`ShopOrderState_Code`, `ShopOrderState_Name`, `Person_ID_Edit`, `Table_Edit`, `Person_ID_Create`, `Table_Create`) VALUES
('delivered', 'Versendet', NULL, '2008-01-03 17:08:49', NULL, '0000-00-00 00:00:00'),
('locked', 'Gesperrt', NULL, '2008-01-03 17:09:00', NULL, '0000-00-00 00:00:00'),
('new', 'Neu', NULL, '2008-01-03 17:08:08', NULL, '0000-00-00 00:00:00'),
('processing', 'Versandabwicklung', NULL, '0000-00-00 00:00:00', NULL, '0000-00-00 00:00:00');

INSERT IGNORE INTO `ShopOrderType` (`ShopOrderType_Code`, `ShopOrderType_Name`, `Person_ID_Edit`, `Table_Edit`, `Person_ID_Create`, `Table_Create`) VALUES
('offer', 'Angebotsanfrage', 1, '2007-09-28 12:29:21', 1, '2007-09-28 12:29:20'),
('order', 'Bestellung', 1, '2007-09-28 12:29:21', 1, '2007-09-28 12:29:15');

INSERT IGNORE INTO `ShopPartnerBrokerageType` (`ShopPartnerBrokerageType_Code`, `ShopPartnerBrokerageType_Name`, `ShopPartnerBrokerageType_Order`, `ShopPartnerBrokerageType_Show`, `Person_ID_Edit`, `Table_Edit`, `Person_ID_Create`, `Table_Create`) VALUES
('percentual_1', '% Provision - Ebene 1', 1, 'true', NULL, '2010-04-21 13:30:04', NULL, '0000-00-00 00:00:00'),
('percentual_2', '% Provision - Ebene 2', 2, 'false', NULL, '2010-04-21 13:30:04', NULL, '0000-00-00 00:00:00'),
('percentual_3', '% Provision - Ebene 3', 3, 'false', NULL, '2010-04-21 13:30:04', NULL, '0000-00-00 00:00:00'),
('percentual_4', '% Provision - Ebene 4', 4, 'false', NULL, '2010-04-21 13:30:04', NULL, '0000-00-00 00:00:00');

INSERT IGNORE INTO `ShopPartnerList` (`ShopPartnerList_ID`, `ShopPartnerList_Name`, `ShopPartnerList_Order`, `ShopPartnerList_Show`, `Person_ID_Edit`, `Table_Edit`, `Person_ID_Create`, `Table_Create`) VALUES
(1, 'Standard Partner', 1, 'true', 1, '2011-11-23 10:21:37', 1, '2011-11-23 10:21:05');

INSERT IGNORE INTO `ShopPaymentItemType` (`ShopPaymentItemType_Code`, `ShopPaymentItemType_Name`, `Person_ID_Edit`, `Table_Edit`, `Person_ID_Create`, `Table_Create`) VALUES
('credit_auth', 'Kreditkarte (autorisiert)', 2, '2010-04-21 13:31:13', 2, '0000-00-00 00:00:00'),
('credit_canceled', 'Kreditkarte (storniert)', 2, '2010-04-21 13:31:13', 2, '0000-00-00 00:00:00'),
('credit_cleared', 'Zahlungseingang (Kreditkarte, gecleared)', 2, '2010-04-21 13:31:13', 2, '0000-00-00 00:00:00'),
('credit_clearing', 'Lieferung', 2, '2010-04-21 13:31:13', 2, '0000-00-00 00:00:00'),
('credit_reordered', 'Kreditkarte nachbestellt', 2, '2008-03-13 12:57:41', 2, '0000-00-00 00:00:00'),
('debit', 'Bankeinzug', NULL, '2010-04-21 13:30:04', NULL, '0000-00-00 00:00:00'),
('none_delivered', 'Lieferung', 2, '2010-04-21 13:31:13', 2, '0000-00-00 00:00:00'),
('none_ordered', 'Bestellt', 2, '2008-04-08 19:40:58', 2, '0000-00-00 00:00:00'),
('payment_closed_delivered', 'Lieferung', 2, '2010-04-21 13:31:13', 2, '0000-00-00 00:00:00'),
('payment_closed_ordered', 'Zahlungseingang (Vorauszahlung)', 2, '2010-04-21 13:31:13', 2, '0000-00-00 00:00:00'),
('payment_open_delivered', 'Lieferung (Zahlung nachträglich)', 2, '2010-04-21 13:31:13', 2, '0000-00-00 00:00:00'),
('payment_open_ordered', 'Nachnahme, Rechnung bestellt', 2, '2008-03-12 08:49:30', 2, '0000-00-00 00:00:00'),
('pay_in', 'Zahlungseingang (manuell)', 2, '2010-04-21 13:31:13', 2, '0000-00-00 00:00:00'),
('pay_out', 'Auszahlung (manuell)', 2, '2010-04-21 13:31:13', 2, '0000-00-00 00:00:00'),
('storno', 'Stornierung', 2, '2010-04-21 13:31:13', 2, '0000-00-00 00:00:00'),
('supplementary_entry', 'Nachverrechnung', 2, '2008-03-12 08:49:56', 2, '0000-00-00 00:00:00'),
('voucher', 'Auszahlung (per Gutschein)', 2, '2010-04-21 13:31:13', 2, '0000-00-00 00:00:00'),
('skonto', 'Skonto', NULL, '2011-05-06 17:20:56', NULL, '2011-05-06 17:20:56');

INSERT IGNORE INTO `ShopPaymentType` (`ShopPaymentType_Code`, `ShopPaymentType_Order`, `ShopPaymentType_Name`, `ShopPaymentType_InvoiceText`, `ShopPaymentType_Abo`) VALUES
('credit', 1, 'Kreditkarte', NULL, 'true'),
('eps', 2, 'EPS Online Überweisung', NULL, 'true'),
('debit', 3, 'Bankeinzug', NULL, 'true'),
('giropay', 4, 'giropay', NULL, 'true'),
('prepayed', 5, 'Vorauskasse', NULL, 'true'),
('bitcoin', 6, 'BitCoin', NULL, 'true'),
('cashondelivery', 7, 'Nachnahme', NULL, 'true'),
('invoice', 8, 'Rechnung', NULL, 'true'),
('billpay_invoice', 9, 'Billpay Rechnung', NULL, 'false'),
('sofortueberweisung', 10, 'Sofortüberweisung', NULL, 'true'),
('paypal', 11, 'PayPal', NULL, 'false'),
('cash', 12, 'Barbezahlung', NULL, 'false'),
('none', 13, 'Nicht gewählt', NULL, 'true'),
('amazon', 14, 'Amazon Payments', NULL, 'false');

INSERT IGNORE INTO `ShopPaymentType_Language` (`ShopPaymentType_Code`, `Language_Code`, `ShopPaymentType_Language_Title`, `ShopPaymentType_Language_Description`) VALUES
('credit', 'de', 'Kreditkarte', 'Sicheres Einkaufen mit Ihrer Kreditkarte.'),
('eps', 'de', 'EPS Online Überweisung', 'Die eps Online-Überweisung ist die einfache und sichere Bezahlmethode der österreichischen Banken für Einkäufe im Internet. Einfach und vertraut, bequem und sicher.'),
('debit', 'de', 'Bankeinzug', 'Ermächtigen Sie uns zum Einzug der Bestellsumme von Ihrem Konto durch das Übermitteln Ihrer Kontodaten über eine gesicherte Verbindung.'),
('giropay', 'de', 'giropay', 'Wenn Sie sich für die Bezahlung mit giropay entscheiden, werden Sie sicher zum Online-Banking Ihrer Bank oder Sparkasse geleitet, von wo aus Sie die Überweisung für Ihren Einkauf veranlassen.'),
('prepayed', 'de', 'Vorauskasse', 'Sie erhalten mit Ihrer Bestellbestätigung alle relevanten Daten zum Begleichen Ihres Einkaufs. Der Versand der Ware erfolgt umgehend nach dem Eintreffen der Bestellsumme auf unserem Konto.'),
('bitcoin', 'de', 'BitCoin', ''),
('cashondelivery', 'de', 'Nachnahme', 'Bezahlen Sie sicher und bequem bei Erhalt Ihrer Waren. Bitte beachten Sie, dass zusätzlich Gebühren für die Lieferung per Nachnahme anfallen können. Diese ersehen Sie noch vor Absenden Ihrer Bestellung in der Übersicht.'),
('invoice', 'de', 'Rechnung', 'Wenn Sie per Rechnung bezahlen möchten, dann müssen Sie nur nach Erhalt der Lieferung die beigelegt Rechnung innerhalb von 14 Tagen begleichen. Alle relevanten Informationen finden Sie auf der Rechnung.'),
('billpay_invoice', 'de', 'Billpay Rechnung', ''),
('sofortueberweisung', 'de', 'Sofortüberweisung', 'Mit sofortüberweisung.de stellen Sie noch während Ihrer Bestellung bequem eine Überweisung über den jeweiligen Betrag in Ihr Online-Banking-Konto ein. '),
('paypal', 'de', 'PayPal', 'Sicher, einfach und rasch über Ihr PayPal-Konto bezahlen.'),
('cash', 'de', 'Barbezahlung', 'Bezahlen Sie Ihren Einkauf bei Abholung in unserem Shop.'),
('none', 'de', 'Nicht gewählt', ''),
('amazon', 'de', 'Amazon Payments', '');

INSERT IGNORE INTO `ShopPricelist` (`ShopPricelist_Code`, `ShopPricelist_Name`, `Person_ID_Edit`, `Table_Edit`, `Person_ID_Create`, `Table_Create`) VALUES
('standard', 'Standardpreisliste', NULL, '2008-04-11 17:47:42', NULL, '0000-00-00 00:00:00');

INSERT IGNORE INTO `ShopPriceType` (`ShopPriceType_Code`, `ShopPriceType_Name`, `Person_ID_Edit`, `Table_Edit`, `Person_ID_Create`, `Table_Create`) VALUES
('brutto', 'Bruttopreis', 1, '2007-11-28 14:40:54', 1, '0000-00-00 00:00:00'),
('netto', 'Nettopreis', 1, '0000-00-00 00:00:00', 1, '0000-00-00 00:00:00');

INSERT IGNORE INTO `ShopPriceVariant` (`ShopPriceVariant_Code`, `ShopPriceVariant_Name`, `Person_ID_Edit`, `Table_Edit`, `Person_ID_Create`, `Table_Create`) VALUES
('aboprice', 'Abopreis', NULL, '2010-04-21 13:30:04', NULL, '0000-00-00 00:00:00'),
('free', 'Kostenlos', NULL, '2010-04-21 13:30:04', NULL, '0000-00-00 00:00:00'),
('listprice', 'Listenpreis', NULL, '2010-04-21 13:30:04', NULL, '0000-00-00 00:00:00'),
('locked', 'Gesperrtes Lieferland', NULL, '2010-04-21 13:30:04', NULL, '0000-00-00 00:00:00'),
('specialprice', 'Aktionspreis', NULL, '2010-04-21 13:30:04', NULL, '0000-00-00 00:00:00');

INSERT IGNORE INTO `ShopTaskType` (`ShopTaskType_Code`, `ShopTaskType_Name`, `ShopTaskType_Order`, `ShopTaskType_Active`, `ShopTaskType_DueDays`, `ShopTaskType_SendMailOnCreation`, `Person_ID_Edit`, `Table_Edit`, `Person_ID_Create`, `Table_Create`) VALUES
('abo', 'Abo Verwaltung', 11, 'false', NULL, 'false', NULL, '2010-04-21 13:31:13', NULL, '0000-00-00 00:00:00'),
('autoclearing', 'Autoclearing', 4, 'false', NULL, 'false', 1, '2010-04-21 13:31:13', 1, '0000-00-00 00:00:00'),
('auto_locking', 'Autom. Sperre', 5, 'false', NULL, 'false', 1, '2010-04-21 13:31:13', 1, '0000-00-00 00:00:00'),
('customer', 'Kundenbereich', 1, 'true', NULL, 'false', NULL, '2010-04-21 13:31:13', NULL, '0000-00-00 00:00:00'),
('manual', 'Manuell', 2, 'true', NULL, 'false', NULL, '2010-04-21 13:31:13', NULL, '0000-00-00 00:00:00'),
('order', 'Bestellwesen', 3, 'false', NULL, 'false', NULL, '2010-04-21 13:31:13', NULL, '0000-00-00 00:00:00'),
('payment', 'Zahlung', 6, 'false', NULL, 'false', 1, '2010-04-21 13:31:13', 1, '0000-00-00 00:00:00'),
('paymentreminder', 'Mahnwesen', 7, 'false', NULL, 'false', NULL, '2010-04-21 13:31:13', NULL, '0000-00-00 00:00:00'),
('retour', 'Rücksendung', 8, 'false', NULL, 'false', 1, '2010-04-21 13:31:13', 1, '0000-00-00 00:00:00'),
('supplementary_entry', 'Nachverrechnung', 9, 'false', NULL, 'false', 1, '2010-04-21 13:31:13', 1, '0000-00-00 00:00:00'),
('voucher', 'Gutschrift', 10, 'false', NULL, 'false', 1, '2010-04-21 13:31:13', 1, '0000-00-00 00:00:00');

INSERT IGNORE INTO `ShopUserOption` (`ShopUserOption_Code`, `ShopUserOption_Order`, `ShopUserOption_Name`, `ShopUserOption_Show`, `Person_ID_Edit`, `Table_Edit`, `Person_ID_Create`, `Table_Create`) VALUES
('lockorder', 1, 'Bestellungen autom. sperren', 'true', NULL, '2010-04-21 13:30:04', NULL, '0000-00-00 00:00:00'),
('never_lockorder', 2, 'Niemals Bestellungen sperren', 'true', NULL, '2010-04-21 13:30:04', NULL, '0000-00-00 00:00:00');

INSERT IGNORE INTO `ShopVariant` (`ShopVariant_Code`, `ShopVariant_Name`, `ShopVariant_HasSubLevel`, `ShopVariant_Common`, `Person_ID_Edit`, `Table_Edit`, `Person_ID_Create`, `Table_Create`) VALUES
('einzelvariante', 'Einzelvariante', 'false', 'true', 1, '2012-03-07 16:06:34', 1, '2012-03-07 16:06:34');

INSERT IGNORE INTO `ShopVariant_Language` (`ShopVariant_Code`, `Language_Code`, `ShopVariant_Language_TitleMain`, `ShopVariant_Language_TitleSub`, `Person_ID_Edit`, `Table_Edit`, `Person_ID_Create`, `Table_Create`) VALUES
('einzelvariante', 'de', 'Einzelvariante', '', 1, '2012-03-07 16:06:34', 1, '2012-03-07 16:06:34');

INSERT IGNORE INTO `ShopVariantItem` (`ShopVariantItem_ID`, `ShopVariantItem_ID_Parent`, `ShopVariant_Code`, `ShopVariantItem_Code`, `ShopVariantItem_Color`, `ShopVariantItem_Order`, `Person_ID_Edit`, `Table_Edit`, `Person_ID_Create`, `Table_Create`) VALUES
(1, NULL, 'einzelvariante', 'einzel', NULL, 1, 1, '2008-07-16 10:20:43', 1, '2008-07-16 10:20:43');

INSERT IGNORE INTO `ShopVariantItem_Language` (`ShopVariantItem_ID`, `Language_Code`, `ShopVariantItem_Language_Name`, `ShopVariantItem_Language_Menu`) VALUES
(1, 'de', 'Std. Einzelvariante', 'Std. Einzelvariante');

INSERT IGNORE INTO `ShopVoucherFunction` (`ShopVoucherFunction_Code`, `ShopVoucherFunction_Name`, `ShopVoucherFunction_Order`, `ShopVoucherFunction_Active`, `ShopVoucherFunction_ShortCut`, `Person_ID_Edit`, `Table_Edit`, `Person_ID_Create`, `Table_Create`) VALUES
('campaign', 'Kampagnengutschein (mehrfach verwendbar)', 1, 'true', 'Kampagne', NULL, '2010-04-21 13:30:05', NULL, '0000-00-00 00:00:00'),
('campaign_per_person', 'Kampagnengutschein (mehrfach verwendbar, 1x pro Kunde)', 2, 'true', '1x pro Kunde', NULL, '2010-04-21 13:30:05', NULL, '0000-00-00 00:00:00'),
('free_delivery', 'Kostenlose Lieferung', 4, 'false', 'Kostenl. Lief.', NULL, '2010-04-21 13:31:13', NULL, '0000-00-00 00:00:00'),
('one_per_order', 'Aktionsgutschein (nur 1 Aktionsgutschein pro Bestellung)', 3, 'true', 'Aktionsgutschein', NULL, '2010-04-21 13:31:13', NULL, '0000-00-00 00:00:00'),
('pay_on_invoice', 'Zahlung per Rechnung', 5, 'false', 'p. Rechn.', NULL, '2010-04-21 13:30:05', NULL, '0000-00-00 00:00:00'),
('cashdesk_only', 'Nur an Kassa einlösbar', 6, 'false', 'Nur Kassa', NULL, '2011-04-18 14:34:51', NULL, '2011-04-18 14:34:51'),
('article_category', 'Nur für ausgewählte Artikel', 7, 'false', 'best. Artikel', NULL, '2013-02-27 15:09:26', NULL, '2013-02-27 15:09:33');

INSERT IGNORE INTO `ShopVoucherType` (`ShopVoucherType_Code`, `ShopVoucherType_Name`, `ShopVoucherType_Order`, `ShopVoucherType_Active`, `ShopVoucherType_Discount`, `Person_ID_Edit`, `Table_Edit`, `Person_ID_Create`, `Table_Create`) VALUES
('advertising_voucher', 'Werbegutschein', 1, 'true', 'true', NULL, '2010-04-21 13:31:13', NULL, '0000-00-00 00:00:00'),
('additional_voucher', 'Nachträglich gewährter Rabatt', 2, 'true', 'true', NULL, '2010-04-21 13:31:13', NULL, '0000-00-00 00:00:00'),
('order_payout_voucher', 'Auszahlung durch Gutschein', 3, 'true', 'false', NULL, '2010-04-21 13:30:05', NULL, '0000-00-00 00:00:00'),
('birthday_voucher', 'Geburtstagsgutschein', 4, 'true', 'true', NULL, '2010-04-21 13:30:05', NULL, '0000-00-00 00:00:00'),
('sales_voucher', 'Kaufgutschein', 5, 'true', 'false', NULL, '2010-04-21 13:30:05', NULL, '0000-00-00 00:00:00'),
('auction_voucher', 'Auktionsgutschein', 6, 'false', 'false', NULL, '2010-04-21 13:30:05', NULL, '0000-00-00 00:00:00'),
('skonto', 'Skonto', 7, 'false', 'true', NULL, '2011-05-06 12:06:43', NULL, '2011-05-06 12:06:46');

INSERT IGNORE INTO `ShopWAWIDeliveryState` (`ShopWAWIDeliveryState_Code`, `ShopWAWIDeliveryState_Name`, `Person_ID_Edit`, `Table_Edit`, `Person_ID_Create`, `Table_Create`) VALUES
('delivering', 'Wird geliefert', NULL, '2008-08-13 08:34:35', NULL, '0000-00-00 00:00:00'),
('finished', 'Abgeschlossen', NULL, '2008-08-13 08:39:34', NULL, '0000-00-00 00:00:00'),
('open', 'Offen', NULL, '2008-08-13 08:39:40', NULL, '0000-00-00 00:00:00'),
('partly', 'Teillieferung', NULL, '2008-08-13 08:39:45', NULL, '0000-00-00 00:00:00');

INSERT IGNORE INTO `ShopWAWIDeliveryValueType` (`ShopWAWIDeliveryValueType_Code`, `ShopWAWIDeliveryValueType_Name`, `Person_ID_Edit`, `Table_Edit`, `Person_ID_Create`, `Table_Create`) VALUES
('delivery', 'Lieferung', NULL, '2010-04-21 13:30:05', NULL, '0000-00-00 00:00:00'),
('product', 'Produkte', NULL, '2010-04-21 13:30:05', NULL, '0000-00-00 00:00:00'),
('supplier', 'Lieferant', NULL, '2010-04-21 13:30:05', NULL, '0000-00-00 00:00:00');

INSERT IGNORE INTO `ShopWAWIDeliveryValue` (`ShopWAWIDeliveryValue_Code`, `ShopWAWIDeliveryValueType_Code`, `ShopWAWIDeliveryValue_Order`, `ShopWAWIDeliveryValue_Name`, `Person_ID_Edit`, `Table_Edit`, `Person_ID_Create`, `Table_Create`) VALUES
('delivery_breakinsurance', 'delivery', 16, 'Bruckversicherung', NULL, '2010-04-21 13:30:07', NULL, '0000-00-00 00:00:00'),
('delivery_breakinsurance_per', 'delivery', 20, 'Bruckversicherung (%)', NULL, '2010-04-21 13:30:07', NULL, '0000-00-00 00:00:00'),
('delivery_cargo', 'delivery', 14, 'Fracht', NULL, '2010-04-21 13:30:07', NULL, '0000-00-00 00:00:00'),
('delivery_cargo_per', 'delivery', 18, 'Fracht (%)', NULL, '2010-04-21 13:30:07', NULL, '0000-00-00 00:00:00'),
('delivery_deliverycosts', 'delivery', 11, 'Lieferkosten', NULL, '2010-04-21 13:30:07', NULL, '0000-00-00 00:00:00'),
('delivery_discount', 'delivery', 10, 'Rabatt (Wert)', NULL, '2010-04-21 13:30:07', NULL, '0000-00-00 00:00:00'),
('delivery_discount_amount', 'delivery', 30, 'Rabatt (Wert)', NULL, '2010-04-21 13:30:07', NULL, '0000-00-00 00:00:00'),
('delivery_extracharge', 'delivery', 13, 'Mindermengenzuschlag', NULL, '2010-04-21 13:30:07', NULL, '0000-00-00 00:00:00'),
('delivery_extracharge_per', 'delivery', 17, 'Mindermengenzuschlag (%)', NULL, '2010-04-21 13:30:07', NULL, '0000-00-00 00:00:00'),
('delivery_grandtotal', 'delivery', 9, 'Summe', NULL, '2010-04-21 13:30:07', NULL, '0000-00-00 00:00:00'),
('delivery_grandtotal_net', 'delivery', 31, 'Summe (netto)', NULL, '2010-04-21 13:30:07', NULL, '0000-00-00 00:00:00'),
('delivery_packing', 'delivery', 15, 'Verpackung', NULL, '2010-04-21 13:30:07', NULL, '0000-00-00 00:00:00'),
('delivery_packing_per', 'delivery', 19, 'Verpackung (%)', NULL, '2010-04-21 13:30:07', NULL, '0000-00-00 00:00:00'),
('delviery_deliverycosts_per', 'delivery', 21, 'Lieferkosten (%)', NULL, '2010-04-21 13:30:07', NULL, '0000-00-00 00:00:00'),
('orderprice', 'product', 12, 'Bestellter EK', NULL, '2010-04-21 13:30:07', NULL, '0000-00-00 00:00:00'),
('product_discount_1', 'product', 5, 'Rabatt 1', NULL, '2010-04-21 13:30:07', NULL, '0000-00-00 00:00:00'),
('product_discount_2', 'product', 6, 'Rabatt 2', NULL, '2010-04-21 13:30:07', NULL, '0000-00-00 00:00:00'),
('product_discount_3', 'product', 7, 'Rabatt 3', NULL, '2010-04-21 13:30:07', NULL, '0000-00-00 00:00:00'),
('product_discount_4', 'product', 8, 'Rabatt 4', NULL, '2010-04-21 13:30:07', NULL, '0000-00-00 00:00:00'),
('product_grandtotal', 'product', 2, 'Summe', NULL, '2010-04-21 13:30:07', NULL, '0000-00-00 00:00:00'),
('product_grandtotal_diff', 'product', 4, 'Differenz Summe', NULL, '2010-04-21 13:30:07', NULL, '0000-00-00 00:00:00'),
('product_singleprice', 'product', 1, 'Einzelpreis', NULL, '2010-04-21 13:30:07', NULL, '0000-00-00 00:00:00'),
('product_singleprice_diff', 'product', 3, 'Differenz EP', NULL, '2010-04-21 13:30:07', NULL, '0000-00-00 00:00:00'),
('supplier_breakinsurance', 'supplier', 28, 'Bruchversicherung', NULL, '2010-04-21 13:30:07', NULL, '0000-00-00 00:00:00'),
('supplier_breakinsurance_per', 'supplier', 29, 'Bruchversicherung (%)', NULL, '2010-04-21 13:30:07', NULL, '0000-00-00 00:00:00'),
('supplier_cargo', 'supplier', 24, 'Fracht', NULL, '2010-04-21 13:30:07', NULL, '0000-00-00 00:00:00'),
('supplier_cargo_per', 'supplier', 25, 'Fracht (%)', NULL, '2010-04-21 13:30:07', NULL, '0000-00-00 00:00:00'),
('supplier_discount_1', 'supplier', 4, 'Rabatt 1', NULL, '2010-04-21 13:30:07', NULL, '0000-00-00 00:00:00'),
('supplier_discount_2', 'supplier', 5, 'Rabatt 2', NULL, '2010-04-21 13:30:07', NULL, '0000-00-00 00:00:00'),
('supplier_discount_3', 'supplier', 7, 'Rabatt 3', NULL, '2010-04-21 13:30:07', NULL, '0000-00-00 00:00:00'),
('supplier_discount_4', 'supplier', 8, 'Rabatt 4', NULL, '2010-04-21 13:30:07', NULL, '0000-00-00 00:00:00'),
('supplier_extracharge', 'supplier', 22, 'Mindermengenzuschlag', NULL, '2010-04-21 13:30:07', NULL, '0000-00-00 00:00:00'),
('supplier_extracharge_per', 'supplier', 23, 'Mindermengenzuschlag (%)', NULL, '2010-04-21 13:30:07', NULL, '0000-00-00 00:00:00'),
('supplier_packing', 'supplier', 26, 'Verpackung', NULL, '2010-04-21 13:30:07', NULL, '0000-00-00 00:00:00'),
('supplier_packing_per', 'supplier', 27, 'Verpackung (%)', NULL, '2010-04-21 13:30:07', NULL, '0000-00-00 00:00:00');

INSERT IGNORE INTO `ShopWAWIJournalType` (`ShopWAWIJournalType_Code`, `ShopWAWIJournalType_Name`, `ShopWAWIJournalType_Order`, `Person_ID_Edit`, `Table_Edit`, `Person_ID_Create`, `Table_Create`) VALUES
('abgelaufen', 'Abgelaufen / Beschädigt', 3, 1, '2008-02-04 10:54:05', 1, '0000-00-00 00:00:00'),
('backendchange', 'Manuelle Korrektur', 0, NULL, '2008-08-13 08:41:04', NULL, '0000-00-00 00:00:00'),
('eigenbedarf', 'Eigenbedarf', 4, 1, '2008-02-04 10:53:16', 1, '0000-00-00 00:00:00'),
('korrektur', 'Korrektur', 1, 1, '2008-02-04 10:54:39', 1, '0000-00-00 00:00:00'),
('lagereingang', 'Lagerzugang', 5, NULL, '2010-04-21 13:31:13', NULL, '0000-00-00 00:00:00'),
('packening', 'Verpackt', 0, NULL, '2008-08-13 08:40:27', NULL, '0000-00-00 00:00:00'),
('sonstiges', 'Sonstiges', 2, 1, '2008-02-04 10:55:50', 1, '0000-00-00 00:00:00'),
('stockdelivery', 'Lagereingang', 0, NULL, '2008-08-13 08:40:50', NULL, '0000-00-00 00:00:00'),
('storno', 'Storno', 0, NULL, '2008-08-13 08:40:02', NULL, '0000-00-00 00:00:00'),
('unpackening', 'Entpackt', 0, NULL, '2008-08-13 08:40:35', NULL, '0000-00-00 00:00:00');

INSERT IGNORE INTO `ShopWAWIProductUnit` (`ShopWAWIProductUnit_Code`, `ShopWAWIProductUnit_Standard`, `Person_ID_Edit`, `Table_Edit`, `Person_ID_Create`, `Table_Create`) VALUES
('g', 100, 2, '2008-01-06 20:37:17', 2, '2008-01-06 19:20:14'),
('ml', 100, 2, '2008-01-06 20:37:17', 2, '0000-00-00 00:00:00'),
('Pkg', 0, 2, '2008-01-06 19:20:48', 2, '2008-01-06 19:20:48'),
('Stk', 0, 2, '2008-01-06 19:21:38', 2, '2008-01-06 19:21:38');

INSERT IGNORE INTO `ShopWAWITax` (`ShopWAWITax_Code`, `ShopWAWITax_Order`, `ShopWAWITax_Name`, `Person_ID_Edit`, `Table_Edit`, `Person_ID_Create`, `Table_Create`) VALUES
('erm', 2, '10% - Ermäßigter Steuersatz', 2, '2010-04-21 13:31:13', 2, '2007-11-23 15:04:51'),
('nsb', 3, '0% - Nicht steuerbar', NULL, '2010-04-21 13:30:05', NULL, '0000-00-00 00:00:00'),
('std', 1, '20% - Standard Steuersatz', 2, '2010-04-21 13:31:13', 2, '2007-11-23 14:35:47');

INSERT IGNORE INTO `ShopWAWITax_Country` (`ShopWAWITax_Code`, `Country_Code`, `ShopWAWITax_Country_Tax`, `ShopWAWITax_Country_Account`, `Person_ID_Edit`, `Table_Edit`, `Person_ID_Create`, `Table_Create`) VALUES
('erm', 'AT', 10, '310', 2, '2008-01-15 22:19:27', 2, '2008-01-15 22:19:27'),
('erm', 'BE', 10, '310', 2, '2008-01-15 22:19:27', 2, '2008-01-15 22:19:27'),
('erm', 'BG', 10, '310', 2, '2008-01-15 22:19:27', 2, '2008-01-15 22:19:27'),
('erm', 'CH', 10, '300', 2, '2008-01-15 22:19:27', 2, '2008-01-15 22:19:27'),
('erm', 'CY', 10, '310', 2, '2008-01-15 22:19:27', 2, '2008-01-15 22:19:27'),
('erm', 'CZ', 10, '310', 2, '2008-01-15 22:19:27', 2, '2008-01-15 22:19:27'),
('erm', 'DE', 10, '310', 2, '2008-01-15 22:19:27', 2, '2008-01-15 22:19:27'),
('erm', 'DK', 10, '310', 2, '2008-01-15 22:19:27', 2, '2008-01-15 22:19:27'),
('erm', 'EE', 10, '310', 2, '2008-01-15 22:19:27', 2, '2008-01-15 22:19:27'),
('erm', 'ES', 10, '310', 2, '2008-01-15 22:19:27', 2, '2008-01-15 22:19:27'),
('erm', 'FI', 10, '310', 2, '2008-01-15 22:19:27', 2, '2008-01-15 22:19:27'),
('erm', 'FR', 10, '310', 2, '2008-01-15 22:19:27', 2, '2008-01-15 22:19:27'),
('erm', 'GB', 10, '310', 2, '2008-01-15 22:19:27', 2, '2008-01-15 22:19:27'),
('erm', 'GR', 10, '310', 2, '2008-01-15 22:19:27', 2, '2008-01-15 22:19:27'),
('erm', 'HU', 10, '310', 2, '2008-01-15 22:19:27', 2, '2008-01-15 22:19:27'),
('erm', 'IE', 10, '310', 2, '2008-01-15 22:19:27', 2, '2008-01-15 22:19:27'),
('erm', 'IT', 10, '310', 2, '2008-01-15 22:19:27', 2, '2008-01-15 22:19:27'),
('erm', 'LT', 10, '310', 2, '2008-01-15 22:19:27', 2, '2008-01-15 22:19:27'),
('erm', 'LU', 10, '310', 2, '2008-01-15 22:19:27', 2, '2008-01-15 22:19:27'),
('erm', 'LV', 10, '310', 2, '2008-01-15 22:19:27', 2, '2008-01-15 22:19:27'),
('erm', 'MT', 10, '310', 2, '2008-01-15 22:19:27', 2, '2008-01-15 22:19:27'),
('erm', 'NL', 10, '310', 2, '2008-01-15 22:19:27', 2, '2008-01-15 22:19:27'),
('erm', 'PL', 10, '310', 2, '2008-01-15 22:19:27', 2, '2008-01-15 22:19:27'),
('erm', 'PT', 10, '310', 2, '2008-01-15 22:19:27', 2, '2008-01-15 22:19:27'),
('erm', 'RO', 10, '310', 2, '2008-01-15 22:19:27', 2, '2008-01-15 22:19:27'),
('erm', 'SE', 10, '310', 2, '2008-01-15 22:19:27', 2, '2008-01-15 22:19:27'),
('erm', 'SI', 10, '310', 2, '2008-01-15 22:19:27', 2, '2008-01-15 22:19:27'),
('erm', 'SK', 10, '310', 2, '2008-01-15 22:19:27', 2, '2008-01-15 22:19:27'),
('std', 'AT', 20, '320', 2, '2008-01-15 22:26:34', 2, '2008-01-15 22:26:34'),
('std', 'BE', 20, '320', 2, '2008-01-15 22:26:34', 2, '2008-01-15 22:26:34'),
('std', 'BG', 20, '320', 2, '2008-01-15 22:26:34', 2, '2008-01-15 22:26:34'),
('std', 'CH', 20, '320', 2, '2008-01-15 22:26:34', 2, '2008-01-15 22:26:34'),
('std', 'CY', 20, '320', 2, '2008-01-15 22:26:34', 2, '2008-01-15 22:26:34'),
('std', 'CZ', 20, '320', 2, '2008-01-15 22:26:34', 2, '2008-01-15 22:26:34'),
('std', 'DE', 20, '320', 2, '2008-01-15 22:26:34', 2, '2008-01-15 22:26:34'),
('std', 'DK', 20, '320', 2, '2008-01-15 22:26:34', 2, '2008-01-15 22:26:34'),
('std', 'EE', 20, '320', 2, '2008-01-15 22:26:34', 2, '2008-01-15 22:26:34'),
('std', 'ES', 20, '320', 2, '2008-01-15 22:26:34', 2, '2008-01-15 22:26:34'),
('std', 'FI', 20, '320', 2, '2008-01-15 22:26:34', 2, '2008-01-15 22:26:34'),
('std', 'FR', 20, '320', 2, '2008-01-15 22:26:34', 2, '2008-01-15 22:26:34'),
('std', 'GB', 20, '320', 2, '2008-01-15 22:26:34', 2, '2008-01-15 22:26:34'),
('std', 'GR', 20, '320', 2, '2008-01-15 22:26:34', 2, '2008-01-15 22:26:34'),
('std', 'HU', 20, '320', 2, '2008-01-15 22:26:34', 2, '2008-01-15 22:26:34'),
('std', 'IE', 20, '320', 2, '2008-01-15 22:26:34', 2, '2008-01-15 22:26:34'),
('std', 'IT', 20, '320', 2, '2008-01-15 22:26:34', 2, '2008-01-15 22:26:34'),
('std', 'LT', 20, '320', 2, '2008-01-15 22:26:34', 2, '2008-01-15 22:26:34'),
('std', 'LU', 20, '320', 2, '2008-01-15 22:26:34', 2, '2008-01-15 22:26:34'),
('std', 'LV', 20, '320', 2, '2008-01-15 22:26:34', 2, '2008-01-15 22:26:34'),
('std', 'MT', 20, '320', 2, '2008-01-15 22:26:34', 2, '2008-01-15 22:26:34'),
('std', 'NL', 20, '320', 2, '2008-01-15 22:26:34', 2, '2008-01-15 22:26:34'),
('std', 'PL', 20, '320', 2, '2008-01-15 22:26:34', 2, '2008-01-15 22:26:34'),
('std', 'PT', 20, '320', 2, '2008-01-15 22:26:34', 2, '2008-01-15 22:26:34'),
('std', 'RO', 20, '320', 2, '2008-01-15 22:26:34', 2, '2008-01-15 22:26:34'),
('std', 'SE', 20, '320', 2, '2008-01-15 22:26:34', 2, '2008-01-15 22:26:34'),
('std', 'SI', 20, '320', 2, '2008-01-15 22:26:34', 2, '2008-01-15 22:26:34'),
('std', 'SK', 20, '320', 2, '2008-01-15 22:26:34', 2, '2008-01-15 22:26:34');

INSERT IGNORE INTO `Shop_ShopConfig` (`ShopConfig_Code`, `Shop_Code`, `Shop_ShopConfig_Value`, `Person_ID_Edit`, `Table_Edit`, `Person_ID_Create`, `Table_Create`) VALUES
('bon_bottom_text', 'default', '<div style="text-align:center">\r\nVielen Dank für Ihren Besuch\r\n<hr />\r\nÖffnungszeiten:<br />\r\nMI 9-13 u. 15-17<br />\r\nDO, FR 9-13 u. 15-18.30<br />\r\nSA 9-13<br />\r\n</div>', 2, '2008-07-21 18:32:43', 2, '2008-07-21 18:32:43'),
('bon_header_text', 'default', '<table width="100%">\r\n<tr>\r\n  <td colspan="2" align="center">\r\n    BuyClix Ltd.\r\n  </td>\r\n</tr>\r\n<tr>\r\n  <td align="left">A-8200 Gleisdorf</td>\r\n  <td align="right">Albersdorf 309/1</td>\r\n</tr>\r\n<tr>\r\n  <td colspan="2" align="center">www.buyclix.at</td>\r\n</tr>\r\n<tr>\r\n  <td colspan="2" align="center">mail@buyclix.at</td>\r\n</tr>\r\n<tr>\r\n  <td align="left">ATU53013402</td>\r\n  <td align="right">Tel.: +43(316)337718</td>\r\n</tr>\r\n</table>\r\n', 2, '2008-07-21 18:32:43', 2, '2008-07-21 18:32:43'),
('categoryroot_main', 'default', '2', 2, '2008-07-21 18:32:43', 2, '2008-07-21 18:32:43'),
('categoryroot_products', 'default', '1', 2, '2008-07-21 18:32:43', 2, '2008-07-21 18:32:43'),
('category_brandnew', 'default', '3', 2, '2008-07-21 18:32:43', 2, '2008-07-21 18:32:43'),
('category_sale', 'default', '5', 2, '2008-07-21 18:32:43', 2, '2008-07-21 18:32:43'),
('category_startpage', 'default', '2', 2, '2008-07-21 18:32:43', 2, '2008-07-21 18:32:43'),
('category_startpage_empfehlungen', 'default', '1', 2, '2008-07-21 18:32:43', 2, '2008-07-21 18:32:43'),
('category_startpage_topseller', 'default', '6', 2, '2008-07-21 18:32:43', 2, '2008-07-21 18:32:43'),
('category_topseller', 'default', '4', 2, '2008-07-21 18:32:43', 2, '2008-07-21 18:32:43'),
('citation', 'default', 'Ihr BuyClix Team', 2, '2008-07-21 18:32:43', 2, '2008-07-21 18:32:43'),
('company_address', 'default', 'Albersdorf 309/1, A-8200 Gleisdorf', 2, '2008-07-21 18:32:43', 2, '2008-07-21 18:32:43'),
('company_city', 'default', 'Gleisdorf', 2, '2011-02-03 13:52:10', 2, '2011-02-03 13:52:10'),
('company_commercial_register_number', 'default', 'FN 382826f', 2, '2011-02-03 13:52:10', 2, '2011-02-03 13:52:10'),
('company_fax', 'default', '+43 0000 0000 000', 2, '2008-07-21 18:32:43', 2, '2008-07-21 18:32:43'),
('company_hotline', 'default', '0800 000 000 00', 2, '2008-07-21 18:32:43', 2, '2008-07-21 18:32:43'),
('company_name', 'default', 'BuyClix Ltd.', 2, '2008-07-21 18:32:43', 2, '2008-07-21 18:32:43'),
('company_phone', 'default', '', 2, '2008-07-21 18:32:43', 2, '2008-07-21 18:32:43'),
('company_vat_id', 'default', 'ATU67306426', 2, '2011-02-03 13:52:10', 2, '2011-02-03 13:52:10'),
('default_deliverytime', 'default', '30', 2, '2008-07-21 18:32:43', 2, '2008-07-21 18:32:43'),
('default_vat', 'default', '20', 2, '2008-07-21 18:32:43', 2, '2008-07-21 18:32:43'),
('delivery_reply_address', 'default', 'BuyClix Ltd.\r\nAlbersdorf 309/1\r\nA-8200 Gleisdorf', 2, '2008-07-21 18:32:43', 2, '2008-07-21 18:32:43'),
('delivery_reply_address_dhl', 'default', '', 2, '2011-02-03 13:52:10', 2, '2011-02-03 13:52:10'),
('email_address_internal', 'default', '', 2, '2011-02-03 13:52:10', 2, '2011-02-03 13:52:10'),
('google_analytics_id', 'default', '', 2, '2011-02-03 13:52:10', 2, '2011-02-03 13:52:10'),
('invoice_company_delivery_address', 'default', 'BuyClix Ltd.\r\nAlbersdorf 309/1\r\nA-8200 Gleisdorf', 2, '2008-07-21 18:32:43', 2, '2008-07-21 18:32:43'),
('invoice_company_info_text', 'default', 'vielen Dank für Ihren Einkauf!<br /><br />Wir wünschen Ihnen viel Freude mit den Artikeln und freuen uns auf Ihre nächste Bestellung!', 2, '2008-07-21 18:32:43', 2, '2008-07-21 18:32:43'),
('invoice_customer_logo', 'default', '/images/shop/fop/invoice.svg', 2, '2011-02-03 13:52:10', 2, '2011-02-03 13:52:10'),
('invoice_default_payment_discount_period', 'default', '', 2, '2011-05-03 14:29:12', 2, '2011-05-03 14:29:12'),
('invoice_default_payment_discount_value', 'default', '', 2, '2011-05-03 14:29:12', 2, '2011-05-03 14:29:12'),
('invoice_default_payment_period', 'default', '', 2, '2011-05-03 14:29:12', 2, '2011-05-03 14:29:12'),
('invoice_table_footer_text', 'default', '', 2, '2008-07-21 18:32:43', 2, '2008-07-21 18:32:43'),
('logo_backend', 'default', '', 2, '2011-02-03 13:52:10', 2, '2011-02-03 13:52:10'),
('logo_path_and_filename', 'default', '/upload/logo.jpg', 2, '2008-07-21 18:32:43', 2, '2008-07-21 18:32:43'),
('name_short', 'default', 'BuyClix', 2, '2008-07-21 18:32:43', 2, '2008-07-21 18:32:43'),
('payment_cod_bank_accountname', 'default', 'NN', 2, '2008-07-21 18:32:43', 2, '2008-07-21 18:32:43'),
('payment_cod_bank_accountnumber', 'default', 'NN', 2, '2008-07-21 18:32:43', 2, '2008-07-21 18:32:43'),
('payment_cod_bank_bic', 'default', 'NN', 2, '2008-07-21 18:32:43', 2, '2008-07-21 18:32:43'),
('payment_cod_bank_iban', 'default', 'NN', 2, '2008-07-21 18:32:43', 2, '2008-07-21 18:32:43'),
('payment_cod_bank_name', 'default', 'NN', 2, '2008-07-21 18:32:43', 2, '2008-07-21 18:32:43'),
('payment_cod_bank_number', 'default', 'NN', 2, '2008-07-21 18:32:43', 2, '2008-07-21 18:32:43'),
('payment_invoice_accountname', 'default', 'RE', 2, '2008-07-21 18:32:43', 2, '2008-07-21 18:32:43'),
('payment_invoice_accountnumber', 'default', 'RE', 2, '2008-07-21 18:32:43', 2, '2008-07-21 18:32:43'),
('payment_invoice_bank_bic', 'default', 'RE', 2, '2008-07-21 18:32:43', 2, '2008-07-21 18:32:43'),
('payment_invoice_bank_iban', 'default', 'RE', 2, '2008-07-21 18:32:43', 2, '2008-07-21 18:32:43'),
('payment_invoice_bank_name', 'default', 'RE', 2, '2008-07-21 18:32:43', 2, '2008-07-21 18:32:43'),
('payment_invoice_bank_number', 'default', 'RE', 2, '2008-07-21 18:32:43', 2, '2008-07-21 18:32:43'),
('payment_prepayed_accountname', 'default', 'VK', 2, '2008-07-21 18:32:43', 2, '2008-07-21 18:32:43'),
('payment_prepayed_accountnumber', 'default', 'VK', 2, '2008-07-21 18:32:43', 2, '2008-07-21 18:32:43'),
('payment_prepayed_bank_bic', 'default', 'VK', 2, '2008-07-21 18:32:43', 2, '2008-07-21 18:32:43'),
('payment_prepayed_bank_iban', 'default', 'VK', 2, '2008-07-21 18:32:43', 2, '2008-07-21 18:32:43'),
('payment_prepayed_bank_name', 'default', 'VK', 2, '2008-07-21 18:32:43', 2, '2008-07-21 18:32:43'),
('payment_prepayed_bank_number', 'default', 'VK', 2, '2008-07-21 18:32:43', 2, '2008-07-21 18:32:43'),
('postaviso_customer_name', 'default', '', 2, '2011-02-03 13:52:10', 2, '2011-02-03 13:52:10'),
('postaviso_debitor_number', 'default', '', 2, '2011-02-03 13:52:10', 2, '2011-02-03 13:52:10'),
('postaviso_post_email', 'default', '', 2, '2011-02-03 13:52:10', 2, '2011-02-03 13:52:10'),
('postaviso_shipper_city', 'default', '', 2, '2011-02-03 13:52:10', 2, '2011-02-03 13:52:10'),
('postaviso_shipper_country', 'default', '', 2, '2011-02-03 13:52:10', 2, '2011-02-03 13:52:10'),
('postaviso_shipper_housenumber', 'default', '', 2, '2011-02-03 13:52:10', 2, '2011-02-03 13:52:10'),
('postaviso_shipper_street', 'default', '', 2, '2011-02-03 13:52:10', 2, '2011-02-03 13:52:10'),
('postaviso_shipper_zipcode', 'default', '', 2, '2011-02-03 13:52:10', 2, '2011-02-03 13:52:10'),
('postlabel_customer_logo', 'default', '', 2, '2011-02-03 13:52:10', 2, '2011-02-03 13:52:10'),
('postlist_contactperson', 'default', '', 2, '2011-02-03 13:52:10', 2, '2011-02-03 13:52:10'),
('postlist_email', 'default', '', 2, '2011-02-03 13:52:10', 2, '2011-02-03 13:52:10'),
('postlist_phone', 'default', '', 2, '2011-02-03 13:52:10', 2, '2011-02-03 13:52:10'),
('postlist_sap_number', 'default', '', 2, '2011-02-03 13:52:10', 2, '2011-02-03 13:52:10'),
('site_email', 'default', 'mail@buyclix.at', 2, '2008-07-21 18:32:43', 2, '2008-07-21 18:32:43'),
('site_email_from', 'default', 'BuyClix', 2, '2008-07-21 18:32:43', 2, '2008-07-21 18:32:43'),
('site_email_sender_address', 'default', 'mail@buyclix.at', 2, '2008-07-21 18:32:43', 2, '2008-07-21 18:32:43'),
('site_email_sender_name', 'default', 'BuyClix', 2, '2008-07-21 18:32:43', 2, '2008-07-21 18:32:43'),
('title_logo', 'default', '', 2, '2012-03-14 12:07:19', 2, '2012-03-14 12:07:19'),
('user_number_prefix', 'default', '', 2, '2008-07-21 18:32:43', 2, '2008-07-21 18:32:43'),
('website_domain', 'default', 'www.buyclix.at', 2, '2008-07-21 18:32:43', 2, '2008-07-21 18:32:43'),
('website_domain_cdn', 'default', '', 2, '2011-02-03 13:52:10', 2, '2011-02-03 13:52:10'),
('cms_menu_root_id', 'default', '17', 1, '2013-07-25 14:32:43', 1, '2013-07-25 14:32:43'),
('title_logo', 'default', 'BuyClix Shop', 1, '2013-07-25 14:32:43', 1, '2013-07-25 14:32:43'),
('home_title', 'default', 'BuyClix Shop', 1, '2013-07-25 14:32:43', 1, '2013-07-25 14:32:43'),
('view_theme', 'default', '', 1, '2013-07-25 14:32:43', 1, '2013-07-25 14:32:43');

INSERT IGNORE INTO `ShopWAWIProductUnit_Language` (`ShopWAWIProductUnit_Code`, `Language_Code`, `ShopWAWIProductUnit_Language_Name`, `ShopWAWIProductUnit_Language_Dual`, `ShopWAWIProductUnit_Language_Plural`) VALUES
('g', 'de', 'g', 'g', 'g'),
('g', 'en', 'g', 'g', 'g'),
('ml', 'de', 'ml', 'ml', 'ml'),
('ml', 'en', 'ml', 'ml', 'ml'),
('Pkg', 'de', 'Pkg', 'Pkg', 'Pkg'),
('Pkg', 'en', 'Pkg', 'Pkg', 'Pkg'),
('Stk', 'de', 'Stück', 'Stück', 'Stück'),
('Stk', 'en', 'item', 'items', 'items');

INSERT IGNORE INTO `ArticleEntryDateTimeType` (`ArticleEntryDateTimeType_Code`, `ArticleEntryDateTimeType_Name`) VALUES
('default', 'Default');

INSERT IGNORE INTO `ShopOrderSource` (`ShopOrderSource_Code`, `ShopOrderSource_Name`, `ShopOrderSource_ShowFilter`, `Person_ID_Edit`, `Table_Edit`, `Person_ID_Create`, `Table_Create`) VALUES
('import', 'Import', 'false', 1, '2011-04-14 15:21:14', 1, '2011-04-14 15:21:16'),
('webshop', 'Webshop', 'true', 1, '2011-04-14 15:21:14', 1, '2011-04-14 15:21:16'),
('cashdesk', 'Kassa', 'false', 1, '2011-04-14 15:21:14', 1, '2011-04-14 15:21:16'),
('servicecenter', 'ServiceCenter', 'false', 1, '2011-04-14 15:21:14', 1, '2011-04-14 15:21:16'),
('amazon', 'Amazon', 'false', 1, '2014-02-13 15:21:14', 1, '2014-02-13 15:21:16');

INSERT IGNORE INTO `PictureCategory` (`PictureCategory_Code`, `Person_ID_Edit`, `Table_Edit`, `Person_ID_Create`, `Table_Create`) VALUES
('default', 1, '2012-08-02 14:56:18', 1, '2012-08-02 14:56:18');

INSERT IGNORE INTO `PictureCategory_Language` (`PictureCategory_Code`, `Language_Code`, `PictureCategory_Language_Title`, `Person_ID_Edit`, `Table_Edit`, `Person_ID_Create`, `Table_Create`) VALUES
('default', 'de', 'Default', 1, '2012-08-02 14:56:18', 1, '2012-08-02 14:56:18');

INSERT IGNORE INTO `NewsletterFilter` (`NewsletterFilter_ID`, `NewsletterFilter_Order`, `NewsletterFilter_Name`, `NewsletterFilter_Active`, `NewsletterFilter_SQL`, `Person_ID_Edit`, `Table_Edit`, `Person_ID_Create`, `Table_Create`) VALUES
(1, 1, 'noch OHNE Bestellung', 'true', 'SELECT nlr.Person_ID\r\nFROM NewsletterRecipient AS nlr\r\nINNER JOIN Person AS p ON (p.Person_ID = nlr.Person_ID)\r\nINNER JOIN ShopUser AS su ON (su.Person_ID = p.Person_ID)\r\nWHERE\r\n	nlr.NewsletterRecipient_Active = \'true\'\r\n	AND su.ShopUser_Active = \'true\'\r\n	AND su.ShopUser_IsAnoymous = \'false\'\r\n	AND nlr.Person_ID NOT IN (\r\n		SELECT sc.Person_ID\r\n		FROM ShopCustomer AS sc\r\n		INNER JOIN ShopOrder AS so ON (so.ShopOrder_ID = sc.ShopOrder_ID)\r\n		WHERE\r\n			so.ShopOrderState_Code != \'canceled\'\r\n		GROUP BY sc.Person_ID\r\n	)\r\n', 1, '2012-08-31 12:17:29', 1, '2012-08-31 12:17:29');

-- default stock
INSERT IGNORE INTO `ShopWAWIStock` (`ShopWAWIStock_ID`, `ShopWAWIStock_Code`, `ShopWAWIStock_Name`, `ShopWAWIStock_Active`, `Person_ID_Edit`, `Table_Edit`, `Person_ID_Create`, `Table_Create`) VALUES
(1, 'default', 'Hauptlager', 'true', 1, '2015-05-04 11:41:29', 1, '2015-05-04 11:41:29');

--- default user relationship type
INSERT INTO `ShopUserRelationshipType` (`ShopUserRelationshipType_Code`, `ShopUserRelationshipType_Name`, `ShopUserRelationshipType_Order`) VALUES ('default', 'Default', 1);
