-- MySQL dump 10.13  Distrib 5.7.35, for Linux (x86_64)
--
-- Host: localhost    Database: aea
-- ------------------------------------------------------
-- Server version	5.7.35

/*!40101 SET @OLD_CHARACTER_SET_CLIENT=@@CHARACTER_SET_CLIENT */;
/*!40101 SET @OLD_CHARACTER_SET_RESULTS=@@CHARACTER_SET_RESULTS */;
/*!40101 SET @OLD_COLLATION_CONNECTION=@@COLLATION_CONNECTION */;
/*!40101 SET NAMES utf8 */;
/*!40103 SET @OLD_TIME_ZONE=@@TIME_ZONE */;
/*!40103 SET TIME_ZONE='+00:00' */;
/*!40014 SET @OLD_UNIQUE_CHECKS=@@UNIQUE_CHECKS, UNIQUE_CHECKS=0 */;
/*!40014 SET @OLD_FOREIGN_KEY_CHECKS=@@FOREIGN_KEY_CHECKS, FOREIGN_KEY_CHECKS=0 */;
/*!40101 SET @OLD_SQL_MODE=@@SQL_MODE, SQL_MODE='NO_AUTO_VALUE_ON_ZERO' */;
/*!40111 SET @OLD_SQL_NOTES=@@SQL_NOTES, SQL_NOTES=0 */;

--
-- Table structure for table `brands`
--

DROP TABLE IF EXISTS `brands`;
/*!40101 SET @saved_cs_client     = @@character_set_client */;
/*!40101 SET character_set_client = utf8 */;
CREATE TABLE `brands` (
  `id` bigint(20) unsigned NOT NULL AUTO_INCREMENT,
  `name` varchar(255) COLLATE utf8mb4_unicode_ci NOT NULL,
  `created_at` timestamp NULL DEFAULT NULL,
  `updated_at` timestamp NULL DEFAULT NULL,
  PRIMARY KEY (`id`)
) ENGINE=InnoDB AUTO_INCREMENT=5 DEFAULT CHARSET=utf8mb4 COLLATE=utf8mb4_unicode_ci;
/*!40101 SET character_set_client = @saved_cs_client */;

--
-- Dumping data for table `brands`
--

LOCK TABLES `brands` WRITE;
/*!40000 ALTER TABLE `brands` DISABLE KEYS */;
INSERT INTO `brands` VALUES (1,'Austriaglas',NULL,NULL),(2,'Artauf Glastüren',NULL,NULL),(3,'Xglastec',NULL,NULL),(4,'Glasonline',NULL,NULL);
/*!40000 ALTER TABLE `brands` ENABLE KEYS */;
UNLOCK TABLES;

--
-- Table structure for table `broken_parts`
--

DROP TABLE IF EXISTS `broken_parts`;
/*!40101 SET @saved_cs_client     = @@character_set_client */;
/*!40101 SET character_set_client = utf8 */;
CREATE TABLE `broken_parts` (
  `id` bigint(20) unsigned NOT NULL AUTO_INCREMENT,
  `station_id` bigint(20) unsigned NOT NULL,
  `part_id` bigint(20) unsigned NOT NULL,
  `employee_id` bigint(20) unsigned NOT NULL,
  `note` varchar(255) COLLATE utf8mb4_unicode_ci DEFAULT NULL,
  `created_at` timestamp NULL DEFAULT NULL,
  `updated_at` timestamp NULL DEFAULT NULL,
  PRIMARY KEY (`id`),
  KEY `broken_parts_station_id_foreign` (`station_id`),
  KEY `broken_parts_part_id_foreign` (`part_id`),
  KEY `broken_parts_employee_id_foreign` (`employee_id`),
  CONSTRAINT `broken_parts_employee_id_foreign` FOREIGN KEY (`employee_id`) REFERENCES `employees` (`id`),
  CONSTRAINT `broken_parts_part_id_foreign` FOREIGN KEY (`part_id`) REFERENCES `parts` (`id`),
  CONSTRAINT `broken_parts_station_id_foreign` FOREIGN KEY (`station_id`) REFERENCES `stations` (`id`)
) ENGINE=InnoDB AUTO_INCREMENT=6 DEFAULT CHARSET=utf8mb4 COLLATE=utf8mb4_unicode_ci;
/*!40101 SET character_set_client = @saved_cs_client */;

--
-- Dumping data for table `broken_parts`
--

LOCK TABLES `broken_parts` WRITE;
/*!40000 ALTER TABLE `broken_parts` DISABLE KEYS */;
INSERT INTO `broken_parts` VALUES (1,9,4,11,'gebrochen','2022-05-16 14:40:51','2022-05-16 14:40:51'),(2,7,58,6,'bruch','2022-06-14 12:48:26','2022-06-14 12:48:26'),(3,5,83,6,'bruch','2023-01-30 15:14:40','2023-01-30 15:14:40'),(4,18,87,6,'bruch','2023-02-01 13:51:59','2023-02-01 13:51:59'),(5,5,89,6,'bruch','2023-02-01 15:21:11','2023-02-01 15:21:11');
/*!40000 ALTER TABLE `broken_parts` ENABLE KEYS */;
UNLOCK TABLES;

--
-- Table structure for table `delivery_types`
--

DROP TABLE IF EXISTS `delivery_types`;
/*!40101 SET @saved_cs_client     = @@character_set_client */;
/*!40101 SET character_set_client = utf8 */;
CREATE TABLE `delivery_types` (
  `id` bigint(20) unsigned NOT NULL AUTO_INCREMENT,
  `name` varchar(255) COLLATE utf8mb4_unicode_ci NOT NULL,
  `created_at` timestamp NULL DEFAULT NULL,
  `updated_at` timestamp NULL DEFAULT NULL,
  PRIMARY KEY (`id`)
) ENGINE=InnoDB AUTO_INCREMENT=6 DEFAULT CHARSET=utf8mb4 COLLATE=utf8mb4_unicode_ci;
/*!40101 SET character_set_client = @saved_cs_client */;

--
-- Dumping data for table `delivery_types`
--

LOCK TABLES `delivery_types` WRITE;
/*!40000 ALTER TABLE `delivery_types` DISABLE KEYS */;
INSERT INTO `delivery_types` VALUES (1,'LKW',NULL,NULL),(2,'Post',NULL,NULL),(3,'Spedition',NULL,NULL),(4,'Selbstabholung',NULL,NULL),(5,'Vertreter',NULL,NULL);
/*!40000 ALTER TABLE `delivery_types` ENABLE KEYS */;
UNLOCK TABLES;

--
-- Table structure for table `employees`
--

DROP TABLE IF EXISTS `employees`;
/*!40101 SET @saved_cs_client     = @@character_set_client */;
/*!40101 SET character_set_client = utf8 */;
CREATE TABLE `employees` (
  `id` bigint(20) unsigned NOT NULL AUTO_INCREMENT,
  `name` varchar(255) COLLATE utf8mb4_unicode_ci NOT NULL,
  `created_at` timestamp NULL DEFAULT NULL,
  `updated_at` timestamp NULL DEFAULT NULL,
  PRIMARY KEY (`id`)
) ENGINE=InnoDB AUTO_INCREMENT=14 DEFAULT CHARSET=utf8mb4 COLLATE=utf8mb4_unicode_ci;
/*!40101 SET character_set_client = @saved_cs_client */;

--
-- Dumping data for table `employees`
--

LOCK TABLES `employees` WRITE;
/*!40000 ALTER TABLE `employees` DISABLE KEYS */;
INSERT INTO `employees` VALUES (1,'Engelbert A.',NULL,NULL),(2,'Marco A.',NULL,NULL),(3,'Sylvia A.',NULL,NULL),(4,'Jasmin B.',NULL,NULL),(5,'Beate M.',NULL,NULL),(6,'Daniel V.',NULL,NULL),(7,'Jure D.',NULL,NULL),(8,'Jurica S.',NULL,NULL),(9,'Bernhard Sch.',NULL,NULL),(10,'Tina P.',NULL,NULL),(11,'Dietmar St.',NULL,NULL),(12,'Mario K.',NULL,NULL),(13,'Stefan Pf.',NULL,NULL);
/*!40000 ALTER TABLE `employees` ENABLE KEYS */;
UNLOCK TABLES;

--
-- Table structure for table `failed_jobs`
--

DROP TABLE IF EXISTS `failed_jobs`;
/*!40101 SET @saved_cs_client     = @@character_set_client */;
/*!40101 SET character_set_client = utf8 */;
CREATE TABLE `failed_jobs` (
  `id` bigint(20) unsigned NOT NULL AUTO_INCREMENT,
  `uuid` varchar(255) COLLATE utf8mb4_unicode_ci NOT NULL,
  `connection` text COLLATE utf8mb4_unicode_ci NOT NULL,
  `queue` text COLLATE utf8mb4_unicode_ci NOT NULL,
  `payload` longtext COLLATE utf8mb4_unicode_ci NOT NULL,
  `exception` longtext COLLATE utf8mb4_unicode_ci NOT NULL,
  `failed_at` timestamp NOT NULL DEFAULT CURRENT_TIMESTAMP,
  PRIMARY KEY (`id`),
  UNIQUE KEY `failed_jobs_uuid_unique` (`uuid`)
) ENGINE=InnoDB DEFAULT CHARSET=utf8mb4 COLLATE=utf8mb4_unicode_ci;
/*!40101 SET character_set_client = @saved_cs_client */;

--
-- Dumping data for table `failed_jobs`
--

LOCK TABLES `failed_jobs` WRITE;
/*!40000 ALTER TABLE `failed_jobs` DISABLE KEYS */;
/*!40000 ALTER TABLE `failed_jobs` ENABLE KEYS */;
UNLOCK TABLES;

--
-- Table structure for table `groups`
--

DROP TABLE IF EXISTS `groups`;
/*!40101 SET @saved_cs_client     = @@character_set_client */;
/*!40101 SET character_set_client = utf8 */;
CREATE TABLE `groups` (
  `id` bigint(20) unsigned NOT NULL AUTO_INCREMENT,
  `name` varchar(255) COLLATE utf8mb4_unicode_ci NOT NULL,
  `created_at` timestamp NULL DEFAULT NULL,
  `updated_at` timestamp NULL DEFAULT NULL,
  PRIMARY KEY (`id`)
) ENGINE=InnoDB AUTO_INCREMENT=19 DEFAULT CHARSET=utf8mb4 COLLATE=utf8mb4_unicode_ci;
/*!40101 SET character_set_client = @saved_cs_client */;

--
-- Dumping data for table `groups`
--

LOCK TABLES `groups` WRITE;
/*!40000 ALTER TABLE `groups` DISABLE KEYS */;
INSERT INTO `groups` VALUES (1,'Glastür',NULL,NULL),(2,'Ganzglasanlage',NULL,NULL),(3,'Trennwand',NULL,NULL),(4,'Schiebetür',NULL,NULL),(5,'Küchenrückwand',NULL,NULL),(6,'Pendeltür',NULL,NULL),(7,'Geländer',NULL,NULL),(8,'Arbeitsplatte',NULL,NULL),(9,'Dusche',NULL,NULL),(10,'Rückwand',NULL,NULL),(11,'Verglasung',NULL,NULL),(12,'Glasfächer',NULL,NULL),(13,'Glas',NULL,NULL),(14,'Metalltassen',NULL,NULL),(15,'Alu-Dibond',NULL,NULL),(16,'Beschläge',NULL,NULL),(17,'Zubehör',NULL,NULL),(18,'Sonder',NULL,NULL);
/*!40000 ALTER TABLE `groups` ENABLE KEYS */;
UNLOCK TABLES;

--
-- Table structure for table `jobs`
--

DROP TABLE IF EXISTS `jobs`;
/*!40101 SET @saved_cs_client     = @@character_set_client */;
/*!40101 SET character_set_client = utf8 */;
CREATE TABLE `jobs` (
  `id` bigint(20) unsigned NOT NULL AUTO_INCREMENT,
  `queue` varchar(255) COLLATE utf8mb4_unicode_ci NOT NULL,
  `payload` longtext COLLATE utf8mb4_unicode_ci NOT NULL,
  `attempts` tinyint(3) unsigned NOT NULL,
  `reserved_at` int(10) unsigned DEFAULT NULL,
  `available_at` int(10) unsigned NOT NULL,
  `created_at` int(10) unsigned NOT NULL,
  PRIMARY KEY (`id`),
  KEY `jobs_queue_index` (`queue`)
) ENGINE=InnoDB AUTO_INCREMENT=2 DEFAULT CHARSET=utf8mb4 COLLATE=utf8mb4_unicode_ci;
/*!40101 SET character_set_client = @saved_cs_client */;

--
-- Dumping data for table `jobs`
--

LOCK TABLES `jobs` WRITE;
/*!40000 ALTER TABLE `jobs` DISABLE KEYS */;
/*!40000 ALTER TABLE `jobs` ENABLE KEYS */;
UNLOCK TABLES;

--
-- Table structure for table `materials`
--

DROP TABLE IF EXISTS `materials`;
/*!40101 SET @saved_cs_client     = @@character_set_client */;
/*!40101 SET character_set_client = utf8 */;
CREATE TABLE `materials` (
  `id` bigint(20) unsigned NOT NULL AUTO_INCREMENT,
  `name` varchar(255) COLLATE utf8mb4_unicode_ci NOT NULL,
  `created_at` timestamp NULL DEFAULT NULL,
  `updated_at` timestamp NULL DEFAULT NULL,
  PRIMARY KEY (`id`)
) ENGINE=InnoDB AUTO_INCREMENT=2 DEFAULT CHARSET=utf8mb4 COLLATE=utf8mb4_unicode_ci;
/*!40101 SET character_set_client = @saved_cs_client */;

--
-- Dumping data for table `materials`
--

LOCK TABLES `materials` WRITE;
/*!40000 ALTER TABLE `materials` DISABLE KEYS */;
INSERT INTO `materials` VALUES (1,'Milchglass 12mm',NULL,NULL);
/*!40000 ALTER TABLE `materials` ENABLE KEYS */;
UNLOCK TABLES;

--
-- Table structure for table `migrations`
--

DROP TABLE IF EXISTS `migrations`;
/*!40101 SET @saved_cs_client     = @@character_set_client */;
/*!40101 SET character_set_client = utf8 */;
CREATE TABLE `migrations` (
  `id` int(10) unsigned NOT NULL AUTO_INCREMENT,
  `migration` varchar(255) COLLATE utf8mb4_unicode_ci NOT NULL,
  `batch` int(11) NOT NULL,
  PRIMARY KEY (`id`)
) ENGINE=InnoDB AUTO_INCREMENT=29 DEFAULT CHARSET=utf8mb4 COLLATE=utf8mb4_unicode_ci;
/*!40101 SET character_set_client = @saved_cs_client */;

--
-- Dumping data for table `migrations`
--

LOCK TABLES `migrations` WRITE;
/*!40000 ALTER TABLE `migrations` DISABLE KEYS */;
INSERT INTO `migrations` VALUES (1,'0000_00_00_000000_create_websockets_statistics_entries_table',1),(2,'2021_01_19_072151_create_parts_table',1),(3,'2021_01_20_131501_create_brands_table',1),(4,'2021_01_20_131551_create_groups_table',1),(5,'2021_01_20_131609_create_stamps_table',1),(6,'2021_01_20_131724_create_delivery_types_table',1),(7,'2021_01_20_141825_create_materials_table',1),(8,'2021_01_21_210348_create_stations_table',1),(9,'2021_01_21_212107_create_employees_table',1),(10,'2021_01_26_100949_create_station_lists_table',1),(11,'2021_02_01_140357_create_stock_lists_table',1),(12,'2021_02_04_074816_create_broken_parts_table',1),(13,'2021_02_10_132231_create_user_scans_table',1),(14,'2021_02_24_160644_create_transports_table',1),(15,'2021_02_25_144946_create_transport_locations_table',1),(16,'2021_02_25_151721_create_part_transport_table',1),(17,'2021_03_05_085640_create_part_executions_table',1),(18,'2021_05_10_102005_create_station_plannings_table',1),(19,'2021_06_11_115657_update_station_lists_table_add_schedule',1),(20,'2021_08_05_141730_update_station_lists_table_add_block_number',1),(21,'2021_08_05_165855_update_station_lists_table_add_unplanned_order',1),(22,'2021_08_19_131355_update_station_lists_table_add_in_capacity',1),(23,'2021_08_20_101233_create_not_available_parts_table',1),(24,'2021_09_01_091153_update_station_lists_table_add_start_time_offset',1),(25,'2021_09_09_144553_update_station_lists_table_add_order',1),(26,'2021_09_17_095555_create_stopped_stations_table',1),(27,'2021_09_17_095631_create_jobs_table',1),(28,'2021_09_17_122022_create_failed_jobs_table',1);
/*!40000 ALTER TABLE `migrations` ENABLE KEYS */;
UNLOCK TABLES;

--
-- Table structure for table `not_available_parts`
--

DROP TABLE IF EXISTS `not_available_parts`;
/*!40101 SET @saved_cs_client     = @@character_set_client */;
/*!40101 SET character_set_client = utf8 */;
CREATE TABLE `not_available_parts` (
  `id` bigint(20) unsigned NOT NULL AUTO_INCREMENT,
  `station_id` bigint(20) unsigned NOT NULL,
  `part_id` bigint(20) unsigned NOT NULL,
  `done` tinyint(1) NOT NULL,
  `planned_date` date NOT NULL,
  `start_time` datetime NOT NULL,
  `end_time` datetime NOT NULL,
  `created_at` timestamp NULL DEFAULT NULL,
  `updated_at` timestamp NULL DEFAULT NULL,
  PRIMARY KEY (`id`),
  KEY `not_available_parts_station_id_foreign` (`station_id`),
  KEY `not_available_parts_part_id_foreign` (`part_id`),
  CONSTRAINT `not_available_parts_part_id_foreign` FOREIGN KEY (`part_id`) REFERENCES `parts` (`id`),
  CONSTRAINT `not_available_parts_station_id_foreign` FOREIGN KEY (`station_id`) REFERENCES `stations` (`id`)
) ENGINE=InnoDB AUTO_INCREMENT=16 DEFAULT CHARSET=utf8mb4 COLLATE=utf8mb4_unicode_ci;
/*!40101 SET character_set_client = @saved_cs_client */;

--
-- Dumping data for table `not_available_parts`
--

LOCK TABLES `not_available_parts` WRITE;
/*!40000 ALTER TABLE `not_available_parts` DISABLE KEYS */;
INSERT INTO `not_available_parts` VALUES (1,3,3,1,'2022-05-16','2022-05-16 13:59:00','2022-05-16 14:19:00','2022-05-16 14:10:47','2022-05-16 14:10:47'),(2,5,3,0,'2022-05-16','2022-05-16 15:09:00','2022-05-16 15:39:00','2022-05-16 14:10:47','2022-05-16 14:10:47'),(3,8,3,0,'2022-05-16','2022-05-16 15:39:00','2022-05-16 16:55:00','2022-05-16 14:10:47','2022-05-16 14:10:47'),(4,13,3,0,'2022-05-16','2022-05-16 16:55:00','2022-05-16 17:12:00','2022-05-16 14:10:47','2022-05-16 14:10:47'),(5,18,3,0,'2022-05-16','2022-05-16 17:12:00','2022-05-16 17:32:00','2022-05-16 14:10:47','2022-05-16 14:10:47'),(6,19,3,0,'2022-05-16','2022-05-16 17:32:00','2022-05-16 18:12:00','2022-05-16 14:10:47','2022-05-16 14:10:47'),(7,5,58,0,'2022-06-14','2022-06-14 12:49:00','2022-06-14 13:19:00','2022-06-14 12:50:56','2022-06-14 12:50:56'),(8,7,58,0,'2022-06-14','2022-06-14 19:42:00','2022-06-14 20:16:00','2022-06-14 12:50:56','2022-06-14 12:50:56'),(9,18,58,0,'2022-06-14','2022-06-14 20:42:00','2022-06-14 21:02:00','2022-06-14 12:50:56','2022-06-14 12:50:56'),(10,19,58,0,'2022-06-15','2022-06-15 09:00:00','2022-06-15 09:40:00','2022-06-14 12:50:56','2022-06-14 12:50:56'),(11,5,84,1,'2023-01-30','2023-01-30 16:00:00','2023-01-30 16:30:00','2023-01-31 08:04:05','2023-01-31 08:04:05'),(12,9,84,0,'2023-01-31','2023-01-31 09:33:00','2023-01-31 10:03:00','2023-01-31 08:04:05','2023-01-31 08:04:05'),(13,13,84,0,'2023-01-31','2023-01-31 12:11:00','2023-01-31 12:34:00','2023-01-31 08:04:05','2023-01-31 08:04:05'),(14,18,84,0,'2023-02-01','2023-02-01 09:40:00','2023-02-01 10:00:00','2023-01-31 08:04:05','2023-01-31 08:04:05'),(15,19,84,0,'2023-02-02','2023-02-02 10:20:00','2023-02-02 11:00:00','2023-01-31 08:04:05','2023-01-31 08:04:05');
/*!40000 ALTER TABLE `not_available_parts` ENABLE KEYS */;
UNLOCK TABLES;

--
-- Table structure for table `part_executions`
--

DROP TABLE IF EXISTS `part_executions`;
/*!40101 SET @saved_cs_client     = @@character_set_client */;
/*!40101 SET character_set_client = utf8 */;
CREATE TABLE `part_executions` (
  `id` bigint(20) unsigned NOT NULL AUTO_INCREMENT,
  `part_id` bigint(20) unsigned NOT NULL,
  `station_id` bigint(20) unsigned NOT NULL,
  `name` varchar(255) COLLATE utf8mb4_unicode_ci NOT NULL,
  `type` varchar(255) COLLATE utf8mb4_unicode_ci NOT NULL,
  `value` varchar(512) COLLATE utf8mb4_unicode_ci DEFAULT NULL,
  `created_at` timestamp NULL DEFAULT NULL,
  `updated_at` timestamp NULL DEFAULT NULL,
  PRIMARY KEY (`id`),
  KEY `part_executions_part_id_foreign` (`part_id`),
  KEY `part_executions_station_id_foreign` (`station_id`),
  CONSTRAINT `part_executions_part_id_foreign` FOREIGN KEY (`part_id`) REFERENCES `parts` (`id`),
  CONSTRAINT `part_executions_station_id_foreign` FOREIGN KEY (`station_id`) REFERENCES `stations` (`id`)
) ENGINE=InnoDB AUTO_INCREMENT=469 DEFAULT CHARSET=utf8mb4 COLLATE=utf8mb4_unicode_ci;
/*!40101 SET character_set_client = @saved_cs_client */;

--
-- Dumping data for table `part_executions`
--

LOCK TABLES `part_executions` WRITE;
/*!40000 ALTER TABLE `part_executions` DISABLE KEYS */;
INSERT INTO `part_executions` VALUES (1,1,18,'kork','single',NULL,'2021-10-27 15:27:13','2021-10-27 15:27:13'),(2,1,19,'kasten','single',NULL,'2021-10-27 15:27:13','2021-10-27 15:27:13'),(3,2,7,'kpc','lfm',NULL,'2022-05-16 13:46:38','2022-05-16 13:46:38'),(4,2,7,'loch','stk','5','2022-05-16 13:46:38','2022-05-16 13:46:38'),(5,2,13,'esg','m2',NULL,'2022-05-16 13:46:38','2022-05-16 13:46:38'),(6,2,13,'stempelstd','single',NULL,'2022-05-16 13:46:38','2022-05-16 13:46:38'),(7,2,15,'feuchtbest','m2',NULL,'2022-05-16 13:46:38','2022-05-16 13:46:38'),(8,2,18,'pvc','single',NULL,'2022-05-16 13:46:38','2022-05-16 13:46:38'),(9,2,19,'gestell','single',NULL,'2022-05-16 13:46:38','2022-05-16 13:46:38'),(15,4,9,'kp','lfm',NULL,'2022-05-16 14:24:24','2022-05-16 14:24:24'),(16,4,13,'esg','m2',NULL,'2022-05-16 14:24:24','2022-05-16 14:24:24'),(17,4,18,'karton','single',NULL,'2022-05-16 14:32:51','2022-05-16 14:32:51'),(18,4,19,'gestell','single',NULL,'2022-05-16 14:32:51','2022-05-16 14:32:51'),(19,5,9,'kp','lfm',NULL,'2022-05-16 15:01:26','2022-05-16 15:01:26'),(20,5,13,'esg','m2',NULL,'2022-05-16 15:01:26','2022-05-16 15:01:26'),(21,5,18,'karton','single',NULL,'2022-05-16 15:01:26','2022-05-16 15:01:26'),(22,5,19,'abholung','single',NULL,'2022-05-16 15:01:26','2022-05-16 15:01:26'),(23,6,5,'sonderform','lfm',NULL,'2022-05-16 16:03:36','2022-05-16 16:03:36'),(24,6,7,'sonderform','lfm',NULL,'2022-05-16 16:03:36','2022-05-16 16:03:36'),(25,6,7,'kpc','lfm',NULL,'2022-05-16 16:03:36','2022-05-16 16:03:36'),(26,6,7,'loch','stk','10','2022-05-16 16:03:36','2022-05-16 16:03:36'),(27,6,7,'stufenfras','lfm',NULL,'2022-05-16 16:03:36','2022-05-16 16:03:36'),(28,6,13,'tvg','m2',NULL,'2022-05-16 16:03:36','2022-05-16 16:03:36'),(29,6,13,'vsg','m2',NULL,'2022-05-16 16:03:36','2022-05-16 16:03:36'),(30,6,13,'stempelohne','single',NULL,'2022-05-16 16:03:36','2022-05-16 16:03:36'),(31,6,15,'feuchtbest','m2',NULL,'2022-05-16 16:03:36','2022-05-16 16:03:36'),(32,6,15,'extrablickdicht','m2',NULL,'2022-05-16 16:03:36','2022-05-16 16:03:36'),(33,6,15,'wandmontage','m2',NULL,'2022-05-16 16:03:36','2022-05-16 16:03:36'),(34,6,15,'freistehend','m2',NULL,'2022-05-16 16:03:36','2022-05-16 16:03:36'),(35,6,19,'gestell','single',NULL,'2022-05-16 16:03:36','2022-05-16 16:03:36'),(36,7,7,'kpc','lfm',NULL,'2022-05-17 07:37:50','2022-05-17 07:37:50'),(37,7,13,'esg','m2',NULL,'2022-05-17 07:37:50','2022-05-17 07:37:50'),(38,7,13,'stempelkant','single',NULL,'2022-05-17 07:37:50','2022-05-17 07:37:50'),(39,7,18,'kork','single',NULL,'2022-05-17 07:37:50','2022-05-17 07:37:50'),(40,7,19,'gestell','single',NULL,'2022-05-17 07:37:50','2022-05-17 07:37:50'),(41,8,7,'kpc','lfm',NULL,'2022-05-17 07:40:24','2022-05-17 07:40:24'),(42,8,13,'esg','m2',NULL,'2022-05-17 07:40:24','2022-05-17 07:40:24'),(43,8,13,'stempelkant','single',NULL,'2022-05-17 07:40:24','2022-05-17 07:40:24'),(44,8,18,'kork','single',NULL,'2022-05-17 07:40:24','2022-05-17 07:40:24'),(45,8,19,'gestell','single',NULL,'2022-05-17 07:40:24','2022-05-17 07:40:24'),(46,9,7,'kpc','lfm',NULL,'2022-05-17 08:45:20','2022-05-17 08:45:20'),(47,9,18,'kork','single',NULL,'2022-05-17 08:45:20','2022-05-17 08:45:20'),(48,9,19,'gestell','single',NULL,'2022-05-17 08:45:20','2022-05-17 08:45:20'),(49,10,7,'kpc','lfm',NULL,'2022-05-17 08:47:08','2022-05-17 08:47:08'),(50,10,18,'kork','single',NULL,'2022-05-17 08:47:08','2022-05-17 08:47:08'),(51,10,19,'gestell','single',NULL,'2022-05-17 08:47:08','2022-05-17 08:47:08'),(52,11,7,'kpc','lfm',NULL,'2022-05-17 08:48:43','2022-05-17 08:48:43'),(53,11,18,'kork','single',NULL,'2022-05-17 08:48:43','2022-05-17 08:48:43'),(54,11,19,'gestell','single',NULL,'2022-05-17 08:48:43','2022-05-17 08:48:43'),(55,12,7,'kpc','lfm',NULL,'2022-05-17 08:50:01','2022-05-17 08:50:01'),(56,12,18,'kork','single',NULL,'2022-05-17 08:50:01','2022-05-17 08:50:01'),(57,12,19,'gestell','single',NULL,'2022-05-17 08:50:01','2022-05-17 08:50:01'),(58,13,7,'kmc','lfm',NULL,'2022-05-17 08:51:53','2022-05-17 08:51:53'),(59,13,7,'loch','stk','1','2022-05-17 08:51:53','2022-05-17 08:51:53'),(60,13,18,'kork','single',NULL,'2022-05-17 08:51:53','2022-05-17 08:51:53'),(61,13,19,'gestell','single',NULL,'2022-05-17 08:51:53','2022-05-17 08:51:53'),(62,14,7,'kmc','lfm',NULL,'2022-05-17 09:02:22','2022-05-17 09:02:22'),(63,14,13,'esg','m2',NULL,'2022-05-17 09:02:22','2022-05-17 09:02:22'),(64,14,13,'stempelkant','single',NULL,'2022-05-17 09:02:22','2022-05-17 09:02:22'),(65,14,18,'kork','single',NULL,'2022-05-17 09:02:22','2022-05-17 09:02:22'),(66,14,19,'gestell','single',NULL,'2022-05-17 09:02:22','2022-05-17 09:02:22'),(67,15,7,'kpc','lfm',NULL,'2022-05-17 09:04:06','2022-05-17 09:04:06'),(68,15,18,'kork','single',NULL,'2022-05-17 09:04:06','2022-05-17 09:04:06'),(69,15,19,'gestell','single',NULL,'2022-05-17 09:04:06','2022-05-17 09:04:06'),(70,16,7,'kpc','lfm',NULL,'2022-05-17 09:05:48','2022-05-17 09:05:48'),(71,16,18,'kork','single',NULL,'2022-05-17 09:05:48','2022-05-17 09:05:48'),(72,16,19,'gestell','single',NULL,'2022-05-17 09:05:48','2022-05-17 09:05:48'),(74,17,13,'esg','m2',NULL,'2022-05-17 09:07:53','2022-05-17 09:07:53'),(75,17,13,'stempelkant','single',NULL,'2022-05-17 09:07:53','2022-05-17 09:07:53'),(76,17,18,'kork','single',NULL,'2022-05-17 09:07:53','2022-05-17 09:07:53'),(77,17,19,'gestell','single',NULL,'2022-05-17 09:07:53','2022-05-17 09:07:53'),(78,18,7,'kpc','lfm',NULL,'2022-05-17 09:09:21','2022-05-17 09:09:21'),(79,18,18,'kork','single',NULL,'2022-05-17 09:09:21','2022-05-17 09:09:21'),(80,18,19,'gestell','single',NULL,'2022-05-17 09:09:21','2022-05-17 09:09:21'),(81,17,7,'kmc','lfm',NULL,'2022-05-17 09:09:33','2022-05-17 09:09:33'),(82,19,7,'kpc','lfm',NULL,'2022-05-17 09:13:39','2022-05-17 09:13:39'),(83,19,18,'kork','single',NULL,'2022-05-17 09:13:39','2022-05-17 09:13:39'),(84,19,19,'gestell','single',NULL,'2022-05-17 09:13:39','2022-05-17 09:13:39'),(85,20,7,'kpc','lfm',NULL,'2022-05-17 09:15:30','2022-05-17 09:15:30'),(86,20,18,'kork','single',NULL,'2022-05-17 09:15:30','2022-05-17 09:15:30'),(87,20,19,'gestell','single',NULL,'2022-05-17 09:15:30','2022-05-17 09:15:30'),(88,21,7,'kpc','lfm',NULL,'2022-05-17 10:41:12','2022-05-17 10:41:12'),(89,21,7,'loch','stk','1','2022-05-17 10:41:12','2022-05-17 10:41:12'),(90,21,18,'kork','single',NULL,'2022-05-17 10:41:12','2022-05-17 10:41:12'),(91,21,19,'gestell','single',NULL,'2022-05-17 10:41:12','2022-05-17 10:41:12'),(92,22,7,'kpc','lfm',NULL,'2022-05-17 10:42:29','2022-05-17 10:42:29'),(93,22,18,'kork','single',NULL,'2022-05-17 10:42:29','2022-05-17 10:42:29'),(94,22,19,'gestell','single',NULL,'2022-05-17 10:42:29','2022-05-17 10:42:29'),(95,23,7,'kpc','lfm',NULL,'2022-05-17 10:44:00','2022-05-17 10:44:00'),(96,23,7,'loch','stk','2','2022-05-17 10:44:00','2022-05-17 10:44:00'),(97,23,18,'kork','single',NULL,'2022-05-17 10:44:00','2022-05-17 10:44:00'),(98,23,19,'gestell','single',NULL,'2022-05-17 10:44:00','2022-05-17 10:44:00'),(99,24,7,'kpc','lfm',NULL,'2022-05-17 10:45:43','2022-05-17 10:45:43'),(100,24,18,'kork','single',NULL,'2022-05-17 10:45:43','2022-05-17 10:45:43'),(101,24,19,'gestell','single',NULL,'2022-05-17 10:45:43','2022-05-17 10:45:43'),(102,25,7,'kmc','lfm',NULL,'2022-05-17 10:47:08','2022-05-17 10:47:08'),(103,25,7,'loch','stk','1','2022-05-17 10:47:08','2022-05-17 10:47:08'),(104,25,13,'esg','m2',NULL,'2022-05-17 10:47:08','2022-05-17 10:47:08'),(105,25,13,'stempelkant','single',NULL,'2022-05-17 10:47:08','2022-05-17 10:47:08'),(106,25,18,'kork','single',NULL,'2022-05-17 10:47:08','2022-05-17 10:47:08'),(107,25,19,'gestell','single',NULL,'2022-05-17 10:47:08','2022-05-17 10:47:08'),(108,26,7,'kpc','lfm',NULL,'2022-05-17 10:52:12','2022-05-17 10:52:12'),(109,26,7,'loch','stk','1','2022-05-17 10:52:12','2022-05-17 10:52:12'),(110,26,13,'esg','m2',NULL,'2022-05-17 10:52:12','2022-05-17 10:52:12'),(111,26,13,'stempelkant','single',NULL,'2022-05-17 10:52:12','2022-05-17 10:52:12'),(112,26,18,'kork','single',NULL,'2022-05-17 10:52:12','2022-05-17 10:52:12'),(113,26,19,'gestell','single',NULL,'2022-05-17 10:52:12','2022-05-17 10:52:12'),(114,27,7,'kpc','lfm',NULL,'2022-05-17 10:53:23','2022-05-17 10:53:23'),(115,27,7,'loch','stk','3','2022-05-17 10:53:23','2022-05-17 10:53:23'),(116,27,7,'beschlfras','stk','1','2022-05-17 10:53:23','2022-05-17 10:53:23'),(117,27,13,'esg','m2',NULL,'2022-05-17 10:53:23','2022-05-17 10:53:23'),(118,27,13,'stempelkant','single',NULL,'2022-05-17 10:53:23','2022-05-17 10:53:23'),(119,27,18,'kork','single',NULL,'2022-05-17 10:53:23','2022-05-17 10:53:23'),(120,27,19,'gestell','single',NULL,'2022-05-17 10:53:23','2022-05-17 10:53:23'),(121,28,7,'kpc','lfm',NULL,'2022-05-17 13:58:29','2022-05-17 13:58:29'),(122,28,18,'kork','single',NULL,'2022-05-17 13:58:29','2022-05-17 13:58:29'),(123,28,19,'gestell','single',NULL,'2022-05-17 13:58:29','2022-05-17 13:58:29'),(124,29,7,'kpc','lfm',NULL,'2022-05-17 14:00:03','2022-05-17 14:00:03'),(125,29,18,'kork','single',NULL,'2022-05-17 14:00:03','2022-05-17 14:00:03'),(126,29,19,'gestell','single',NULL,'2022-05-17 14:00:03','2022-05-17 14:00:03'),(127,30,7,'kpc','lfm',NULL,'2022-05-17 14:01:27','2022-05-17 14:01:27'),(128,30,18,'kork','single',NULL,'2022-05-17 14:01:27','2022-05-17 14:01:27'),(129,30,19,'gestell','single',NULL,'2022-05-17 14:01:27','2022-05-17 14:01:27'),(130,31,7,'kpc','lfm',NULL,'2022-05-17 14:02:41','2022-05-17 14:02:41'),(131,31,18,'kork','single',NULL,'2022-05-17 14:02:41','2022-05-17 14:02:41'),(132,31,19,'gestell','single',NULL,'2022-05-17 14:02:41','2022-05-17 14:02:41'),(133,32,7,'kpc','lfm',NULL,'2022-05-17 14:04:01','2022-05-17 14:04:01'),(134,32,18,'kork','single',NULL,'2022-05-17 14:04:01','2022-05-17 14:04:01'),(135,32,19,'gestell','single',NULL,'2022-05-17 14:04:01','2022-05-17 14:04:01'),(136,33,7,'kpc','lfm',NULL,'2022-05-17 14:05:21','2022-05-17 14:05:21'),(137,33,18,'kork','single',NULL,'2022-05-17 14:05:21','2022-05-17 14:05:21'),(138,33,19,'gestell','single',NULL,'2022-05-17 14:05:21','2022-05-17 14:05:21'),(139,34,7,'kpc','lfm',NULL,'2022-05-17 14:07:15','2022-05-17 14:07:15'),(140,34,18,'kork','single',NULL,'2022-05-17 14:07:15','2022-05-17 14:07:15'),(141,34,19,'gestell','single',NULL,'2022-05-17 14:07:15','2022-05-17 14:07:15'),(142,35,7,'kpc','lfm',NULL,'2022-05-17 14:10:15','2022-05-17 14:10:15'),(143,35,18,'kork','single',NULL,'2022-05-17 14:10:15','2022-05-17 14:10:15'),(144,35,19,'gestell','single',NULL,'2022-05-17 14:10:15','2022-05-17 14:10:15'),(145,36,7,'kpc','lfm',NULL,'2022-05-17 14:11:30','2022-05-17 14:11:30'),(146,36,18,'kork','single',NULL,'2022-05-17 14:11:30','2022-05-17 14:11:30'),(147,36,19,'gestell','single',NULL,'2022-05-17 14:11:30','2022-05-17 14:11:30'),(148,37,7,'kpc','lfm',NULL,'2022-05-17 14:13:04','2022-05-17 14:13:04'),(149,37,13,'esg','m2',NULL,'2022-05-17 14:13:04','2022-05-17 14:13:04'),(150,37,13,'stempelkant','single',NULL,'2022-05-17 14:13:04','2022-05-17 14:13:04'),(151,37,18,'kork','single',NULL,'2022-05-17 14:13:04','2022-05-17 14:13:04'),(152,37,19,'gestell','single',NULL,'2022-05-17 14:13:04','2022-05-17 14:13:04'),(153,38,7,'kpc','lfm',NULL,'2022-05-17 14:14:36','2022-05-17 14:14:36'),(154,38,18,'kork','single',NULL,'2022-05-17 14:14:36','2022-05-17 14:14:36'),(155,38,19,'gestell','single',NULL,'2022-05-17 14:14:36','2022-05-17 14:14:36'),(156,39,7,'kpc','lfm',NULL,'2022-05-17 14:16:01','2022-05-17 14:16:01'),(157,39,18,'kork','single',NULL,'2022-05-17 14:16:01','2022-05-17 14:16:01'),(158,39,19,'gestell','single',NULL,'2022-05-17 14:16:01','2022-05-17 14:16:01'),(159,40,7,'kpc','lfm',NULL,'2022-05-17 14:20:55','2022-05-17 14:20:55'),(160,40,18,'kork','single',NULL,'2022-05-17 14:20:55','2022-05-17 14:20:55'),(161,40,19,'gestell','single',NULL,'2022-05-17 14:20:55','2022-05-17 14:20:55'),(162,41,7,'kpc','lfm',NULL,'2022-05-17 14:22:35','2022-05-17 14:22:35'),(163,41,13,'esg','m2',NULL,'2022-05-17 14:22:35','2022-05-17 14:22:35'),(164,41,13,'stempelkant','single',NULL,'2022-05-17 14:22:35','2022-05-17 14:22:35'),(165,41,18,'kork','single',NULL,'2022-05-17 14:22:35','2022-05-17 14:22:35'),(166,41,19,'gestell','single',NULL,'2022-05-17 14:22:35','2022-05-17 14:22:35'),(167,42,7,'kpc','lfm',NULL,'2022-05-17 14:24:00','2022-05-17 14:24:00'),(168,42,18,'kork','single',NULL,'2022-05-17 14:24:00','2022-05-17 14:24:00'),(169,42,19,'gestell','single',NULL,'2022-05-17 14:24:00','2022-05-17 14:24:00'),(170,38,7,'loch','stk','1','2022-05-17 14:24:18','2022-05-17 14:24:18'),(171,43,7,'kpc','lfm',NULL,'2022-05-17 14:25:46','2022-05-17 14:25:46'),(172,43,7,'loch','stk','2','2022-05-17 14:25:46','2022-05-17 14:25:46'),(173,43,18,'kork','single',NULL,'2022-05-17 14:25:46','2022-05-17 14:25:46'),(174,43,19,'gestell','single',NULL,'2022-05-17 14:25:46','2022-05-17 14:25:46'),(175,44,7,'kpc','lfm',NULL,'2022-05-17 14:27:02','2022-05-17 14:27:02'),(176,44,18,'kork','single',NULL,'2022-05-17 14:27:02','2022-05-17 14:27:02'),(177,44,19,'gestell','single',NULL,'2022-05-17 14:27:02','2022-05-17 14:27:02'),(178,45,7,'kpc','lfm',NULL,'2022-05-17 14:28:17','2022-05-17 14:28:17'),(179,45,7,'loch','stk','1','2022-05-17 14:28:17','2022-05-17 14:28:17'),(180,45,18,'kork','single',NULL,'2022-05-17 14:28:17','2022-05-17 14:28:17'),(181,45,19,'gestell','single',NULL,'2022-05-17 14:28:17','2022-05-17 14:28:17'),(182,46,7,'kpc','lfm',NULL,'2022-05-17 14:29:38','2022-05-17 14:29:38'),(183,46,18,'kork','single',NULL,'2022-05-17 14:29:38','2022-05-17 14:29:38'),(184,46,19,'gestell','single',NULL,'2022-05-17 14:29:38','2022-05-17 14:29:38'),(185,47,7,'kpc','lfm',NULL,'2022-05-17 14:30:46','2022-05-17 14:30:46'),(186,47,18,'kork','single',NULL,'2022-05-17 14:30:46','2022-05-17 14:30:46'),(187,47,19,'gestell','single',NULL,'2022-05-17 14:30:46','2022-05-17 14:30:46'),(188,48,7,'kmc','lfm',NULL,'2022-05-17 14:31:56','2022-05-17 14:31:56'),(189,48,13,'esg','m2',NULL,'2022-05-17 14:31:56','2022-05-17 14:31:56'),(190,48,13,'stempelkant','single',NULL,'2022-05-17 14:31:56','2022-05-17 14:31:56'),(191,48,18,'kork','single',NULL,'2022-05-17 14:31:56','2022-05-17 14:31:56'),(192,48,19,'gestell','single',NULL,'2022-05-17 14:31:56','2022-05-17 14:31:56'),(193,49,7,'kpc','lfm',NULL,'2022-05-17 14:33:07','2022-05-17 14:33:07'),(194,49,18,'kork','single',NULL,'2022-05-17 14:33:07','2022-05-17 14:33:07'),(195,49,19,'gestell','single',NULL,'2022-05-17 14:33:07','2022-05-17 14:33:07'),(196,50,7,'kpc','lfm',NULL,'2022-05-17 14:34:39','2022-05-17 14:34:39'),(197,50,18,'kork','single',NULL,'2022-05-17 14:34:39','2022-05-17 14:34:39'),(198,50,19,'gestell','single',NULL,'2022-05-17 14:34:39','2022-05-17 14:34:39'),(199,51,7,'kpc','lfm',NULL,'2022-05-17 14:35:51','2022-05-17 14:35:51'),(200,51,18,'kork','single',NULL,'2022-05-17 14:35:51','2022-05-17 14:35:51'),(201,51,19,'gestell','single',NULL,'2022-05-17 14:35:51','2022-05-17 14:35:51'),(202,52,7,'kmc','lfm',NULL,'2022-05-17 14:37:18','2022-05-17 14:37:18'),(203,52,13,'esg','m2',NULL,'2022-05-17 14:37:18','2022-05-17 14:37:18'),(204,52,13,'stempelkant','single',NULL,'2022-05-17 14:37:18','2022-05-17 14:37:18'),(205,52,18,'kork','single',NULL,'2022-05-17 14:37:18','2022-05-17 14:37:18'),(206,52,19,'gestell','single',NULL,'2022-05-17 14:37:18','2022-05-17 14:37:18'),(207,53,7,'kpc','lfm',NULL,'2022-05-17 14:40:57','2022-05-17 14:40:57'),(208,53,7,'loch','stk','1','2022-05-17 14:40:57','2022-05-17 14:40:57'),(209,53,18,'kork','single',NULL,'2022-05-17 14:40:57','2022-05-17 14:40:57'),(210,53,19,'gestell','single',NULL,'2022-05-17 14:40:57','2022-05-17 14:40:57'),(211,54,18,'kork','single',NULL,'2022-05-18 10:25:06','2022-05-18 10:25:06'),(212,54,19,'gestell','single',NULL,'2022-05-18 10:25:06','2022-05-18 10:25:06'),(213,55,7,'kpc','lfm',NULL,'2022-05-18 15:11:42','2022-05-18 15:11:42'),(214,55,13,'tvg','m2',NULL,'2022-05-18 15:11:42','2022-05-18 15:11:42'),(215,55,13,'vsg','m2',NULL,'2022-05-18 15:11:42','2022-05-18 15:11:42'),(216,55,13,'stempelkant','single',NULL,'2022-05-18 15:11:42','2022-05-18 15:11:42'),(217,55,18,'kork','single',NULL,'2022-05-18 15:11:42','2022-05-18 15:11:42'),(218,55,19,'gestell','single',NULL,'2022-05-18 15:11:42','2022-05-18 15:11:42'),(219,56,7,'kpc','lfm',NULL,'2022-06-13 10:07:33','2022-06-13 10:07:33'),(220,56,18,'kork','single',NULL,'2022-06-13 10:07:33','2022-06-13 10:07:33'),(221,56,19,'gestell','single',NULL,'2022-06-13 10:07:33','2022-06-13 10:07:33'),(222,57,7,'kpc','lfm',NULL,'2022-06-13 10:08:50','2022-06-13 10:08:50'),(223,57,18,'kork','single',NULL,'2022-06-13 10:08:50','2022-06-13 10:08:50'),(224,57,19,'gestell','single',NULL,'2022-06-13 10:08:50','2022-06-13 10:08:50'),(228,59,7,'kpc','lfm',NULL,'2022-06-13 10:11:07','2022-06-13 10:11:07'),(229,59,18,'kork','single',NULL,'2022-06-13 10:11:07','2022-06-13 10:11:07'),(230,59,19,'gestell','single',NULL,'2022-06-13 10:11:07','2022-06-13 10:11:07'),(231,60,7,'kpc','lfm',NULL,'2022-06-13 10:12:16','2022-06-13 10:12:16'),(232,60,18,'kork','single',NULL,'2022-06-13 10:12:16','2022-06-13 10:12:16'),(233,60,19,'gestell','single',NULL,'2022-06-13 10:12:16','2022-06-13 10:12:16'),(234,61,7,'kpc','lfm',NULL,'2022-06-13 10:13:27','2022-06-13 10:13:27'),(235,61,18,'kork','single',NULL,'2022-06-13 10:13:27','2022-06-13 10:13:27'),(236,61,19,'gestell','single',NULL,'2022-06-13 10:13:27','2022-06-13 10:13:27'),(237,62,7,'kpc','lfm',NULL,'2022-06-13 10:14:36','2022-06-13 10:14:36'),(238,62,18,'kork','single',NULL,'2022-06-13 10:14:36','2022-06-13 10:14:36'),(239,62,19,'gestell','single',NULL,'2022-06-13 10:14:36','2022-06-13 10:14:36'),(240,63,7,'kpc','lfm',NULL,'2022-06-13 10:15:44','2022-06-13 10:15:44'),(241,63,18,'kork','single',NULL,'2022-06-13 10:15:44','2022-06-13 10:15:44'),(242,63,19,'gestell','single',NULL,'2022-06-13 10:15:44','2022-06-13 10:15:44'),(243,64,7,'kpc','lfm',NULL,'2022-06-13 10:16:49','2022-06-13 10:16:49'),(244,64,18,'kork','single',NULL,'2022-06-13 10:16:49','2022-06-13 10:16:49'),(245,64,19,'gestell','single',NULL,'2022-06-13 10:16:49','2022-06-13 10:16:49'),(246,65,7,'kpc','lfm',NULL,'2022-06-13 10:17:44','2022-06-13 10:17:44'),(247,65,18,'kork','single',NULL,'2022-06-13 10:17:44','2022-06-13 10:17:44'),(248,65,19,'gestell','single',NULL,'2022-06-13 10:17:44','2022-06-13 10:17:44'),(249,66,7,'kpc','lfm',NULL,'2023-01-25 14:49:26','2023-01-25 14:49:26'),(250,66,18,'pvc','single',NULL,'2023-01-25 14:49:26','2023-01-25 14:49:26'),(251,66,19,'gestell','single',NULL,'2023-01-25 14:49:26','2023-01-25 14:49:26'),(252,71,7,'kpc','lfm',NULL,'2023-01-25 15:16:21','2023-01-25 15:16:21'),(253,71,13,'esg','m2',NULL,'2023-01-25 15:16:21','2023-01-25 15:16:21'),(254,71,18,'pvc','single',NULL,'2023-01-25 15:16:21','2023-01-25 15:16:21'),(255,71,19,'gestell','single',NULL,'2023-01-25 15:16:21','2023-01-25 15:16:21'),(256,72,9,'kp','lfm',NULL,'2023-01-25 15:17:01','2023-01-25 15:17:01'),(257,72,13,'esg','m2',NULL,'2023-01-25 15:17:01','2023-01-25 15:17:01'),(258,72,18,'pvc','single',NULL,'2023-01-25 15:17:01','2023-01-25 15:17:01'),(259,72,19,'gestell','single',NULL,'2023-01-25 15:17:01','2023-01-25 15:17:01'),(260,73,7,'kpc','lfm',NULL,'2023-01-27 11:21:43','2023-01-27 11:21:43'),(261,73,18,'kork','single',NULL,'2023-01-27 11:21:43','2023-01-27 11:21:43'),(262,73,19,'gestell','single',NULL,'2023-01-27 11:21:43','2023-01-27 11:21:43'),(263,74,7,'sonderform','lfm',NULL,'2023-01-27 11:23:24','2023-01-27 11:23:24'),(264,74,13,'esg','m2',NULL,'2023-01-27 11:23:24','2023-01-27 11:23:24'),(265,74,13,'stempelkant','single',NULL,'2023-01-27 11:23:24','2023-01-27 11:23:24'),(266,74,18,'kork','single',NULL,'2023-01-27 11:23:24','2023-01-27 11:23:24'),(267,74,19,'gestell','single',NULL,'2023-01-27 11:23:24','2023-01-27 11:23:24'),(268,75,7,'kpc','lfm',NULL,'2023-01-27 11:36:53','2023-01-27 11:36:53'),(269,75,18,'kork','single',NULL,'2023-01-27 11:36:53','2023-01-27 11:36:53'),(270,75,19,'gestell','single',NULL,'2023-01-27 11:36:53','2023-01-27 11:36:53'),(271,76,7,'kpc','lfm',NULL,'2023-01-27 11:38:37','2023-01-27 11:38:37'),(272,76,18,'kork','single',NULL,'2023-01-27 11:38:37','2023-01-27 11:38:37'),(273,76,19,'gestell','single',NULL,'2023-01-27 11:38:37','2023-01-27 11:38:37'),(274,77,7,'kpc','lfm',NULL,'2023-01-27 11:41:01','2023-01-27 11:41:01'),(275,77,7,'loch','stk','2','2023-01-27 11:41:01','2023-01-27 11:41:01'),(276,77,18,'kork','single',NULL,'2023-01-27 11:41:01','2023-01-27 11:41:01'),(277,77,19,'gestell','single',NULL,'2023-01-27 11:41:01','2023-01-27 11:41:01'),(278,78,7,'kpc','lfm',NULL,'2023-01-27 11:42:24','2023-01-27 11:42:24'),(279,78,7,'loch','stk','2','2023-01-27 11:42:24','2023-01-27 11:42:24'),(280,78,18,'kork','single',NULL,'2023-01-27 11:42:24','2023-01-27 11:42:24'),(281,78,19,'gestell','single',NULL,'2023-01-27 11:42:24','2023-01-27 11:42:24'),(282,79,7,'kpc','lfm',NULL,'2023-01-27 11:43:56','2023-01-27 11:43:56'),(283,79,13,'esg','m2',NULL,'2023-01-27 11:43:56','2023-01-27 11:43:56'),(284,79,13,'stempelkant','single',NULL,'2023-01-27 11:43:56','2023-01-27 11:43:56'),(285,79,18,'kork','single',NULL,'2023-01-27 11:43:56','2023-01-27 11:43:56'),(286,79,19,'gestell','single',NULL,'2023-01-27 11:43:56','2023-01-27 11:43:56'),(287,80,7,'kpc','lfm',NULL,'2023-01-27 12:25:42','2023-01-27 12:25:42'),(288,80,18,'kork','single',NULL,'2023-01-27 12:25:42','2023-01-27 12:25:42'),(289,80,19,'gestell','single',NULL,'2023-01-27 12:25:42','2023-01-27 12:25:42'),(290,81,7,'kpc','lfm',NULL,'2023-01-27 12:27:14','2023-01-27 12:27:14'),(291,81,18,'kork','single',NULL,'2023-01-27 12:27:14','2023-01-27 12:27:14'),(292,81,19,'gestell','single',NULL,'2023-01-27 12:27:14','2023-01-27 12:27:14'),(293,82,9,'km','lfm',NULL,'2023-01-30 14:31:53','2023-01-30 14:31:53'),(294,82,13,'esg','m2',NULL,'2023-01-30 14:31:53','2023-01-30 14:31:53'),(295,82,13,'stempelkant','single',NULL,'2023-01-30 14:31:53','2023-01-30 14:31:53'),(296,82,18,'kork','single',NULL,'2023-01-30 14:31:53','2023-01-30 14:31:53'),(297,82,19,'gestell','single',NULL,'2023-01-30 14:31:53','2023-01-30 14:31:53'),(298,83,9,'km','lfm',NULL,'2023-01-30 14:33:24','2023-01-30 14:33:24'),(299,83,13,'esg','m2',NULL,'2023-01-30 14:33:24','2023-01-30 14:33:24'),(300,83,13,'stempelkant','single',NULL,'2023-01-30 14:33:24','2023-01-30 14:33:24'),(301,83,18,'kork','single',NULL,'2023-01-30 14:33:24','2023-01-30 14:33:24'),(302,83,19,'gestell','single',NULL,'2023-01-30 14:33:24','2023-01-30 14:33:24'),(308,85,9,'km','lfm',NULL,'2023-01-30 14:35:43','2023-01-30 14:35:43'),(309,85,13,'esg','m2',NULL,'2023-01-30 14:35:43','2023-01-30 14:35:43'),(310,85,13,'stempelkant','single',NULL,'2023-01-30 14:35:43','2023-01-30 14:35:43'),(311,85,18,'kork','single',NULL,'2023-01-30 14:35:43','2023-01-30 14:35:43'),(312,85,19,'gestell','single',NULL,'2023-01-30 14:35:43','2023-01-30 14:35:43'),(313,86,9,'km','lfm',NULL,'2023-01-30 14:36:53','2023-01-30 14:36:53'),(314,86,13,'esg','m2',NULL,'2023-01-30 14:36:53','2023-01-30 14:36:53'),(315,86,13,'stempelkant','single',NULL,'2023-01-30 14:36:53','2023-01-30 14:36:53'),(316,86,18,'kork','single',NULL,'2023-01-30 14:36:53','2023-01-30 14:36:53'),(317,86,19,'gestell','single',NULL,'2023-01-30 14:36:53','2023-01-30 14:36:53'),(318,87,7,'kpc','lfm',NULL,'2023-01-30 14:39:09','2023-01-30 14:39:09'),(319,87,7,'loch','stk','6','2023-01-30 14:39:09','2023-01-30 14:39:09'),(320,87,13,'esg','m2',NULL,'2023-01-30 14:39:09','2023-01-30 14:39:09'),(321,87,13,'stempelstd','single',NULL,'2023-01-30 14:39:09','2023-01-30 14:39:09'),(322,87,18,'pvc','single',NULL,'2023-01-30 14:39:09','2023-01-30 14:39:09'),(323,87,19,'gestell','single',NULL,'2023-01-30 14:39:09','2023-01-30 14:39:09'),(324,88,7,'kpc','lfm',NULL,'2023-02-01 13:39:38','2023-02-01 13:39:38'),(325,88,12,'vrille','m2',NULL,'2023-02-01 13:39:38','2023-02-01 13:39:38'),(326,88,13,'stempelkant','single',NULL,'2023-02-01 13:39:38','2023-02-01 13:39:38'),(327,88,18,'kork','single',NULL,'2023-02-01 13:39:38','2023-02-01 13:39:38'),(328,88,19,'gestell','single',NULL,'2023-02-01 13:39:38','2023-02-01 13:39:38'),(329,90,7,'kpc','lfm',NULL,'2023-02-01 14:32:35','2023-02-01 14:32:35'),(330,90,7,'loch','stk',NULL,'2023-02-01 14:32:35','2023-02-01 14:32:35'),(331,90,13,'esg','m2',NULL,'2023-02-01 14:32:35','2023-02-01 14:32:35'),(332,90,13,'stempelkant','single',NULL,'2023-02-01 14:32:35','2023-02-01 14:32:35'),(333,90,18,'kork','single',NULL,'2023-02-01 14:32:35','2023-02-01 14:32:35'),(334,90,19,'gestell','single',NULL,'2023-02-01 14:32:35','2023-02-01 14:32:35'),(335,89,7,'kpc','lfm',NULL,'2023-02-01 14:33:00','2023-02-01 14:33:00'),(336,89,7,'senkloch','stk',NULL,'2023-02-01 14:33:00','2023-02-01 14:33:00'),(337,89,13,'esg','m2',NULL,'2023-02-01 14:33:00','2023-02-01 14:33:00'),(338,89,13,'stempelstd','single',NULL,'2023-02-01 14:33:00','2023-02-01 14:33:00'),(339,89,13,'stempelkant','single',NULL,'2023-02-01 14:33:00','2023-02-01 14:33:00'),(340,89,18,'kork','single',NULL,'2023-02-01 14:33:00','2023-02-01 14:33:00'),(341,89,19,'gestell','single',NULL,'2023-02-01 14:33:00','2023-02-01 14:33:00'),(342,91,9,'km','lfm',NULL,'2023-02-02 13:59:13','2023-02-02 13:59:13'),(343,91,13,'esg','m2',NULL,'2023-02-02 13:59:13','2023-02-02 13:59:13'),(344,91,13,'stempelkant','single',NULL,'2023-02-02 13:59:13','2023-02-02 13:59:13'),(345,91,18,'kork','single',NULL,'2023-02-02 13:59:13','2023-02-02 13:59:13'),(346,91,19,'gestell','single',NULL,'2023-02-02 13:59:13','2023-02-02 13:59:13'),(347,92,9,'km','lfm',NULL,'2023-02-02 14:02:36','2023-02-02 14:02:36'),(348,92,13,'esg','m2',NULL,'2023-02-02 14:02:36','2023-02-02 14:02:36'),(349,92,13,'stempelkant','single',NULL,'2023-02-02 14:02:36','2023-02-02 14:02:36'),(350,92,18,'kork','single',NULL,'2023-02-02 14:02:36','2023-02-02 14:02:36'),(351,92,19,'gestell','single',NULL,'2023-02-02 14:02:36','2023-02-02 14:02:36'),(352,93,9,'km','lfm',NULL,'2023-02-02 14:03:40','2023-02-02 14:03:40'),(353,93,13,'esg','m2',NULL,'2023-02-02 14:03:40','2023-02-02 14:03:40'),(354,93,13,'stempelkant','single',NULL,'2023-02-02 14:03:40','2023-02-02 14:03:40'),(355,93,18,'kork','single',NULL,'2023-02-02 14:03:40','2023-02-02 14:03:40'),(356,93,19,'gestell','single',NULL,'2023-02-02 14:03:40','2023-02-02 14:03:40'),(357,94,9,'km','lfm',NULL,'2023-02-02 14:04:38','2023-02-02 14:04:38'),(358,94,13,'esg','m2',NULL,'2023-02-02 14:04:38','2023-02-02 14:04:38'),(359,94,13,'stempelkant','single',NULL,'2023-02-02 14:04:38','2023-02-02 14:04:38'),(360,94,18,'kork','single',NULL,'2023-02-02 14:04:38','2023-02-02 14:04:38'),(361,94,19,'gestell','single',NULL,'2023-02-02 14:04:38','2023-02-02 14:04:38'),(362,95,9,'km','lfm',NULL,'2023-02-02 14:06:18','2023-02-02 14:06:18'),(363,95,13,'esg','m2',NULL,'2023-02-02 14:06:18','2023-02-02 14:06:18'),(364,95,13,'stempelkant','single',NULL,'2023-02-02 14:06:18','2023-02-02 14:06:18'),(365,95,18,'kork','single',NULL,'2023-02-02 14:06:18','2023-02-02 14:06:18'),(366,95,19,'gestell','single',NULL,'2023-02-02 14:06:18','2023-02-02 14:06:18'),(367,96,7,'kpc','lfm',NULL,'2023-02-02 14:07:56','2023-02-02 14:07:56'),(368,96,7,'loch','stk','6','2023-02-02 14:07:56','2023-02-02 14:07:56'),(369,96,13,'esg','m2',NULL,'2023-02-02 14:07:56','2023-02-02 14:07:56'),(370,96,13,'stempelkant','single',NULL,'2023-02-02 14:07:56','2023-02-02 14:07:56'),(371,96,18,'pvc','single',NULL,'2023-02-02 14:07:56','2023-02-02 14:07:56'),(372,96,19,'gestell','single',NULL,'2023-02-02 14:07:56','2023-02-02 14:07:56'),(373,97,7,'kpc','lfm',NULL,'2023-02-02 14:09:35','2023-02-02 14:09:35'),(374,97,7,'loch','stk','6','2023-02-02 14:09:35','2023-02-02 14:09:35'),(375,97,13,'esg','m2',NULL,'2023-02-02 14:09:35','2023-02-02 14:09:35'),(376,97,13,'stempelkant','single',NULL,'2023-02-02 14:09:35','2023-02-02 14:09:35'),(377,97,18,'pvc','single',NULL,'2023-02-02 14:09:35','2023-02-02 14:09:35'),(378,97,19,'gestell','single',NULL,'2023-02-02 14:09:35','2023-02-02 14:09:35'),(379,98,7,'kpc','lfm',NULL,'2023-02-02 14:11:08','2023-02-02 14:11:08'),(380,98,18,'kork','single',NULL,'2023-02-02 14:11:08','2023-02-02 14:11:08'),(381,98,19,'gestell','single',NULL,'2023-02-02 14:11:08','2023-02-02 14:11:08'),(382,99,7,'kpc','lfm',NULL,'2023-02-02 14:12:09','2023-02-02 14:12:09'),(383,99,18,'kork','single',NULL,'2023-02-02 14:12:09','2023-02-02 14:12:09'),(384,99,19,'gestell','single',NULL,'2023-02-02 14:12:09','2023-02-02 14:12:09'),(385,100,7,'kpc','lfm',NULL,'2023-02-02 14:13:15','2023-02-02 14:13:15'),(386,100,18,'kork','single',NULL,'2023-02-02 14:13:15','2023-02-02 14:13:15'),(387,100,19,'gestell','single',NULL,'2023-02-02 14:13:15','2023-02-02 14:13:15'),(388,101,7,'kpc','lfm',NULL,'2023-02-02 14:17:19','2023-02-02 14:17:19'),(389,101,18,'kork','single',NULL,'2023-02-02 14:17:19','2023-02-02 14:17:19'),(390,101,19,'gestell','single',NULL,'2023-02-02 14:17:19','2023-02-02 14:17:19'),(391,102,7,'kpc','lfm',NULL,'2023-02-02 14:18:27','2023-02-02 14:18:27'),(392,102,18,'kork','single',NULL,'2023-02-02 14:18:27','2023-02-02 14:18:27'),(393,102,19,'gestell','single',NULL,'2023-02-02 14:18:27','2023-02-02 14:18:27'),(394,103,7,'kpc','lfm',NULL,'2023-02-10 08:26:34','2023-02-10 08:26:34'),(395,103,7,'loch','stk','4','2023-02-10 08:26:34','2023-02-10 08:26:34'),(396,103,7,'beschlfras','stk','1','2023-02-10 08:26:34','2023-02-10 08:26:34'),(397,103,13,'esg','m2',NULL,'2023-02-10 08:26:34','2023-02-10 08:26:34'),(398,104,7,'kpc','lfm',NULL,'2023-02-13 13:56:18','2023-02-13 13:56:18'),(399,104,7,'loch','stk','6','2023-02-13 13:56:18','2023-02-13 13:56:18'),(400,104,13,'esg','m2',NULL,'2023-02-13 13:56:18','2023-02-13 13:56:18'),(401,104,13,'stempelkant','single',NULL,'2023-02-13 13:56:18','2023-02-13 13:56:18'),(402,104,18,'pvc','single',NULL,'2023-02-13 13:56:18','2023-02-13 13:56:18'),(403,104,19,'gestell','single',NULL,'2023-02-13 13:56:18','2023-02-13 13:56:18'),(404,105,7,'kpc','lfm',NULL,'2023-02-13 13:58:11','2023-02-13 13:58:11'),(405,105,13,'esg','m2',NULL,'2023-02-13 13:58:11','2023-02-13 13:58:11'),(406,105,18,'pvc','single',NULL,'2023-02-13 13:58:11','2023-02-13 13:58:11'),(407,105,19,'gestell','single',NULL,'2023-02-13 13:58:11','2023-02-13 13:58:11'),(408,106,9,'km','lfm',NULL,'2023-02-13 13:59:46','2023-02-13 13:59:46'),(409,106,13,'esg','m2',NULL,'2023-02-13 13:59:46','2023-02-13 13:59:46'),(410,106,13,'stempelkant','single',NULL,'2023-02-13 13:59:46','2023-02-13 13:59:46'),(411,106,18,'kork','single',NULL,'2023-02-13 13:59:46','2023-02-13 13:59:46'),(412,106,19,'gestell','single',NULL,'2023-02-13 13:59:46','2023-02-13 13:59:46'),(413,105,13,'stempelkant','single',NULL,'2023-02-13 14:00:06','2023-02-13 14:00:06'),(414,103,13,'stempelkant','single',NULL,'2023-02-13 14:00:16','2023-02-13 14:00:16'),(415,103,18,'pvc','single',NULL,'2023-02-13 14:00:16','2023-02-13 14:00:16'),(416,103,19,'gestell','single',NULL,'2023-02-13 14:00:16','2023-02-13 14:00:16'),(417,107,9,'km','lfm',NULL,'2023-02-13 14:02:46','2023-02-13 14:02:46'),(418,107,13,'esg','m2',NULL,'2023-02-13 14:02:46','2023-02-13 14:02:46'),(419,107,13,'stempelkant','single',NULL,'2023-02-13 14:02:46','2023-02-13 14:02:46'),(420,107,18,'kork','single',NULL,'2023-02-13 14:02:46','2023-02-13 14:02:46'),(421,107,19,'gestell','single',NULL,'2023-02-13 14:02:46','2023-02-13 14:02:46'),(422,108,7,'kpc','lfm',NULL,'2023-02-13 14:04:24','2023-02-13 14:04:24'),(423,108,13,'esg','m2',NULL,'2023-02-13 14:04:24','2023-02-13 14:04:24'),(424,108,13,'stempelkant','single',NULL,'2023-02-13 14:04:24','2023-02-13 14:04:24'),(425,108,18,'pvc','single',NULL,'2023-02-13 14:04:24','2023-02-13 14:04:24'),(426,108,19,'gestell','single',NULL,'2023-02-13 14:04:24','2023-02-13 14:04:24'),(427,109,9,'km','lfm',NULL,'2023-02-13 14:08:27','2023-02-13 14:08:27'),(428,109,13,'esg','m2',NULL,'2023-02-13 14:08:27','2023-02-13 14:08:27'),(429,109,13,'stempelkant','single',NULL,'2023-02-13 14:08:27','2023-02-13 14:08:27'),(430,109,18,'kork','single',NULL,'2023-02-13 14:08:27','2023-02-13 14:08:27'),(431,109,19,'gestell','single',NULL,'2023-02-13 14:08:27','2023-02-13 14:08:27'),(432,110,9,'km','lfm',NULL,'2023-02-13 14:27:10','2023-02-13 14:27:10'),(433,110,13,'esg','m2',NULL,'2023-02-13 14:27:10','2023-02-13 14:27:10'),(434,110,13,'stempelkant','single',NULL,'2023-02-13 14:27:10','2023-02-13 14:27:10'),(435,110,18,'kork','single',NULL,'2023-02-13 14:27:10','2023-02-13 14:27:10'),(436,110,19,'gestell','single',NULL,'2023-02-13 14:27:10','2023-02-13 14:27:10'),(437,111,9,'km','lfm',NULL,'2023-02-13 14:28:29','2023-02-13 14:28:29'),(438,111,13,'esg','m2',NULL,'2023-02-13 14:28:29','2023-02-13 14:28:29'),(439,111,13,'stempelkant','single',NULL,'2023-02-13 14:28:29','2023-02-13 14:28:29'),(440,111,18,'kork','single',NULL,'2023-02-13 14:28:29','2023-02-13 14:28:29'),(441,111,19,'gestell','single',NULL,'2023-02-13 14:28:29','2023-02-13 14:28:29'),(442,112,9,'km','lfm',NULL,'2023-02-13 14:30:21','2023-02-13 14:30:21'),(443,112,13,'esg','m2',NULL,'2023-02-13 14:30:21','2023-02-13 14:30:21'),(444,112,13,'stempelkant','single',NULL,'2023-02-13 14:30:21','2023-02-13 14:30:21'),(445,112,18,'kork','single',NULL,'2023-02-13 14:30:21','2023-02-13 14:30:21'),(446,112,19,'gestell','single',NULL,'2023-02-13 14:30:21','2023-02-13 14:30:21'),(447,113,9,'km','lfm',NULL,'2023-02-13 14:37:24','2023-02-13 14:37:24'),(448,113,13,'esg','m2',NULL,'2023-02-13 14:37:24','2023-02-13 14:37:24'),(449,113,13,'stempelkant','single',NULL,'2023-02-13 14:37:24','2023-02-13 14:37:24'),(450,113,18,'kork','single',NULL,'2023-02-13 14:37:24','2023-02-13 14:37:24'),(451,113,19,'gestell','single',NULL,'2023-02-13 14:37:24','2023-02-13 14:37:24'),(452,114,7,'kpc','lfm',NULL,'2023-02-13 14:40:19','2023-02-13 14:40:19'),(453,114,7,'loch','stk','6','2023-02-13 14:40:19','2023-02-13 14:40:19'),(454,114,13,'esg','m2',NULL,'2023-02-13 14:40:19','2023-02-13 14:40:19'),(455,114,13,'stempelkant','single',NULL,'2023-02-13 14:40:19','2023-02-13 14:40:19'),(456,114,18,'kork','single',NULL,'2023-02-13 14:40:19','2023-02-13 14:40:19'),(457,114,19,'gestell','single',NULL,'2023-02-13 14:40:19','2023-02-13 14:40:19'),(458,115,9,'km','lfm',NULL,'2023-02-13 14:41:19','2023-02-13 14:41:19'),(459,115,13,'esg','m2',NULL,'2023-02-13 14:41:19','2023-02-13 14:41:19'),(460,115,13,'stempelkant','single',NULL,'2023-02-13 14:41:19','2023-02-13 14:41:19'),(461,115,18,'kork','single',NULL,'2023-02-13 14:41:19','2023-02-13 14:41:19'),(462,115,19,'gestell','single',NULL,'2023-02-13 14:41:19','2023-02-13 14:41:19'),(463,104,16,'keramikbeschichtung','no',NULL,'2023-02-13 14:46:31','2023-02-13 14:46:31'),(464,116,7,'kpc','lfm',NULL,'2023-06-06 11:27:36','2023-06-06 11:27:36'),(465,116,7,'loch','stk','4','2023-06-06 11:27:36','2023-06-06 11:27:36'),(466,116,7,'beschlfras','stk','1','2023-06-06 11:27:36','2023-06-06 11:27:36'),(467,116,13,'esg','m2',NULL,'2023-06-06 11:27:36','2023-06-06 11:27:36'),(468,116,18,'pvc','single',NULL,'2023-06-06 11:27:36','2023-06-06 11:27:36');
/*!40000 ALTER TABLE `part_executions` ENABLE KEYS */;
UNLOCK TABLES;

--
-- Table structure for table `part_transport`
--

DROP TABLE IF EXISTS `part_transport`;
/*!40101 SET @saved_cs_client     = @@character_set_client */;
/*!40101 SET character_set_client = utf8 */;
CREATE TABLE `part_transport` (
  `id` bigint(20) unsigned NOT NULL AUTO_INCREMENT,
  `part_id` bigint(20) unsigned NOT NULL,
  `transport_id` bigint(20) unsigned NOT NULL,
  `created_at` timestamp NULL DEFAULT NULL,
  `updated_at` timestamp NULL DEFAULT NULL,
  PRIMARY KEY (`id`),
  UNIQUE KEY `part_transport_part_id_unique` (`part_id`),
  KEY `part_transport_transport_id_foreign` (`transport_id`),
  CONSTRAINT `part_transport_part_id_foreign` FOREIGN KEY (`part_id`) REFERENCES `parts` (`id`),
  CONSTRAINT `part_transport_transport_id_foreign` FOREIGN KEY (`transport_id`) REFERENCES `transports` (`id`)
) ENGINE=InnoDB AUTO_INCREMENT=14 DEFAULT CHARSET=utf8mb4 COLLATE=utf8mb4_unicode_ci;
/*!40101 SET character_set_client = @saved_cs_client */;

--
-- Dumping data for table `part_transport`
--

LOCK TABLES `part_transport` WRITE;
/*!40000 ALTER TABLE `part_transport` DISABLE KEYS */;
INSERT INTO `part_transport` VALUES (1,4,1,'2022-05-16 14:47:18','2022-05-16 14:47:18'),(2,98,2,'2023-02-06 15:20:32','2023-02-06 15:20:32'),(3,99,2,'2023-02-06 15:20:41','2023-02-06 15:20:41'),(4,100,2,'2023-02-06 15:20:50','2023-02-06 15:20:50'),(5,101,2,'2023-02-06 15:20:59','2023-02-06 15:20:59'),(6,102,2,'2023-02-06 15:21:10','2023-02-06 15:21:10'),(7,91,4,'2023-02-09 15:26:39','2023-02-09 15:26:39'),(8,92,4,'2023-02-09 15:26:49','2023-02-09 15:26:49'),(9,93,4,'2023-02-09 15:26:57','2023-02-09 15:26:57'),(10,94,4,'2023-02-09 15:27:11','2023-02-09 15:27:11'),(11,95,4,'2023-02-09 15:27:20','2023-02-09 15:27:20'),(12,96,4,'2023-02-09 15:27:39','2023-02-09 15:27:39'),(13,97,4,'2023-02-09 15:27:57','2023-02-09 15:27:57');
/*!40000 ALTER TABLE `part_transport` ENABLE KEYS */;
UNLOCK TABLES;

--
-- Table structure for table `parts`
--

DROP TABLE IF EXISTS `parts`;
/*!40101 SET @saved_cs_client     = @@character_set_client */;
/*!40101 SET character_set_client = utf8 */;
CREATE TABLE `parts` (
  `id` bigint(20) unsigned NOT NULL AUTO_INCREMENT,
  `created_at` timestamp NULL DEFAULT NULL,
  `updated_at` timestamp NULL DEFAULT NULL,
  `deleted_at` timestamp NULL DEFAULT NULL,
  `order_number` varchar(255) COLLATE utf8mb4_unicode_ci NOT NULL,
  `current_part` varchar(255) COLLATE utf8mb4_unicode_ci NOT NULL,
  `total_parts` varchar(255) COLLATE utf8mb4_unicode_ci NOT NULL,
  `part_number` varchar(767) COLLATE utf8mb4_unicode_ci NOT NULL,
  `due_date` date DEFAULT NULL,
  `order_date` date DEFAULT NULL,
  `brand` varchar(255) COLLATE utf8mb4_unicode_ci DEFAULT NULL,
  `editor` varchar(255) COLLATE utf8mb4_unicode_ci DEFAULT NULL,
  `client` varchar(255) COLLATE utf8mb4_unicode_ci DEFAULT NULL,
  `commission` varchar(255) COLLATE utf8mb4_unicode_ci DEFAULT NULL,
  `note` varchar(255) COLLATE utf8mb4_unicode_ci DEFAULT NULL,
  `group` varchar(255) COLLATE utf8mb4_unicode_ci DEFAULT NULL,
  `material` varchar(255) COLLATE utf8mb4_unicode_ci DEFAULT NULL,
  `width` double(8,2) DEFAULT NULL,
  `height` double(8,2) DEFAULT NULL,
  `special_version_material` varchar(255) COLLATE utf8mb4_unicode_ci DEFAULT NULL,
  `pattern` tinyint(1) DEFAULT NULL,
  `already_complaint` tinyint(1) DEFAULT NULL,
  `quality` char(255) COLLATE utf8mb4_unicode_ci DEFAULT NULL,
  `model` varchar(255) COLLATE utf8mb4_unicode_ci DEFAULT NULL,
  `print_type` varchar(255) COLLATE utf8mb4_unicode_ci DEFAULT NULL,
  `assembly` varchar(255) COLLATE utf8mb4_unicode_ci DEFAULT NULL,
  `moisture_resistant` tinyint(1) DEFAULT NULL,
  `extra_opaque` tinyint(1) DEFAULT NULL,
  `three_d` tinyint(1) DEFAULT NULL,
  `led` tinyint(1) DEFAULT NULL,
  `haptic` tinyint(1) DEFAULT NULL,
  `draft_available` tinyint(1) DEFAULT NULL,
  `make_wage_print_internal` tinyint(1) DEFAULT NULL,
  `special_version_print` varchar(255) COLLATE utf8mb4_unicode_ci DEFAULT NULL,
  `stamp` varchar(255) COLLATE utf8mb4_unicode_ci DEFAULT NULL,
  `esg` tinyint(1) DEFAULT NULL,
  `tvg` tinyint(1) DEFAULT NULL,
  `vsg` tinyint(1) DEFAULT NULL,
  `make_salary_esg_internal` tinyint(1) DEFAULT NULL,
  `make_salary_tvg_internal` tinyint(1) DEFAULT NULL,
  `make_salary_vsg_external` tinyint(1) DEFAULT NULL,
  `make_salary_iso_external` tinyint(1) DEFAULT NULL,
  `vsg_construction` varchar(255) COLLATE utf8mb4_unicode_ci DEFAULT NULL,
  `iso_construction` varchar(255) COLLATE utf8mb4_unicode_ci DEFAULT NULL,
  `kpc` tinyint(1) DEFAULT NULL,
  `kmc` tinyint(1) DEFAULT NULL,
  `kp` tinyint(1) DEFAULT NULL,
  `km` tinyint(1) DEFAULT NULL,
  `ks` tinyint(1) DEFAULT NULL,
  `drilling` tinyint(1) DEFAULT NULL,
  `milling` tinyint(1) DEFAULT NULL,
  `v_groove` tinyint(1) DEFAULT NULL,
  `concave_groove` tinyint(1) DEFAULT NULL,
  `stop` varchar(255) COLLATE utf8mb4_unicode_ci DEFAULT NULL,
  `view` varchar(255) COLLATE utf8mb4_unicode_ci DEFAULT NULL,
  `sketch` tinyint(1) DEFAULT NULL,
  `stencil` tinyint(1) DEFAULT NULL,
  `dxf` tinyint(1) DEFAULT NULL,
  `accessories_and_quantities` varchar(255) COLLATE utf8mb4_unicode_ci DEFAULT NULL,
  `robot_loading` varchar(255) COLLATE utf8mb4_unicode_ci DEFAULT NULL,
  `pvc` tinyint(1) DEFAULT NULL,
  `cork` tinyint(1) DEFAULT NULL,
  `carton` tinyint(1) DEFAULT NULL,
  `wooden_slat` tinyint(1) DEFAULT NULL,
  `other_packaging` varchar(255) COLLATE utf8mb4_unicode_ci DEFAULT NULL,
  `express` tinyint(1) DEFAULT NULL,
  `frame` tinyint(1) DEFAULT NULL,
  `ref` tinyint(1) DEFAULT NULL,
  `palette` tinyint(1) DEFAULT NULL,
  `box` tinyint(1) DEFAULT NULL,
  `pickup` tinyint(1) DEFAULT NULL,
  `other_shipping_option` varchar(255) COLLATE utf8mb4_unicode_ci DEFAULT NULL,
  `supplier` varchar(255) COLLATE utf8mb4_unicode_ci DEFAULT NULL,
  `receipt_date` date DEFAULT NULL,
  `packing_date` date DEFAULT NULL,
  `internal_delivery_date` date DEFAULT NULL,
  `customer_delivery_date` date DEFAULT NULL,
  `delivery_type` varchar(255) COLLATE utf8mb4_unicode_ci DEFAULT NULL,
  `truck_tour` varchar(255) COLLATE utf8mb4_unicode_ci DEFAULT NULL,
  `delivery_address` varchar(255) COLLATE utf8mb4_unicode_ci DEFAULT NULL,
  `has_wareneingang` tinyint(1) NOT NULL DEFAULT '0',
  `has_roboterstation` tinyint(1) NOT NULL DEFAULT '0',
  `stations_after_technik` int(11) NOT NULL DEFAULT '0',
  `broken` int(11) NOT NULL DEFAULT '0',
  `not_available` int(11) NOT NULL DEFAULT '0',
  `production_finished_date` date DEFAULT NULL,
  `packaged_date` date DEFAULT NULL,
  `released` tinyint(1) NOT NULL DEFAULT '0',
  `planned` tinyint(1) NOT NULL DEFAULT '0',
  `has_ceramic_coating` tinyint(1) NOT NULL DEFAULT '0',
  `block` varchar(255) COLLATE utf8mb4_unicode_ci DEFAULT NULL,
  PRIMARY KEY (`id`)
) ENGINE=InnoDB AUTO_INCREMENT=117 DEFAULT CHARSET=utf8mb4 COLLATE=utf8mb4_unicode_ci;
/*!40101 SET character_set_client = @saved_cs_client */;

--
-- Dumping data for table `parts`
--

LOCK TABLES `parts` WRITE;
/*!40000 ALTER TABLE `parts` DISABLE KEYS */;
INSERT INTO `parts` VALUES (1,'2021-10-27 15:27:13','2021-11-03 10:47:50','2021-11-03 10:47:50','0000','0','0','0000-0/0','2021-10-27','2021-10-07','Artauf Glastüren','Engelbert A.','Testkunde','Testkommission','Test','Alu-Dibond','Altdeutsch K 4 mm',100.00,100.00,NULL,1,0,'A',NULL,NULL,NULL,0,0,0,0,0,0,0,NULL,NULL,0,0,0,1,0,1,0,NULL,NULL,0,0,0,0,0,0,0,0,0,'Links','Glatt',0,1,0,NULL,NULL,0,1,0,0,NULL,0,0,0,0,1,0,NULL,NULL,'2021-10-28','2021-10-29','2021-10-28','2021-10-29','LKW',NULL,NULL,0,1,0,0,0,NULL,NULL,0,0,0,NULL),(2,'2022-05-16 13:46:37','2022-05-16 14:15:23','2022-05-16 14:15:23','20192325','5','1','20192325-5/1','2022-05-16','2022-05-16','Austriaglas','Engelbert A.',NULL,'Test 1','Wichtig','Schiebetür','Klarglas 8 mm',821.00,2013.00,NULL,0,0,NULL,'Genf',NULL,NULL,1,0,0,0,0,0,0,NULL,'Standard',1,0,0,0,0,0,0,NULL,NULL,1,0,0,0,0,1,0,0,0,'Links','Glatt',0,0,1,NULL,NULL,1,0,0,0,NULL,0,1,0,0,0,0,NULL,NULL,NULL,'2022-05-27','2022-05-30','2022-05-30','LKW','2',NULL,0,0,8,0,0,NULL,NULL,1,1,0,'136'),(3,'2022-05-16 13:51:37','2022-05-16 14:15:26','2022-05-16 14:15:26','20193256','3','1','20193256-3/1','2022-05-16','2022-05-03','Artauf Glastüren','Engelbert A.',NULL,'Test 2',NULL,'Sonder','Klarglas 15 mm',1500.00,530.00,NULL,0,0,'A','Shutterstock 20192354',NULL,NULL,0,0,0,0,0,0,0,NULL,NULL,0,0,0,0,0,0,0,NULL,NULL,0,0,0,0,0,0,0,0,0,'Rechts','Glatt',0,0,1,NULL,NULL,0,0,0,0,NULL,0,0,0,0,0,0,NULL,NULL,NULL,'2022-05-19','2022-05-20',NULL,'LKW',NULL,NULL,0,0,0,0,0,NULL,NULL,1,1,0,'136'),(4,'2022-05-16 14:24:24','2022-05-16 14:58:39','2022-05-16 14:58:39','202200001','1','1','202200001-1/1','2022-05-16','2022-05-16','Austriaglas','Dietmar St.','100100','Testauftrag',NULL,'Glas','Klarglas 6 mm',1000.00,500.00,NULL,0,0,'A',NULL,NULL,NULL,0,0,0,0,0,0,0,NULL,NULL,1,0,0,0,0,0,0,NULL,NULL,0,0,1,0,0,0,0,0,0,NULL,'Glatt',0,1,1,NULL,NULL,0,0,1,0,NULL,0,1,0,0,0,0,NULL,NULL,NULL,'2022-05-20',NULL,'2022-05-23','LKW',NULL,NULL,0,0,6,1,0,'2022-05-16',NULL,1,1,0,'136'),(5,'2022-05-16 15:01:25','2022-05-16 15:36:16','2022-05-16 15:36:16','202200001','1','1','202200001-1/1','2022-05-16','2022-05-16','Artauf Glastüren','Engelbert A.','100100','Testauftrag',NULL,'Glas','Altdeutsch K 4 mm',1000.00,500.00,NULL,0,0,'A',NULL,NULL,NULL,0,0,0,0,0,0,0,NULL,NULL,1,0,0,0,0,0,0,NULL,NULL,0,0,1,0,0,0,0,0,0,NULL,'Glatt',1,0,1,NULL,NULL,0,0,1,0,NULL,0,0,0,0,0,1,NULL,NULL,NULL,'2022-05-20',NULL,'2022-05-24','LKW',NULL,NULL,0,0,5,0,0,NULL,NULL,1,1,0,'136'),(6,'2022-05-16 16:03:36','2022-05-16 16:03:44','2022-05-16 16:03:44','201923100','1','1','201923100-1/1','2022-05-18','2022-05-18','Artauf Glastüren','Daniel V.','107420','test','test glas','Verglasung','Klarglas 4 mm',1000.00,1200.00,'sonderform',0,0,NULL,'industrie 11s 3d','Blickdicht','Freistehend',1,1,0,0,0,0,0,NULL,'ohne Kante',0,1,1,0,0,0,0,NULL,NULL,1,0,0,0,0,1,1,0,0,NULL,'Matt',1,0,0,'kein',NULL,0,0,0,0,NULL,1,1,0,0,0,0,NULL,'lkw',NULL,'2022-05-18','2022-05-19','2022-05-20','LKW','koch','erlach 165,6150ssads',0,0,8,0,0,NULL,NULL,0,0,0,NULL),(7,'2022-05-17 07:37:49','2022-05-17 08:33:50','2022-05-17 08:33:50','201923248','1','5','201923248-1/5','2022-05-18','2022-05-17','Austriaglas','Engelbert A.','102630','220923/933331 Krupp',NULL,'Glas','Klarglas 8 mm',1150.00,300.00,NULL,0,0,NULL,NULL,NULL,NULL,0,0,0,0,0,0,0,NULL,'auf Kante',1,0,0,0,0,0,0,NULL,NULL,1,0,0,0,0,0,0,0,0,NULL,NULL,0,0,0,NULL,NULL,0,1,0,0,NULL,0,1,0,0,0,0,NULL,NULL,NULL,'2022-05-18','2022-05-23','2022-05-23','LKW','1','Ginzkeystrasse 29, 4600 Wels',0,0,0,0,0,NULL,NULL,1,1,0,'138'),(8,'2022-05-17 07:40:24','2022-05-17 08:33:52','2022-05-17 08:33:52','201923248','2','1','201923248-2/1','2022-05-18','2022-05-17','Austriaglas','Engelbert A.','102630','220923/933331 Krupp',NULL,'Glas','Klarglas 8 mm',1648.00,425.00,NULL,0,0,NULL,NULL,NULL,NULL,0,0,0,0,0,0,0,NULL,'auf Kante',1,0,0,0,0,0,0,NULL,NULL,1,0,0,0,0,0,0,0,0,NULL,NULL,0,0,0,NULL,NULL,0,1,0,0,NULL,0,1,0,0,0,0,NULL,NULL,NULL,'2022-05-18','2022-05-23','2022-05-23','LKW','1','ginzkeystrasse 29, 4600 Wels',0,0,0,0,0,NULL,NULL,1,1,0,'138'),(9,'2022-05-17 08:45:20','2022-05-17 10:32:32','2022-05-17 10:32:32','201923241','1','1','201923241-1/1','2022-05-17','2022-05-16','Austriaglas','Daniel V.','107420','c-72491-2',NULL,'Sonder','Spiegel 4 mm',395.00,1996.00,NULL,0,0,NULL,NULL,NULL,NULL,0,0,0,0,0,0,0,NULL,NULL,0,0,0,0,0,0,0,NULL,NULL,1,0,0,0,0,0,0,0,0,NULL,NULL,0,0,0,NULL,NULL,0,1,0,0,NULL,0,1,0,0,0,0,NULL,NULL,NULL,'2022-05-23','2022-05-25','2022-05-25','LKW','2','Korbin 21, 8542 St. Peter im Sulmtal',0,0,0,0,0,'2022-05-17',NULL,1,1,0,'137'),(10,'2022-05-17 08:47:07','2022-05-17 10:32:36','2022-05-17 10:32:36','201923241','2','1','201923241-2/1','2022-05-17','2022-05-16','Austriaglas','Daniel V.','107420','c-73081-15',NULL,'Sonder','Spiegel 4 mm',990.00,915.00,NULL,0,0,NULL,NULL,NULL,NULL,0,0,0,0,0,0,0,NULL,NULL,0,0,0,0,0,0,0,NULL,NULL,1,0,0,0,0,0,0,0,0,NULL,NULL,0,0,0,NULL,NULL,0,1,0,0,NULL,0,1,0,0,0,0,NULL,NULL,NULL,'2022-05-23','2022-05-25','2022-05-25','LKW','2','Korbin 21, 8542 St. Peter im Sulmtal',0,0,0,0,0,NULL,NULL,1,1,0,'137'),(11,'2022-05-17 08:48:43','2022-05-17 10:32:38','2022-05-17 10:32:38','201923241','3','2','201923241-3/2','2022-05-17','2022-05-16','Austriaglas','Daniel V.','107420','c-72854-1',NULL,'Sonder','Spiegel 4 mm',492.00,2193.00,NULL,0,0,NULL,NULL,NULL,NULL,0,0,0,0,0,0,0,NULL,NULL,0,0,0,0,0,0,0,NULL,NULL,1,0,0,0,0,0,0,0,0,NULL,NULL,0,0,0,NULL,NULL,0,1,0,0,NULL,0,1,0,0,0,0,NULL,NULL,NULL,'2022-05-23','2022-05-25','2022-05-25','LKW','2','Korbin 21, 8542 St. Peter im Sulmtal',0,0,0,0,0,NULL,NULL,1,1,0,'137'),(12,'2022-05-17 08:50:01','2022-05-17 10:32:40','2022-05-17 10:32:40','201923241','4','1','201923241-4/1','2022-05-17','2022-05-16','Austriaglas','Daniel V.','107420','c-72591-5',NULL,'Sonder','Spiegel 4 mm',796.00,971.00,NULL,0,0,NULL,NULL,NULL,NULL,0,0,0,0,0,0,0,NULL,NULL,0,0,0,0,0,0,0,NULL,NULL,1,0,0,0,0,0,0,0,0,NULL,NULL,0,0,0,NULL,NULL,0,1,0,0,NULL,0,1,0,0,0,0,NULL,NULL,NULL,'2022-05-23','2022-05-25','2022-05-25','LKW','2','Korbin 21, 8542 St. Peter im Sulmtal',0,0,0,0,0,NULL,NULL,1,0,0,'137'),(13,'2022-05-17 08:51:53','2022-05-17 10:06:05','2022-05-17 10:06:05','201923241','5','1','201923241-5/1',NULL,'2022-05-16','Austriaglas','Daniel V.','107420','c-72819-2',NULL,'Glas','Satinato Eco 4 mm',268.00,2134.00,NULL,0,0,NULL,NULL,NULL,NULL,0,0,0,0,0,0,0,NULL,NULL,0,0,0,0,0,0,0,NULL,NULL,0,1,0,0,0,1,0,0,0,NULL,'Matt',1,0,1,NULL,NULL,0,1,0,0,NULL,0,1,0,0,0,0,NULL,NULL,NULL,'2022-05-23','2022-05-25','2022-05-25','LKW','2','Korbin 21, 8542 St. Peter im Sulmtal',0,0,5,0,0,NULL,NULL,1,0,0,NULL),(14,'2022-05-17 09:02:22','2022-05-17 10:32:42','2022-05-17 10:32:42','201923241','6','1','201923241-6/1','2022-05-17','2022-05-16','Austriaglas','Daniel V.','107420','c-72667-9',NULL,'Verglasung','Sonder',385.00,885.00,'klarglas bronze 4mm',0,0,NULL,NULL,NULL,NULL,0,0,0,0,0,0,0,NULL,'auf Kante',1,0,0,0,0,0,0,NULL,NULL,0,1,0,0,0,0,0,0,0,NULL,NULL,0,0,0,NULL,NULL,0,1,0,0,NULL,0,1,0,0,0,0,NULL,NULL,NULL,'2022-05-23','2022-05-25','2022-05-25','LKW','2','Korbin 21, 8542 St. Peter im Sulmtal',0,0,0,0,0,NULL,NULL,1,1,0,'137'),(15,'2022-05-17 09:04:06','2022-05-17 10:32:45','2022-05-17 10:32:45','201923241','7','1','201923241-7/1','2022-05-17','2022-05-16','Austriaglas','Daniel V.','107420','c-74243-1',NULL,'Sonder','Spiegel 4 mm',669.00,1793.00,NULL,0,0,NULL,NULL,NULL,NULL,0,0,0,0,0,0,0,NULL,NULL,0,0,0,0,0,0,0,NULL,NULL,1,0,0,0,0,0,0,0,0,NULL,NULL,0,0,0,NULL,NULL,0,1,0,0,NULL,0,1,0,0,0,0,NULL,NULL,NULL,'2022-05-23','2022-05-25','2022-05-25','LKW','2','Korbin 21, 8542 St. Peter im Sulmtal',0,0,0,0,0,NULL,NULL,1,0,0,'137'),(16,'2022-05-17 09:05:47','2022-05-17 10:32:47','2022-05-17 10:32:47','201923241','8','6','201923241-8/6','2022-05-17','2022-05-16','Austriaglas','Daniel V.','107420','c-74327-2',NULL,'Glasfächer','Klarglas 6 mm',375.00,670.00,NULL,0,0,NULL,NULL,NULL,NULL,0,0,0,0,0,0,0,NULL,NULL,0,0,0,0,0,0,0,NULL,NULL,1,0,0,0,0,0,0,0,0,NULL,NULL,0,0,0,NULL,NULL,0,1,0,0,NULL,0,1,0,0,0,0,NULL,NULL,NULL,'2022-05-23','2022-05-25','2022-05-25','LKW','2','Korbin 21, 8542 St. Peter im Sulmtal',0,0,0,0,0,NULL,NULL,1,0,0,'137'),(17,'2022-05-17 09:07:53','2022-05-17 10:32:49','2022-05-17 10:32:49','201923241','9','4','201923241-9/4','2022-05-17','2022-05-16','Austriaglas','Daniel V.','107420','c-74327-2a',NULL,'Verglasung','Klarglas 4 mm',235.00,1261.00,NULL,0,0,NULL,NULL,NULL,NULL,0,0,0,0,0,0,0,NULL,'auf Kante',1,0,0,0,0,0,0,NULL,NULL,0,1,0,0,0,0,0,0,0,NULL,NULL,0,0,0,NULL,NULL,0,1,0,0,NULL,0,1,0,0,0,0,NULL,NULL,NULL,'2022-05-23','2022-05-25','2022-05-25','LKW','2','Korbin 21, 8542 St. Peter im Sulmtal',0,0,0,0,0,NULL,NULL,1,0,0,'137'),(18,'2022-05-17 09:09:21','2022-05-17 10:32:51','2022-05-17 10:32:51','201923241','10','2','201923241-10/2','2022-05-17','2022-05-16','Austriaglas','Daniel V.','107420','c-74327-11',NULL,'Glasfächer','Klarglas 6 mm',205.00,550.00,NULL,0,0,NULL,NULL,NULL,NULL,0,0,0,0,0,0,0,NULL,NULL,0,0,0,0,0,0,0,NULL,NULL,1,0,0,0,0,0,0,0,0,NULL,NULL,0,0,0,NULL,NULL,0,1,0,0,NULL,0,1,0,0,0,0,NULL,NULL,NULL,'2022-05-23','2022-05-25','2022-05-25','LKW','2','Korbin 21, 8542 St. Peter im Sulmtal',0,0,0,0,0,NULL,NULL,1,0,0,'137'),(19,'2022-05-17 09:13:39','2022-05-17 10:32:30','2022-05-17 10:32:30','201923241','11','2','201923241-11/2',NULL,'2022-05-16','Austriaglas','Daniel V.','107420','c-74327-12',NULL,'Glasfächer','Klarglas 6 mm',205.00,550.00,NULL,0,0,NULL,NULL,NULL,NULL,0,0,0,0,0,0,0,NULL,NULL,0,0,0,0,0,0,0,NULL,NULL,1,0,0,0,0,0,0,0,0,NULL,NULL,0,0,0,NULL,NULL,0,1,0,0,NULL,0,1,0,0,0,0,NULL,NULL,NULL,'2022-05-23','2022-05-25','2022-05-25','LKW','2','Korbin 21, 8542 St. Peter im Sulmtal',0,0,0,0,0,NULL,NULL,1,0,0,NULL),(20,'2022-05-17 09:15:30','2022-05-17 10:32:53','2022-05-17 10:32:53','201923241','12','2','201923241-12/2','2022-05-17','2022-05-16','Austriaglas','Daniel V.','107420','c-74327-13',NULL,'Glasfächer','Klarglas 6 mm',205.00,550.00,NULL,0,0,NULL,NULL,NULL,NULL,0,0,0,0,0,0,0,NULL,NULL,0,0,0,0,0,0,0,NULL,NULL,1,0,0,0,0,0,0,0,0,NULL,NULL,0,0,0,NULL,NULL,0,1,0,0,NULL,0,1,0,0,0,0,NULL,NULL,NULL,'2022-05-23','2022-05-25','2022-05-25','LKW','2','Korbin 21, 8542 St. Peter im Sulmtal',0,0,0,0,0,NULL,NULL,1,0,0,'137'),(21,'2022-05-17 10:41:12','2022-05-17 10:50:32','2022-05-17 10:50:32','201923241','1','1','201923241-1/1','2022-05-17','2022-05-17','Austriaglas','Daniel V.','107420','1',NULL,'Sonder','Spiegel 4 mm',395.00,1996.00,NULL,0,0,NULL,NULL,NULL,NULL,0,0,0,0,0,0,0,NULL,NULL,0,0,0,0,0,0,0,NULL,NULL,1,0,0,0,0,1,0,0,0,NULL,NULL,0,0,0,NULL,NULL,0,1,0,0,NULL,0,1,0,0,0,0,NULL,NULL,NULL,'2022-05-23','2022-05-25','2022-05-25','LKW','2','Korbin 21, 8542 St. Peter im Sulmtal',0,0,5,0,0,NULL,NULL,1,0,0,'137'),(22,'2022-05-17 10:42:29','2022-05-17 10:50:35','2022-05-17 10:50:35','201923241','2','1','201923241-2/1','2022-05-17','2022-05-17','Austriaglas','Daniel V.','107420','2',NULL,'Sonder','Spiegel 4 mm',990.00,915.00,NULL,0,0,NULL,NULL,NULL,NULL,0,0,0,0,0,0,0,NULL,NULL,0,0,0,0,0,0,0,NULL,NULL,1,0,0,0,0,0,0,0,0,NULL,NULL,0,0,0,NULL,NULL,0,1,0,0,NULL,0,1,0,0,0,0,NULL,NULL,NULL,'2022-05-23','2022-05-25','2022-05-25','LKW','2','Korbin 21, 8542 St. Peter im Sulmtal',0,0,0,0,0,NULL,NULL,1,0,0,'137'),(23,'2022-05-17 10:44:00','2022-05-17 10:50:37','2022-05-17 10:50:37','201923241','3','2','201923241-3/2','2022-05-17','2022-05-17','Austriaglas','Daniel V.','107420','3',NULL,'Schiebetür','Spiegel 4 mm',492.00,2193.00,NULL,0,0,NULL,NULL,NULL,NULL,0,0,0,0,0,0,0,NULL,NULL,0,0,0,0,0,0,0,NULL,NULL,1,0,0,0,0,1,0,0,0,NULL,NULL,0,0,0,NULL,NULL,0,1,0,0,NULL,0,1,0,0,0,0,NULL,NULL,NULL,'2022-05-23','2022-05-25','2022-05-25','LKW','2','Korbin 21, 8542 St. Peter im Sulmtal',0,0,5,0,0,NULL,NULL,1,0,0,'137'),(24,'2022-05-17 10:45:43','2022-05-17 10:50:40','2022-05-17 10:50:40','201923241','4','1','201923241-4/1','2022-05-17','2022-05-17','Austriaglas','Daniel V.','107420','4',NULL,'Sonder','Spiegel 4 mm',796.00,971.00,NULL,0,0,NULL,NULL,NULL,NULL,0,0,0,0,0,0,0,NULL,NULL,0,0,0,0,0,0,0,NULL,NULL,1,0,0,0,0,0,0,0,0,NULL,NULL,0,0,0,NULL,NULL,0,1,0,0,NULL,0,1,0,0,0,0,NULL,NULL,NULL,'2022-05-23','2022-05-25','2022-05-25','LKW','2','Korbin 21, 8542 St. Peter im Sulmtal',0,0,0,0,0,NULL,NULL,1,0,0,'137'),(25,'2022-05-17 10:47:08','2022-05-17 10:50:44','2022-05-17 10:50:44','201923241','5','1','201923241-5/1','2022-05-17','2022-05-17','Austriaglas','Daniel V.','107420','5',NULL,'Alu-Dibond','Altdeutsch K 4 mm',268.00,2134.00,NULL,0,0,NULL,NULL,NULL,NULL,0,0,0,0,0,0,0,NULL,'auf Kante',1,0,0,0,0,0,0,NULL,NULL,0,1,0,0,0,1,0,0,0,NULL,NULL,0,0,0,NULL,NULL,0,1,0,0,NULL,0,1,0,0,0,0,NULL,NULL,NULL,'2022-05-23','2022-05-25','2022-05-25','LKW','2','Korbin 21, 8542 St. Peter im Sulmtal',0,0,6,0,0,NULL,NULL,1,0,0,'137'),(26,'2022-05-17 10:52:12','2022-05-17 13:55:48','2022-05-17 13:55:48','1234','1','1','1234-1/1','2022-05-23','2022-05-17','Artauf Glastüren','Engelbert A.','1111',NULL,NULL,'Alu-Dibond','Altdeutsch K 4 mm',500.00,500.00,NULL,0,0,NULL,NULL,NULL,NULL,0,0,0,0,0,0,0,NULL,'auf Kante',1,0,0,0,0,0,0,NULL,NULL,1,0,0,0,0,1,0,0,0,NULL,NULL,0,0,0,NULL,NULL,0,1,0,0,NULL,0,1,0,0,0,0,NULL,NULL,NULL,'2022-05-23','2022-05-25','2022-05-25','LKW','a','aaa',0,0,6,0,0,NULL,NULL,1,1,0,'137'),(27,'2022-05-17 10:53:23','2022-05-17 13:55:43','2022-05-17 13:55:43','1234','2','5','1234-2/5','2022-05-17','2022-05-17','Artauf Glastüren','Engelbert A.','1111',NULL,NULL,'Alu-Dibond','Altdeutsch K 4 mm',222.00,222.00,NULL,0,0,NULL,NULL,NULL,NULL,0,0,0,0,0,0,0,NULL,'auf Kante',1,0,0,0,0,0,0,NULL,NULL,1,0,0,0,0,1,1,0,0,NULL,NULL,0,0,0,NULL,NULL,0,1,0,0,NULL,0,1,0,0,0,0,NULL,NULL,NULL,'2022-05-23','2022-05-25','2022-05-25','LKW','2','aaa',0,0,5,0,0,NULL,NULL,1,1,0,'137'),(28,'2022-05-17 13:58:29','2022-06-13 10:03:16','2022-06-13 10:03:16','201923249','1','1','201923249-1/1','2022-05-18','2022-05-17','Austriaglas','Daniel V.','107420','1',NULL,'Sonder','Spiegel 4 mm',1700.00,600.00,NULL,0,0,NULL,NULL,NULL,NULL,0,0,0,0,0,0,0,NULL,NULL,0,0,0,0,0,0,0,NULL,NULL,1,0,0,0,0,0,0,0,0,NULL,NULL,0,0,0,NULL,NULL,0,1,0,0,NULL,0,1,0,0,0,0,NULL,NULL,NULL,'2022-05-23','2022-05-25','2022-05-25','LKW','2','Korbin 21, 8542 St. Peter im Sulmtal',0,0,0,0,0,NULL,NULL,1,1,0,'138'),(29,'2022-05-17 14:00:02','2022-06-13 10:03:33','2022-06-13 10:03:33','201923249','2','1','201923249-2/1','2022-05-18','2022-05-17','Austriaglas','Daniel V.','107420','2',NULL,'Sonder','Klarglas Ultraweiß 4 mm',2511.00,532.00,NULL,0,0,NULL,NULL,NULL,NULL,0,0,0,0,0,0,0,NULL,NULL,0,0,0,0,0,0,0,NULL,NULL,1,0,0,0,0,0,0,0,0,NULL,NULL,0,0,0,NULL,NULL,0,1,0,0,NULL,0,1,0,0,0,0,NULL,NULL,NULL,'2022-05-23','2022-05-25','2022-05-25','LKW','2','Korbin 21, 8542 St. Peter im Sulmtal',0,0,0,0,0,NULL,NULL,1,1,0,'138'),(30,'2022-05-17 14:01:27','2022-06-13 10:03:54','2022-06-13 10:03:54','201923249','3','2','201923249-3/2','2022-05-19','2022-05-17','Austriaglas','Daniel V.','107420','3',NULL,'Sonder','Klarglas Ultraweiß 4 mm',990.00,251.00,NULL,0,0,NULL,NULL,NULL,NULL,0,0,0,0,0,0,0,NULL,NULL,0,0,0,0,0,0,0,NULL,NULL,1,0,0,0,0,0,0,0,0,NULL,NULL,0,0,0,NULL,NULL,0,1,0,0,NULL,0,1,0,0,0,0,NULL,NULL,NULL,'2022-05-23','2022-05-25','2022-05-25','LKW','2','Korbin 21, 8542 St. Peter im Sulmtal',0,0,0,0,0,NULL,NULL,1,1,0,'139'),(31,'2022-05-17 14:02:41','2022-06-13 10:04:26','2022-06-13 10:04:26','201923249','4','2','201923249-4/2','2022-05-19','2022-05-17','Austriaglas','Daniel V.','107420','4',NULL,'Sonder','Klarglas Ultraweiß 4 mm',990.00,171.00,NULL,0,0,NULL,NULL,NULL,NULL,0,0,0,0,0,0,0,NULL,NULL,0,0,0,0,0,0,0,NULL,NULL,1,0,0,0,0,0,0,0,0,NULL,NULL,0,0,0,NULL,NULL,0,1,0,0,NULL,0,1,0,0,0,0,NULL,NULL,NULL,'2022-05-23','2022-05-25','2022-05-25','LKW','2','Korbin 21, 8542 St. Peter im Sulmtal',0,0,0,0,0,NULL,NULL,1,1,0,'139'),(32,'2022-05-17 14:04:01','2022-06-13 10:04:28','2022-06-13 10:04:28','201923249','5','2','201923249-5/2','2022-05-19','2022-05-17','Austriaglas','Daniel V.','107420','5',NULL,'Sonder','Klarglas Ultraweiß 4 mm',1641.00,490.00,NULL,0,0,NULL,NULL,NULL,NULL,0,0,0,0,0,0,0,NULL,NULL,0,0,0,0,0,0,0,NULL,NULL,1,0,0,0,0,0,0,0,0,NULL,NULL,0,0,0,NULL,NULL,0,1,0,0,NULL,0,1,0,0,0,0,NULL,NULL,NULL,'2022-05-23','2022-05-25','2022-05-25','LKW','2','Korbin 21, 8542 St. Peter im Sulmtal',0,0,0,0,0,NULL,NULL,1,1,0,'139'),(33,'2022-05-17 14:05:21','2022-06-13 10:04:31','2022-06-13 10:04:31','201923249','6','2','201923249-6/2','2022-05-19','2022-05-17','Austriaglas','Daniel V.','107420','6',NULL,'Sonder','Klarglas Ultraweiß 4 mm',2521.00,490.00,NULL,0,0,NULL,NULL,NULL,NULL,0,0,0,0,0,0,0,NULL,NULL,0,0,0,0,0,0,0,NULL,NULL,1,0,0,0,0,0,0,0,0,NULL,NULL,0,0,0,NULL,NULL,0,1,0,0,NULL,0,1,0,0,0,0,NULL,NULL,NULL,'2022-05-23','2022-05-25','2022-05-25','LKW','2','Korbin 21, 8542 St. Peter im Sulmtal',0,0,0,0,0,NULL,NULL,1,1,0,'139'),(34,'2022-05-17 14:07:14','2022-06-13 10:03:52','2022-06-13 10:03:52','201923249','7','2','201923249-7/2','2022-05-19','2022-06-17','Austriaglas','Daniel V.','107420','7',NULL,'Sonder','Klarglas Ultraweiß 4 mm',2521.00,446.00,NULL,0,0,NULL,NULL,NULL,NULL,0,0,0,0,0,0,0,NULL,NULL,0,0,0,0,0,0,0,NULL,NULL,1,0,0,0,0,0,0,0,0,NULL,NULL,0,0,0,NULL,NULL,0,1,0,0,NULL,0,1,0,0,0,0,NULL,NULL,NULL,'2022-05-23','2022-05-25','2022-05-25','LKW','2','Korbin 21, 8542 St. Peter im Sulmtal',0,0,0,0,0,NULL,NULL,1,1,0,'139'),(35,'2022-05-17 14:10:15','2022-06-13 10:04:35','2022-06-13 10:04:35','201923249','8','1','201923249-8/1','2022-05-19','2022-05-17','Austriaglas','Daniel V.','107420','8',NULL,'Sonder','Sonder',797.00,1413.00,'bronze spiegel 4mm',0,0,NULL,NULL,NULL,NULL,0,0,0,0,0,0,0,NULL,NULL,0,0,0,0,0,0,0,NULL,NULL,1,0,0,0,0,0,0,0,0,NULL,NULL,0,0,0,NULL,NULL,0,1,0,0,NULL,0,1,0,0,0,0,NULL,NULL,NULL,'2022-05-23','2022-05-25','2022-05-25','LKW','2','Korbin 21, 8542 St. Peter im Sulmtal',0,0,0,0,0,NULL,NULL,1,1,0,'139'),(36,'2022-05-17 14:11:30','2022-06-13 10:04:37','2022-06-13 10:04:37','201923249','9','2','201923249-9/2','2022-05-19','2022-05-17','Austriaglas','Daniel V.','107420','9',NULL,'Sonder','Klarglas Ultraweiß 4 mm',187.00,690.00,NULL,0,0,NULL,NULL,NULL,NULL,0,0,0,0,0,0,0,NULL,NULL,0,0,0,0,0,0,0,NULL,NULL,1,0,0,0,0,0,0,0,0,NULL,NULL,0,0,0,NULL,NULL,0,1,0,0,NULL,0,1,0,0,0,0,NULL,NULL,NULL,'2022-05-23','2022-05-25','2022-05-25','LKW','2','Korbin 21, 8542 St. Peter im Sulmtal',0,0,0,0,0,NULL,NULL,1,1,0,'139'),(37,'2022-05-17 14:13:04','2022-06-13 10:04:39','2022-06-13 10:04:39','201923249','10','1','201923249-10/1','2022-05-19','2022-05-17','Austriaglas','Daniel V.','107420','10',NULL,'Sonder','Klarglas Ultraweiß 4 mm',828.00,387.00,NULL,0,0,NULL,NULL,NULL,NULL,0,0,0,0,0,0,0,NULL,'auf Kante',1,0,0,0,0,0,0,NULL,NULL,1,0,0,0,0,0,0,0,0,NULL,NULL,0,0,0,NULL,NULL,0,1,0,0,NULL,0,1,0,0,0,0,NULL,NULL,NULL,'2022-05-23','2022-05-25','2022-05-25','LKW','2','Korbin 21, 8542 St. Peter im Sulmtal',0,0,0,0,0,NULL,NULL,1,1,0,'139'),(38,'2022-05-17 14:14:36','2022-06-13 10:03:48','2022-06-13 10:03:48','201923249','11','2','201923249-11/2','2022-05-25','2022-05-17','Austriaglas','Daniel V.','107420','11',NULL,'Sonder','Klarglas Grau 4 mm',1920.00,345.00,NULL,0,0,NULL,NULL,NULL,NULL,0,0,0,0,0,0,0,NULL,NULL,0,0,0,0,0,0,0,NULL,NULL,1,0,0,0,0,1,0,0,0,NULL,'Matt',1,0,1,NULL,NULL,0,1,0,0,NULL,0,1,0,0,0,0,NULL,NULL,NULL,'2022-05-23','2022-05-25','2022-05-25','LKW','2','Korbin 21, 8542 St. Peter im Sulmtal',0,0,5,0,0,NULL,NULL,1,1,0,'145'),(39,'2022-05-17 14:16:00','2022-06-13 10:03:35','2022-06-13 10:03:35','201923249','12','1','201923249-12/1','2022-05-18','2022-05-17','Austriaglas','Daniel V.','107420','12',NULL,'Sonder','Spiegel 4 mm',1905.00,500.00,NULL,0,0,NULL,NULL,NULL,NULL,0,0,0,0,0,0,0,NULL,NULL,0,0,0,0,0,0,0,NULL,NULL,1,0,0,0,0,0,0,0,0,NULL,NULL,0,0,0,NULL,NULL,0,1,0,0,NULL,0,1,0,0,0,0,NULL,NULL,NULL,'2022-05-23','2022-05-25','2022-05-25','LKW','2','Korbin 21, 8542 St. Peter im Sulmtal',0,0,0,0,0,NULL,NULL,1,1,0,'138'),(40,'2022-05-17 14:20:55','2022-06-13 10:03:37','2022-06-13 10:03:37','201923249','13','1','201923249-13/1','2022-05-18','2022-05-17','Austriaglas','Daniel V.','107420','13',NULL,'Sonder','Spiegel 4 mm',1905.00,520.00,NULL,0,0,NULL,NULL,NULL,NULL,0,0,0,0,0,0,0,NULL,NULL,0,0,0,0,0,0,0,NULL,NULL,1,0,0,0,0,0,0,0,0,NULL,NULL,0,0,0,NULL,NULL,0,1,0,0,NULL,0,1,0,0,0,0,NULL,NULL,NULL,'2022-05-23','2022-05-25','2022-05-25','LKW','2','Korbin 21, 8542 St. Peter im Sulmtal',0,0,0,0,0,NULL,NULL,1,1,0,'138'),(41,'2022-05-17 14:22:35','2022-06-13 10:04:05','2022-06-13 10:04:05','201923249','14','1','201923249-14/1','2022-05-18','2022-05-17','Austriaglas','Daniel V.','107420','14',NULL,'Sonder','Klarglas 5 mm',1655.00,295.00,NULL,0,0,NULL,NULL,NULL,NULL,0,0,0,0,0,0,0,NULL,'auf Kante',1,0,0,0,0,0,0,NULL,NULL,1,0,0,0,0,0,0,0,0,NULL,NULL,0,0,0,NULL,NULL,0,1,0,0,NULL,0,1,0,0,0,0,NULL,NULL,NULL,'2022-05-23','2022-05-25','2022-05-25','LKW','2','Korbin 21, 8542 St. Peter im Sulmtal',0,0,0,0,0,NULL,NULL,1,1,0,'138'),(42,'2022-05-17 14:24:00','2022-06-13 10:04:09','2022-06-13 10:04:09','201923249','15','5','201923249-15/5','2022-05-18','2022-05-17','Austriaglas','Daniel V.','107420','15',NULL,'Sonder','Klarglas 6 mm',555.00,395.00,NULL,0,0,NULL,NULL,NULL,NULL,0,0,0,0,0,0,0,NULL,NULL,0,0,0,0,0,0,0,NULL,NULL,1,0,0,0,0,0,0,0,0,NULL,NULL,0,0,0,NULL,NULL,0,1,0,0,NULL,0,1,0,0,0,0,NULL,NULL,NULL,'2022-05-23','2022-05-25','2022-05-25','LKW','2','Korbin 21, 8542 St. Peter im Sulmtal',0,0,0,0,0,NULL,NULL,1,1,0,'138'),(43,'2022-05-17 14:25:46','2022-06-13 10:04:41','2022-06-13 10:04:41','201923249','16','1','201923249-16/1','2022-05-25','2022-05-17','Austriaglas','Daniel V.','107420','16',NULL,'Sonder','Klarglas 5 mm',1921.00,595.00,NULL,0,0,NULL,NULL,NULL,NULL,0,0,0,0,0,0,0,NULL,NULL,0,0,0,0,0,0,0,NULL,NULL,1,0,0,0,0,1,0,0,0,NULL,'Matt',1,0,1,NULL,NULL,0,1,0,0,NULL,0,1,0,0,0,0,NULL,NULL,NULL,'2022-05-23','2022-05-25','2022-05-25','LKW','2','Korbin 21, 8542 St.Peter im Sulmtal',0,0,5,0,0,NULL,NULL,1,1,0,'145'),(44,'2022-05-17 14:27:02','2022-06-13 10:04:10','2022-06-13 10:04:10','201923249','17','1','201923249-17/1','2022-05-18','2022-05-17','Austriaglas','Daniel V.','107420','17',NULL,'Sonder','Klarglas 6 mm',800.00,450.00,NULL,0,0,NULL,NULL,NULL,NULL,0,0,0,0,0,0,0,NULL,NULL,0,0,0,0,0,0,0,NULL,NULL,1,0,0,0,0,0,0,0,0,NULL,NULL,0,0,0,NULL,NULL,0,1,0,0,NULL,0,1,0,0,0,0,NULL,NULL,NULL,'2022-05-23','2022-05-25','2022-05-25','LKW','2','Korbin 21, 8542 St. Peter im Sulmtal',0,0,0,0,0,NULL,NULL,1,1,0,'138'),(45,'2022-05-17 14:28:17','2022-06-13 10:03:46','2022-06-13 10:03:46','201923249','18','1','201923249-18/1','2022-05-25','2022-05-17','Austriaglas','Daniel V.','107420','18',NULL,'Sonder','Klarglas 6 mm',696.00,146.00,NULL,0,0,NULL,NULL,NULL,NULL,0,0,0,0,0,0,0,NULL,NULL,0,0,0,0,0,0,0,NULL,NULL,1,0,0,0,0,1,0,0,0,NULL,'Matt',1,0,1,NULL,NULL,0,1,0,0,NULL,0,1,0,0,0,0,NULL,NULL,NULL,'2022-05-23','2022-05-25','2022-05-25','LKW','2','Korbin 21, 8542 St. Peter im Sulmtal',0,0,5,0,0,NULL,NULL,1,1,0,'145'),(46,'2022-05-17 14:29:38','2022-06-13 10:04:13','2022-06-13 10:04:13','201923249','19','1','201923249-19/1','2022-05-18','2022-05-17','Austriaglas','Daniel V.','107420','19',NULL,'Sonder','Spiegel 4 mm',1671.00,1106.00,NULL,0,0,NULL,NULL,NULL,NULL,0,0,0,0,0,0,0,NULL,NULL,0,0,0,0,0,0,0,NULL,NULL,1,0,0,0,0,0,0,0,0,NULL,NULL,0,0,0,NULL,NULL,0,1,0,0,NULL,0,1,0,0,0,0,NULL,NULL,NULL,'2022-05-23','2022-05-25','2022-05-25','LKW','2','Korbin 21, 8542 St.Peter im Sulmal',0,0,0,0,0,NULL,NULL,1,1,0,'138'),(47,'2022-05-17 14:30:45','2022-06-13 10:04:17','2022-06-13 10:04:17','201923249','20','1','201923249-20/1','2022-05-18','2022-05-17','Austriaglas','Daniel V.','107420','20',NULL,'Sonder','Spiegel 4 mm',1592.00,192.00,NULL,0,0,NULL,NULL,NULL,NULL,0,0,0,0,0,0,0,NULL,NULL,0,0,0,0,0,0,0,NULL,NULL,1,0,0,0,0,0,0,0,0,NULL,NULL,0,0,0,NULL,NULL,0,1,0,0,NULL,0,1,0,0,0,0,NULL,NULL,NULL,'2022-05-23','2022-05-25','2022-05-25','LKW','2','Korbin 21, 8542 St.Peter im Sulmtal',0,0,0,0,0,NULL,NULL,1,1,0,'138'),(48,'2022-05-17 14:31:56','2022-06-13 10:04:20','2022-06-13 10:04:20','201923249','21','1','201923249-21/1','2022-05-18','2022-05-17','Austriaglas','Daniel V.','107420','21',NULL,'Sonder','Klarglas 4 mm',711.00,385.00,NULL,0,0,NULL,NULL,NULL,NULL,0,0,0,0,0,0,0,NULL,'auf Kante',1,0,0,0,0,0,0,NULL,NULL,0,1,0,0,0,0,0,0,0,NULL,NULL,0,0,0,NULL,NULL,0,1,0,0,NULL,0,1,0,0,0,0,NULL,NULL,NULL,'2022-05-23','2022-05-25','2022-05-25','LKW','2','Korbin 21, 8542 St. Peter im Sulmtal',0,0,0,0,0,NULL,NULL,1,1,0,'138'),(49,'2022-05-17 14:33:07','2022-06-13 10:04:02','2022-06-13 10:04:02','201923249','22','1','201923249-22/1','2022-05-18','2022-05-17','Austriaglas','Daniel V.','107420','22',NULL,'Sonder','Spiegel 4 mm',2193.00,591.00,NULL,0,0,NULL,NULL,NULL,NULL,0,0,0,0,0,0,0,NULL,NULL,0,0,0,0,0,0,0,NULL,NULL,1,0,0,0,0,0,0,0,0,NULL,NULL,0,0,0,NULL,NULL,0,1,0,0,NULL,0,1,0,0,0,0,NULL,NULL,NULL,'2022-05-23','2022-05-25','2022-05-25','LKW','2','Korbin 21, 8542 St. Peter im Sulmtal',0,0,0,0,0,NULL,NULL,1,1,0,'138'),(50,'2022-05-17 14:34:39','2022-06-13 10:04:24','2022-06-13 10:04:24','201923249','23','4','201923249-23/4','2022-05-18','2022-05-17','Austriaglas','Daniel V.','107420','23',NULL,'Sonder','Klarglas 6 mm',960.00,340.00,NULL,0,0,NULL,NULL,NULL,NULL,0,0,0,0,0,0,0,NULL,NULL,0,0,0,0,0,0,0,NULL,NULL,1,0,0,0,0,0,0,0,0,NULL,NULL,0,0,0,NULL,NULL,0,1,0,0,NULL,0,1,0,0,0,0,NULL,NULL,NULL,'2022-05-23','2022-05-25','2022-05-25','LKW','2','Korbin 21, 8542 St.Peter im Sulmtal',0,0,0,0,0,NULL,NULL,1,1,0,'138'),(51,'2022-05-17 14:35:51','2022-06-13 10:03:57','2022-06-13 10:03:57','201923249','24','1','201923249-24/1','2022-05-18','2022-05-17','Austriaglas','Daniel V.','107420','24',NULL,'Sonder','Spiegel 4 mm',1560.00,960.00,NULL,0,0,NULL,NULL,NULL,NULL,0,0,0,0,0,0,0,NULL,NULL,0,0,0,0,0,0,0,NULL,NULL,1,0,0,0,0,0,0,0,0,NULL,NULL,0,0,0,NULL,NULL,0,1,0,0,NULL,0,1,0,0,0,0,NULL,NULL,NULL,'2022-05-23','2022-05-25','2022-05-25','LKW','2','Korbin 21, 8542 St. Peter im Sulmtal',0,0,0,0,0,NULL,NULL,1,1,0,'138'),(52,'2022-05-17 14:37:18','2022-06-13 10:04:00','2022-06-13 10:04:00','201923249','25','2','201923249-25/2','2022-05-18','2022-05-17','Austriaglas','Daniel V.','107420','25',NULL,'Sonder','Klarglas 4 mm',1588.00,486.00,NULL,0,0,NULL,NULL,NULL,NULL,0,0,0,0,0,0,0,NULL,'auf Kante',1,0,0,0,0,0,0,NULL,NULL,0,1,0,0,0,0,0,0,0,NULL,NULL,0,0,0,NULL,NULL,0,1,0,0,NULL,0,1,0,0,0,0,NULL,NULL,NULL,'2022-05-23','2022-05-25','2022-05-25','LKW','2','Korbin 21, 8542 St.Peter im Sulmtal',0,0,0,0,0,NULL,NULL,1,1,0,'138'),(53,'2022-05-17 14:40:57','2022-06-13 10:03:44','2022-06-13 10:03:44','201923249','26','1','201923249-26/1','2022-05-25','2022-05-17','Austriaglas','Daniel V.','107420','26',NULL,'Sonder','Spiegel 4 mm',749.00,527.00,NULL,0,0,NULL,NULL,NULL,NULL,0,0,0,0,0,0,0,NULL,NULL,0,0,0,0,0,0,0,NULL,NULL,1,0,0,0,0,1,0,0,0,NULL,'Matt',1,0,1,NULL,NULL,0,1,0,0,NULL,0,1,0,0,0,0,NULL,NULL,NULL,'2022-05-23','2022-05-25','2022-05-25','LKW','2','Korbin 21, 8542 St. Peter im Sulmtal',0,0,5,0,0,NULL,NULL,1,1,0,'145'),(54,'2022-05-18 10:25:05','2022-06-13 10:04:43','2022-06-13 10:04:43','12345','1','1','12345-1/1','2022-05-31',NULL,'Artauf Glastüren','Engelbert A.',NULL,NULL,NULL,'Alu-Dibond','Altdeutsch K 4 mm',500.00,500.00,NULL,0,0,NULL,NULL,NULL,NULL,0,0,0,0,0,0,0,NULL,NULL,0,0,0,0,0,0,0,'tvg',NULL,0,0,0,0,0,0,0,0,0,NULL,NULL,0,0,0,NULL,NULL,0,1,0,0,NULL,0,1,0,0,0,0,NULL,NULL,NULL,NULL,NULL,NULL,'LKW',NULL,NULL,1,0,0,0,0,NULL,NULL,1,1,0,'151'),(55,'2022-05-18 15:11:42','2022-06-13 10:03:42','2022-06-13 10:03:42','201923256','1','1','201923256-1/1','2022-06-13','2022-05-18','Austriaglas','Daniel V.','107362','Alte Post',NULL,'Glas','Klarglas 10 mm',1381.00,1120.00,'kantenbearbeitung lt. DXF',0,0,NULL,'folie KLAR 1,52mm!!',NULL,NULL,0,0,0,0,0,0,0,NULL,'auf Kante',0,1,1,0,0,0,0,'TVG',NULL,1,0,0,0,0,0,0,0,0,NULL,NULL,1,0,1,NULL,NULL,0,1,0,0,NULL,0,1,0,0,0,0,NULL,'Gorica','2022-06-11','2022-05-23','2022-05-24','2022-05-24','Spedition',NULL,'CRO',1,0,0,0,0,NULL,NULL,1,0,0,'164'),(56,'2022-06-13 10:07:32','2023-01-20 11:06:43','2023-01-20 11:06:43','201923370','1','1','201923370-1/1','2022-06-14','2022-06-13','Austriaglas','Daniel V.','107420','w-73791-1',NULL,'Sonder','Spiegel 4 mm',1500.00,830.00,NULL,0,0,NULL,NULL,NULL,NULL,0,0,0,0,0,0,0,NULL,NULL,0,0,0,0,0,0,0,NULL,NULL,1,0,0,0,0,0,0,0,0,NULL,NULL,0,0,0,NULL,NULL,0,1,0,0,NULL,0,1,0,0,0,0,NULL,NULL,NULL,'2022-06-20','2022-06-22','2022-06-22','LKW','1','Korbin 21, 8542 St. Peter im Sulmtal',0,0,0,0,0,'2022-07-11',NULL,1,1,0,'165'),(57,'2022-06-13 10:08:50','2023-01-20 11:06:45','2023-01-20 11:06:45','201923370','2','1','201923370-2/1','2022-06-14','2022-06-13','Austriaglas','Daniel V.','107420','w-73795-19',NULL,'Sonder','Spiegel 4 mm',1900.00,500.00,NULL,0,0,NULL,NULL,NULL,NULL,0,0,0,0,0,0,0,NULL,NULL,0,0,0,0,0,0,0,NULL,NULL,1,0,0,0,0,0,0,0,0,NULL,NULL,0,0,0,NULL,NULL,0,1,0,0,NULL,0,1,0,0,0,0,NULL,NULL,NULL,'2022-06-20','2022-06-22','2022-06-22','LKW','1','Korbin 21, 8542 St. Peter im Sulmtal',0,0,0,0,0,'2022-07-11',NULL,1,1,0,'165'),(58,'2022-06-13 10:10:04','2023-01-20 11:06:47','2023-01-20 11:06:47','201923370','3','1','201923370-3/1','2022-06-14','2022-06-13','Austriaglas','Daniel V.','107420','w-73457-9',NULL,'Sonder','Spiegel 4 mm',796.00,396.00,NULL,0,0,NULL,NULL,NULL,NULL,0,0,0,0,0,0,0,NULL,NULL,0,0,0,0,0,0,0,NULL,NULL,1,0,0,0,0,0,0,0,0,NULL,NULL,0,0,0,NULL,NULL,0,1,0,0,NULL,0,1,0,0,0,0,NULL,NULL,NULL,'2022-06-20','2022-06-22','2022-06-22','LKW','1','Korbin 21, 8542 St. Peter im Sulmtal',0,0,0,1,0,'2022-07-11',NULL,1,1,0,'165'),(59,'2022-06-13 10:11:06','2023-01-20 11:06:49','2023-01-20 11:06:49','201923370','4','1','201923370-4/1','2022-06-14','2022-06-13','Austriaglas','Daniel V.','107420','w-73457-11',NULL,'Alu-Dibond','Altdeutsch K 4 mm',170.00,296.00,NULL,0,0,NULL,NULL,NULL,NULL,0,0,0,0,0,0,0,NULL,NULL,0,0,0,0,0,0,0,NULL,NULL,1,0,0,0,0,0,0,0,0,NULL,NULL,0,0,0,NULL,NULL,0,1,0,0,NULL,0,1,0,0,0,0,NULL,NULL,NULL,'2022-06-20','2022-06-22','2022-06-22','LKW','1','Korbin 21, 8542 St. Peter im Sulmtal',0,0,0,0,0,'2022-07-11',NULL,1,1,0,'165'),(60,'2022-06-13 10:12:16','2023-01-20 11:06:51','2023-01-20 11:06:51','201923370','5','1','201923370-5/1','2022-06-14','2022-06-13','Austriaglas','Daniel V.','107420','w-73457.12',NULL,'Sonder','Spiegel 4 mm',1900.00,400.00,NULL,0,0,NULL,NULL,NULL,NULL,0,0,0,0,0,0,0,NULL,NULL,0,0,0,0,0,0,0,NULL,NULL,1,0,0,0,0,0,0,0,0,NULL,NULL,0,0,0,NULL,NULL,0,1,0,0,NULL,0,1,0,0,0,0,NULL,NULL,NULL,'2022-06-20','2022-06-22','2022-06-22','LKW','1','Korbin 21, 8542 St. Peter im Sulmtal',0,0,0,0,0,NULL,NULL,1,1,0,'165'),(61,'2022-06-13 10:13:27','2023-01-20 11:06:53','2023-01-20 11:06:53','201923370','6','1','201923370-6/1','2022-06-14','2022-06-22','Austriaglas','Daniel V.','107420','w-73648-3',NULL,'Sonder','Spiegel 4 mm',1950.00,600.00,NULL,0,0,NULL,NULL,NULL,NULL,0,0,0,0,0,0,0,NULL,NULL,0,0,0,0,0,0,0,NULL,NULL,1,0,0,0,0,0,0,0,0,NULL,NULL,0,0,0,NULL,NULL,0,1,0,0,NULL,0,1,0,0,0,0,NULL,NULL,NULL,'2022-06-20','2022-06-22','2022-06-22','LKW','1','Korbin 21, 8542 St. Peter im Sulmtal',0,0,0,0,0,NULL,NULL,1,1,0,'165'),(62,'2022-06-13 10:14:36','2023-01-20 11:06:56','2023-01-20 11:06:56','201923370','7','1','201923370-7/1','2022-06-14','2022-06-13','Austriaglas','Daniel V.','107420','w-73648-19',NULL,'Sonder','Spiegel 4 mm',2000.00,450.00,NULL,0,0,NULL,NULL,NULL,NULL,0,0,0,0,0,0,0,NULL,NULL,0,0,0,0,0,0,0,NULL,NULL,1,0,0,0,0,0,0,0,0,NULL,NULL,0,0,0,NULL,NULL,0,1,0,0,NULL,0,1,0,0,0,0,NULL,NULL,NULL,'2022-06-20','2022-06-22','2022-06-22','LKW','1','Korbin 21, 8542 St. Peter im Sulmtal',0,0,0,0,0,NULL,NULL,1,1,0,'165'),(63,'2022-06-13 10:15:44','2023-01-20 11:06:59','2023-01-20 11:06:59','201923370','8','1','201923370-8/1','2022-06-14','2022-06-13','Austriaglas','Daniel V.','107420','w-73458-5',NULL,'Sonder','Spiegel 4 mm',900.00,670.00,NULL,0,0,NULL,NULL,NULL,NULL,0,0,0,0,0,0,0,NULL,NULL,0,0,0,0,0,0,0,NULL,NULL,1,0,0,0,0,0,0,0,0,NULL,NULL,0,0,0,NULL,NULL,0,1,0,0,NULL,0,1,0,0,0,0,NULL,NULL,NULL,'2022-06-20','2022-06-22','2022-06-22','LKW','1','Korbin 21, 8542 St. Peter im Sulmtal',0,0,0,0,0,NULL,NULL,1,1,0,'165'),(64,'2022-06-13 10:16:49','2023-01-20 11:07:00','2023-01-20 11:07:00','201923370','9','1','201923370-9/1','2022-06-14','2022-06-13','Austriaglas','Daniel V.','107420','r-72675-3',NULL,'Sonder','Spiegel 4 mm',2294.00,444.00,NULL,0,0,NULL,NULL,NULL,NULL,0,0,0,0,0,0,0,NULL,NULL,0,0,0,0,0,0,0,NULL,NULL,1,0,0,0,0,0,0,0,0,NULL,NULL,0,0,0,NULL,NULL,0,1,0,0,NULL,0,1,0,0,0,0,NULL,NULL,NULL,'2022-06-20','2022-06-22','2022-06-22','LKW','1','Korbin 21, 8542 St. Peter im Sulmtal',0,0,0,0,0,NULL,NULL,1,1,0,'165'),(65,'2022-06-13 10:17:44','2023-01-20 11:07:03','2023-01-20 11:07:03','201923370','10','1','201923370-10/1','2022-06-14','2022-06-13','Austriaglas','Daniel V.','107420','r-72675-4',NULL,'Sonder','Spiegel 4 mm',2294.00,444.00,NULL,0,0,NULL,NULL,NULL,NULL,0,0,0,0,0,0,0,NULL,NULL,0,0,0,0,0,0,0,NULL,NULL,1,0,0,0,0,0,0,0,0,NULL,NULL,0,0,0,NULL,NULL,0,1,0,0,NULL,0,1,0,0,0,0,NULL,NULL,NULL,'2022-06-20','2022-06-22','2022-06-22','LKW','1','Korbin 21, 8542 St. Peter im Sulmtal',0,0,0,0,0,NULL,NULL,1,1,0,'165'),(66,'2023-01-25 14:24:31','2023-01-25 15:15:18','2023-01-25 15:15:18','20192425','1','1','20192425-1/1',NULL,'2023-01-25','Artauf Glastüren','Engelbert A.','107420','j-12345-6','schwarze Klebefolie','Geländer','Ornament 504 4 mm',111.00,2222.00,NULL,0,0,'A',NULL,NULL,NULL,0,0,0,0,0,1,0,NULL,NULL,0,0,0,0,0,0,0,NULL,NULL,1,0,0,0,0,0,0,0,0,NULL,NULL,1,0,1,NULL,NULL,1,0,0,0,NULL,0,1,0,0,0,0,NULL,NULL,NULL,'2023-01-26','2023-01-29','2023-01-29','LKW',NULL,'Arndorf 37, 8181 St. Ruprecht an der Raab',0,0,5,0,0,NULL,NULL,1,0,0,NULL),(67,'2023-01-25 14:41:36','2023-01-25 14:43:14','2023-01-25 14:43:14','20192425','19','1','20192425-19/1',NULL,NULL,'Artauf Glastüren','Engelbert A.',NULL,NULL,NULL,'Alu-Dibond','Altdeutsch K 4 mm',NULL,NULL,NULL,0,0,NULL,NULL,NULL,NULL,0,0,0,0,0,0,0,NULL,NULL,0,0,0,0,0,0,0,NULL,NULL,0,0,0,0,0,0,0,0,0,NULL,NULL,0,0,0,NULL,NULL,0,0,0,0,NULL,0,0,0,0,0,0,NULL,NULL,NULL,NULL,NULL,NULL,'LKW',NULL,NULL,0,0,0,0,0,NULL,NULL,0,0,0,NULL),(68,'2023-01-25 14:41:46','2023-01-25 14:43:17','2023-01-25 14:43:17','20192425','20','1','20192425-20/1',NULL,NULL,'Artauf Glastüren','Engelbert A.',NULL,NULL,NULL,'Alu-Dibond','Altdeutsch K 4 mm',NULL,NULL,NULL,0,0,NULL,NULL,NULL,NULL,0,0,0,0,0,0,0,NULL,NULL,0,0,0,0,0,0,0,NULL,NULL,0,0,0,0,0,0,0,0,0,NULL,NULL,0,0,0,NULL,NULL,0,0,0,0,NULL,0,0,0,0,0,0,NULL,NULL,NULL,NULL,NULL,NULL,'LKW',NULL,NULL,0,0,0,0,0,NULL,NULL,0,0,0,NULL),(69,'2023-01-25 14:52:17','2023-01-25 15:15:21','2023-01-25 15:15:21','20192426','1','1','20192426-1/1','2023-01-26','2023-01-25','Artauf Glastüren','Engelbert A.',NULL,NULL,NULL,'Alu-Dibond','Altdeutsch K 4 mm',NULL,NULL,NULL,0,0,NULL,NULL,NULL,NULL,0,0,0,0,0,0,0,NULL,NULL,0,0,0,0,0,0,0,NULL,NULL,0,0,0,0,0,0,0,0,0,NULL,NULL,0,0,0,NULL,NULL,0,0,0,0,NULL,0,0,0,0,0,0,NULL,NULL,NULL,'2023-01-27','2023-01-29','2023-01-29','LKW',NULL,NULL,0,0,0,0,0,NULL,NULL,1,0,0,NULL),(70,'2023-01-25 15:00:14','2023-01-25 15:14:13','2023-01-25 15:14:13','20192427','1','1','20192427-1/1',NULL,NULL,'Artauf Glastüren','Engelbert A.',NULL,NULL,NULL,'Alu-Dibond','Altdeutsch K 4 mm',NULL,NULL,NULL,0,0,NULL,NULL,NULL,NULL,0,0,0,0,0,0,0,NULL,NULL,0,0,0,0,0,0,0,NULL,NULL,0,0,0,0,0,0,0,0,0,NULL,NULL,0,0,0,NULL,NULL,0,0,0,0,NULL,0,0,0,0,0,0,NULL,NULL,NULL,NULL,NULL,NULL,'LKW',NULL,NULL,0,0,0,0,0,NULL,NULL,0,0,0,NULL),(71,'2023-01-25 15:16:21','2023-01-27 11:02:43','2023-01-27 11:02:43','1234','1','1','1234-1/1','2023-01-26','2023-01-25','Artauf Glastüren','Engelbert A.',NULL,NULL,NULL,'Alu-Dibond','Altdeutsch K 4 mm',NULL,NULL,NULL,0,0,NULL,NULL,NULL,NULL,0,0,0,0,0,0,0,NULL,NULL,1,0,0,0,0,0,0,NULL,NULL,1,0,0,0,0,0,0,0,0,NULL,NULL,0,0,0,NULL,NULL,1,0,0,0,NULL,0,1,0,0,0,0,NULL,NULL,NULL,'2023-01-27','2023-01-29','2023-01-29','LKW',NULL,NULL,0,0,5,0,0,NULL,NULL,1,0,0,NULL),(72,'2023-01-25 15:17:01','2023-01-27 11:02:45','2023-01-27 11:02:45','1234','2','1','1234-2/1','2023-01-26','2023-01-25','Artauf Glastüren','Engelbert A.',NULL,NULL,NULL,'Alu-Dibond','Altdeutsch K 4 mm',NULL,NULL,NULL,0,0,NULL,NULL,NULL,NULL,0,0,0,0,0,0,0,NULL,NULL,1,0,0,0,0,0,0,NULL,NULL,0,0,1,0,0,0,0,0,0,NULL,NULL,0,0,0,NULL,NULL,1,0,0,0,NULL,0,1,0,0,0,0,NULL,NULL,NULL,'2023-01-27','2023-01-29','2023-01-29','LKW',NULL,NULL,0,0,0,0,0,NULL,NULL,1,0,0,NULL),(73,'2023-01-27 11:21:42','2023-02-02 13:52:22','2023-02-02 13:52:22','201924312','1','1','201924312-1/1','2023-01-27','2023-01-27','Austriaglas','Daniel V.','107420','t-80244-8',NULL,'Verglasung','Spiegel 4 mm',1179.00,199.00,NULL,0,0,NULL,NULL,NULL,NULL,0,0,0,0,0,0,0,NULL,NULL,0,0,0,0,0,0,0,NULL,NULL,1,0,0,0,0,0,0,0,0,NULL,NULL,0,0,0,NULL,NULL,0,1,0,0,NULL,0,1,0,0,0,0,NULL,NULL,NULL,'2023-01-31','2023-02-01','2023-02-01','LKW',NULL,'Korbin 21, 8542 St. Peter im Sulmtal',0,0,0,0,0,'2023-01-31',NULL,1,1,0,'27'),(74,'2023-01-27 11:23:24','2023-02-02 13:52:25','2023-02-02 13:52:25','201924312','2','1','201924312-2/1','2023-01-27','2023-01-27','Austriaglas','Daniel V.','107420','t-71723-16',NULL,'Verglasung','Klarglas Ultraweiß 8 mm',950.00,570.00,NULL,0,0,NULL,NULL,NULL,NULL,0,0,0,0,0,0,0,NULL,'auf Kante',1,0,0,0,0,0,0,NULL,NULL,0,0,0,0,0,0,0,0,0,NULL,NULL,0,0,0,NULL,NULL,0,1,0,0,NULL,0,1,0,0,0,0,NULL,NULL,NULL,'2023-01-31','2023-02-01','2023-02-01','LKW',NULL,'Korbin 21, 8542 St. Peter im Sulmtal',0,0,0,0,0,'2023-01-31',NULL,1,1,0,'27'),(75,'2023-01-27 11:36:53','2023-02-02 13:52:29','2023-02-02 13:52:29','201924312','3','1','201924312-3/1','2023-01-27','2023-01-27','Austriaglas','Daniel V.','10720','t-71723-23',NULL,'Verglasung','Spiegel 4 mm',2350.00,430.00,NULL,0,0,NULL,NULL,NULL,NULL,0,0,0,0,0,0,0,NULL,NULL,0,0,0,0,0,0,0,NULL,NULL,1,0,0,0,0,0,0,0,0,NULL,NULL,0,0,0,NULL,NULL,0,1,0,0,NULL,0,1,0,0,0,0,NULL,NULL,NULL,'2023-01-31','2023-02-01','2023-02-01','LKW',NULL,'Korbin 21, 8542 St. Peter im Sulmtal',0,0,5,0,0,'2023-01-31',NULL,1,1,0,'27'),(76,'2023-01-27 11:38:37','2023-02-02 13:52:30','2023-02-02 13:52:30','201924312','3','2','201924312-3/2','2023-01-27','2023-01-27','Austriaglas','Daniel V.','107420','t-71723-23',NULL,'Verglasung','Spiegel 4 mm',2350.00,430.00,NULL,0,0,NULL,NULL,NULL,NULL,0,0,0,0,0,0,0,NULL,NULL,0,0,0,0,0,0,0,NULL,NULL,1,0,0,0,0,0,0,0,0,NULL,NULL,0,0,0,NULL,NULL,0,1,0,0,NULL,0,1,0,0,0,0,NULL,NULL,NULL,'2023-01-31','2023-02-01','2023-02-01','LKW',NULL,'Korbin 21, 8542 St. Peter im Sulmtal',0,0,5,0,0,'2023-01-31',NULL,1,1,0,'27'),(77,'2023-01-27 11:41:01','2023-02-02 13:52:33','2023-02-02 13:52:33','201924312','4','1','201924312-4/1','2023-01-27','2023-01-27','Austriaglas','Daniel V.','107420','t-71723-24',NULL,'Verglasung','Spiegel 4 mm',2442.00,541.00,NULL,0,0,NULL,NULL,NULL,NULL,0,0,0,0,0,0,0,NULL,NULL,0,0,0,0,0,0,0,NULL,NULL,1,0,0,0,0,1,0,0,0,NULL,NULL,1,0,1,NULL,NULL,0,1,0,0,NULL,0,1,0,0,0,0,NULL,NULL,NULL,'2023-01-31','2023-02-01','2023-02-01','LKW',NULL,'Korbin 21, 8542 St. Peter im Sulmtal',0,0,0,0,0,'2023-01-31',NULL,1,1,0,'27'),(78,'2023-01-27 11:42:24','2023-02-02 13:52:35','2023-02-02 13:52:35','201924312','4','2','201924312-4/2','2023-01-27','2023-01-27','Austriaglas','Daniel V.','107420','t-71723-24',NULL,'Verglasung','Spiegel 4 mm',2442.00,541.00,NULL,0,0,NULL,NULL,NULL,NULL,0,0,0,0,0,0,0,NULL,NULL,0,0,0,0,0,0,0,NULL,NULL,1,0,0,0,0,1,0,0,0,NULL,NULL,1,0,1,NULL,NULL,0,1,0,0,NULL,0,1,0,0,0,0,NULL,NULL,NULL,'2023-01-31','2023-02-01','2023-02-01','LKW',NULL,'Korbin 21, 8542 St. Peter im Sulmtal',0,0,0,0,0,'2023-01-31',NULL,1,1,0,'27'),(79,'2023-01-27 11:43:56','2023-02-02 13:51:55','2023-02-02 13:51:55','201924312','5','1','201924312-5/1','2023-01-27','2023-01-27','Austriaglas','Daniel V.','107420','t-71723-42',NULL,'Verglasung','Klarglas Ultraweiß 8 mm',800.00,500.00,NULL,0,0,NULL,NULL,NULL,NULL,0,0,0,0,0,0,0,NULL,'auf Kante',1,0,0,0,0,0,0,NULL,NULL,1,0,0,0,0,0,0,0,0,NULL,NULL,0,0,0,NULL,NULL,0,1,0,0,NULL,0,1,0,0,0,0,NULL,NULL,NULL,'2023-01-31','2023-02-01','2023-02-01','LKW',NULL,'Korbin 21, 8542 St. Peter im Sulmtal',0,0,0,0,0,'2023-01-31',NULL,1,1,0,'27'),(80,'2023-01-27 12:25:42','2023-02-02 13:51:52','2023-02-02 13:51:52','12345','1','1','12345-1/1','2023-01-27','2023-01-28','Austriaglas','Daniel V.','107420','test',NULL,'Verglasung','Spiegel 4 mm',1000.00,200.00,NULL,0,0,NULL,NULL,NULL,NULL,0,0,0,0,0,0,0,NULL,NULL,0,0,0,0,0,0,0,NULL,NULL,1,0,0,0,0,0,0,0,0,NULL,NULL,0,0,0,NULL,NULL,0,1,0,0,NULL,0,1,0,0,0,0,NULL,NULL,NULL,'2023-01-31','2023-02-01','2023-02-01','LKW',NULL,'Korbin 21, 8542 St. Peter im Sulmtal',0,0,0,0,0,'2023-01-31',NULL,1,1,0,'27'),(81,'2023-01-27 12:27:14','2023-02-02 13:51:50','2023-02-02 13:51:50','12345','2','1','12345-2/1','2023-01-27','2023-01-28','Austriaglas','Daniel V.','107420','test1',NULL,'Verglasung','Spiegel 4 mm',1000.00,300.00,NULL,0,0,NULL,NULL,NULL,NULL,0,0,0,0,0,0,0,NULL,NULL,0,0,0,0,0,0,0,NULL,NULL,1,0,0,0,0,0,0,0,0,NULL,NULL,0,0,0,NULL,NULL,0,1,0,0,NULL,0,1,0,0,0,0,NULL,NULL,NULL,'2023-01-31','2023-02-01','2023-02-01','LKW',NULL,'Korbin 21, 8542 St. Peter im Sulmtal',0,0,0,0,0,'2023-01-31',NULL,1,1,0,'27'),(82,'2023-01-30 14:31:53','2023-02-02 13:51:48','2023-02-02 13:51:48','20230043','1','1','20230043-1/1','2023-01-30','2023-01-30','Artauf Glastüren','Daniel V.','100010','99-32454-9',NULL,'Verglasung','Klarglas 4 mm',794.00,324.00,NULL,0,0,NULL,NULL,NULL,NULL,0,0,0,0,0,0,0,NULL,'auf Kante',1,0,0,0,0,0,0,NULL,NULL,0,0,0,1,0,0,0,0,0,NULL,NULL,0,0,0,NULL,NULL,0,1,0,0,NULL,0,1,0,0,0,0,NULL,NULL,NULL,'2023-02-09','2023-02-13','2023-02-13','LKW',NULL,'Erlach 165, 6150 Steinach am Brenner',0,0,0,0,0,NULL,NULL,1,1,0,'30'),(83,'2023-01-30 14:33:24','2023-02-02 13:51:42','2023-02-02 13:51:42','20230043','2','1','20230043-2/1','2023-01-31','2023-01-30','Artauf Glastüren','Daniel V.','100010','99-33432-12',NULL,'Verglasung','Klarglas 4 mm',606.00,386.00,NULL,0,0,NULL,NULL,NULL,NULL,0,0,0,0,0,0,0,NULL,'auf Kante',1,0,0,0,0,0,0,NULL,NULL,0,0,0,1,0,0,0,0,0,NULL,NULL,0,0,0,NULL,NULL,0,1,0,0,NULL,0,1,0,0,0,0,NULL,NULL,NULL,'2023-02-09','2023-02-13','2023-02-13','LKW',NULL,'Erlach 165, 6150 Steinach am Brenner',0,0,0,1,0,NULL,NULL,1,0,0,'31'),(84,'2023-01-30 14:34:43','2023-02-02 13:52:06','2023-02-02 13:52:06','20230043','3','1','20230043-3/1',NULL,'2023-01-30','Artauf Glastüren','Daniel V.','100010','99-33432-12',NULL,'Verglasung','Klarglas 4 mm',606.00,386.00,NULL,0,0,NULL,NULL,NULL,NULL,0,0,0,0,0,0,0,NULL,NULL,0,0,0,0,0,0,0,NULL,NULL,0,0,0,0,0,0,0,0,0,NULL,NULL,0,0,0,NULL,NULL,0,0,0,0,NULL,0,0,0,0,0,0,NULL,NULL,NULL,'2023-02-09','2023-02-13','2023-02-13','LKW',NULL,'Erlach 165, 6150 Steinach am Brenner',0,0,0,0,1,NULL,NULL,0,0,0,NULL),(85,'2023-01-30 14:35:43','2023-02-02 13:51:45','2023-02-02 13:51:45','20230043','4','1','20230043-4/1','2023-01-30','2023-01-30','Artauf Glastüren','Daniel V.','100010','99-33432-12',NULL,'Alu-Dibond','Klarglas 4 mm',606.00,386.00,NULL,0,0,NULL,NULL,NULL,NULL,0,0,0,0,0,0,0,NULL,'auf Kante',1,0,0,0,0,0,0,NULL,NULL,0,0,0,1,0,0,0,0,0,NULL,NULL,0,0,0,NULL,NULL,0,1,0,0,NULL,0,1,0,0,0,0,NULL,NULL,NULL,'2023-02-09','2023-02-13','2023-02-13','LKW',NULL,'Erlach 165, 6150 Steinach am Brenner',0,0,0,0,0,NULL,NULL,1,1,0,'30'),(86,'2023-01-30 14:36:53','2023-02-02 13:51:37','2023-02-02 13:51:37','20230043','5','1','20230043-5/1','2023-01-30','2023-01-30','Artauf Glastüren','Daniel V.','100010','99-33432-12',NULL,'Alu-Dibond','Klarglas 4 mm',606.00,386.00,NULL,0,0,NULL,NULL,NULL,NULL,0,0,0,0,0,0,0,NULL,'auf Kante',1,0,0,0,0,0,0,NULL,NULL,0,0,0,1,0,0,0,0,0,NULL,NULL,0,0,0,NULL,NULL,0,1,0,0,NULL,0,1,0,0,0,0,NULL,NULL,NULL,'2023-02-09','2023-02-13','2023-02-13','LKW',NULL,'Erlach 165, 6150 Steinach am Brenner',0,0,0,0,0,NULL,NULL,1,1,0,'30'),(87,'2023-01-30 14:39:09','2023-02-02 13:52:10','2023-02-02 13:52:10','20230043','6','1','20230043-6/1',NULL,'2023-01-30','Artauf Glastüren','Daniel V.','100010','99-34890-1',NULL,'Schiebetür','Klarglas 8 mm',920.00,2012.00,NULL,0,0,NULL,NULL,NULL,NULL,0,0,0,0,0,0,0,NULL,'Standard',1,0,0,0,0,0,0,NULL,NULL,1,0,0,0,0,1,0,0,0,'Rechts','Matt',0,0,0,NULL,NULL,1,0,0,0,NULL,0,1,0,0,0,0,NULL,NULL,NULL,'2023-02-09','2023-02-13','2023-02-13','LKW',NULL,'Erlach 165, 6150 Steinach am Brenner',0,0,6,1,0,NULL,NULL,0,0,0,NULL),(88,'2023-02-01 13:39:37','2023-02-02 13:52:12','2023-02-02 13:52:12','11111','1','1','11111-1/1',NULL,'2023-02-01','Austriaglas','Daniel V.','100010','sync-test',NULL,'Verglasung','Klarglas 4 mm',1000.00,900.00,NULL,0,0,NULL,NULL,'Blickdicht',NULL,0,0,0,0,0,0,0,NULL,'auf Kante',0,0,0,0,0,0,0,NULL,NULL,1,0,0,0,0,0,0,1,0,NULL,NULL,0,0,0,NULL,NULL,0,1,0,0,NULL,0,1,0,0,0,0,NULL,NULL,NULL,'2023-02-02','2023-02-03','2023-02-03','LKW',NULL,'Hartmannsdorf',0,0,9,0,0,NULL,NULL,1,1,0,NULL),(89,'2023-02-01 14:32:11','2023-02-02 13:52:20','2023-02-02 13:52:20','11111','2','1','11111-2/1',NULL,NULL,'Artauf Glastüren','Engelbert A.',NULL,NULL,NULL,'Alu-Dibond','Klarglas 4 mm',NULL,NULL,NULL,0,0,NULL,NULL,NULL,NULL,0,0,0,0,0,0,0,NULL,'auf Kante',1,0,0,0,0,0,0,NULL,NULL,1,0,0,0,0,1,0,0,0,NULL,NULL,0,0,0,NULL,NULL,0,1,0,0,NULL,0,1,0,0,0,0,NULL,NULL,NULL,NULL,NULL,NULL,'LKW',NULL,NULL,0,0,6,1,0,NULL,NULL,1,0,0,NULL),(90,'2023-02-01 14:32:35','2023-02-02 13:51:39','2023-02-02 13:51:39','11111','3','1','11111-3/1','2023-02-01',NULL,'Artauf Glastüren','Engelbert A.',NULL,NULL,NULL,'Alu-Dibond','Klarglas 5 mm',NULL,NULL,NULL,0,0,NULL,NULL,NULL,NULL,0,0,0,0,0,0,0,NULL,'auf Kante',1,0,0,0,0,0,0,NULL,NULL,1,0,0,0,0,1,0,0,0,NULL,NULL,0,0,0,NULL,NULL,0,1,0,0,NULL,0,1,0,0,0,0,NULL,NULL,NULL,NULL,NULL,NULL,'LKW',NULL,NULL,0,0,6,0,0,'2023-02-01',NULL,1,1,0,'32'),(91,'2023-02-02 13:59:13','2023-02-28 07:55:50',NULL,'11111','1','1','11111-1/1','2023-02-02','2023-02-01','Artauf Glastüren','Daniel V.','100010','100-34423-4',NULL,'Verglasung','Klarglas 4 mm',556.00,308.00,NULL,0,0,NULL,NULL,NULL,NULL,0,0,0,0,0,0,0,NULL,'auf Kante',1,0,0,0,0,0,0,NULL,NULL,0,0,0,1,0,0,0,0,0,NULL,NULL,0,0,0,NULL,NULL,0,1,0,0,NULL,0,1,0,0,0,0,NULL,NULL,NULL,'2023-02-09','2023-02-13','2023-02-13','LKW',NULL,'Erlach',0,0,0,0,0,'2023-02-09',NULL,1,1,0,'33'),(92,'2023-02-02 14:02:36','2023-02-28 07:55:50',NULL,'11111','2','1','11111-2/1','2023-02-02','2023-02-01','Artauf Glastüren','Daniel V.','100010','100-34423-4',NULL,'Verglasung','Klarglas 4 mm',556.00,308.00,NULL,0,0,NULL,NULL,NULL,NULL,0,0,0,0,0,0,0,NULL,'auf Kante',1,0,0,0,0,0,0,NULL,NULL,0,0,0,1,0,0,0,0,0,NULL,NULL,0,0,0,NULL,NULL,0,1,0,0,NULL,0,1,0,0,0,0,NULL,NULL,NULL,'2023-02-09','2023-02-13','2023-02-13','LKW',NULL,'Erlach',0,0,0,0,0,'2023-02-09',NULL,1,1,0,'33'),(93,'2023-02-02 14:03:40','2023-02-28 07:55:50',NULL,'11111','3','1','11111-3/1','2023-02-02','2023-02-01','Artauf Glastüren','Daniel V.','100010','100-34423-4',NULL,'Verglasung','Klarglas 4 mm',556.00,308.00,NULL,0,0,NULL,NULL,NULL,NULL,0,0,0,0,0,0,0,NULL,'auf Kante',1,0,0,0,0,0,0,NULL,NULL,0,0,0,1,0,0,0,0,0,NULL,NULL,0,0,0,NULL,NULL,0,1,0,0,NULL,0,1,0,0,0,0,NULL,NULL,NULL,'2023-02-09','2023-02-13','2023-02-13','LKW',NULL,'Erlach',0,0,0,0,0,'2023-02-09',NULL,1,1,0,'33'),(94,'2023-02-02 14:04:38','2023-02-28 07:55:50',NULL,'11111','4','1','11111-4/1','2023-02-02','2023-02-01','Artauf Glastüren','Daniel V.','100010','100-34423-4',NULL,'Verglasung','Klarglas 4 mm',556.00,308.00,NULL,0,0,NULL,NULL,NULL,NULL,0,0,0,0,0,0,0,NULL,'auf Kante',1,0,0,0,0,0,0,NULL,NULL,0,0,0,1,0,0,0,0,0,NULL,NULL,0,0,0,NULL,NULL,0,1,0,0,NULL,0,1,0,0,0,0,NULL,NULL,NULL,'2023-02-09','2023-02-13','2023-02-13','LKW',NULL,'Erlach',0,0,0,0,0,'2023-02-09',NULL,1,1,0,'33'),(95,'2023-02-02 14:06:18','2023-02-28 07:55:50',NULL,'11111','5','1','11111-5/1','2023-02-02','2023-02-01','Artauf Glastüren','Daniel V.','100010','100-34930-10',NULL,'Verglasung','Klarglas 4 mm',616.00,344.00,NULL,0,0,NULL,NULL,NULL,NULL,0,0,0,0,0,0,0,NULL,'auf Kante',1,0,0,0,0,0,0,NULL,NULL,0,0,0,1,0,0,0,0,0,NULL,NULL,0,0,0,NULL,NULL,0,1,0,0,NULL,0,1,0,0,0,0,NULL,NULL,NULL,'2023-02-09','2023-02-13','2023-02-13','LKW',NULL,'Erlach',0,0,0,0,0,'2023-02-09',NULL,1,1,0,'33'),(96,'2023-02-02 14:07:56','2023-02-28 07:59:48',NULL,'11111','6','1','11111-6/1','2023-02-02','2023-02-01','Artauf Glastüren','Daniel V.','100010','100-35224-1',NULL,'Glastür','Klarglas 8 mm',910.00,2189.00,NULL,0,0,NULL,NULL,NULL,NULL,0,0,0,0,0,0,0,NULL,'auf Kante',1,0,0,0,0,0,0,NULL,NULL,1,0,0,0,0,1,0,0,0,'Links','Matt',1,0,1,NULL,NULL,1,0,0,0,NULL,0,1,0,0,0,0,NULL,NULL,NULL,'2023-02-09','2023-02-13','2023-02-13','LKW',NULL,'Erlach',0,0,6,0,0,'2023-02-09',NULL,1,1,0,'33'),(97,'2023-02-02 14:09:35','2023-02-28 07:56:48',NULL,'11111','7','1','11111-7/1','2023-02-02','2023-02-01','Artauf Glastüren','Daniel V.','100010','100-35226-4',NULL,'Glastür','Klarglas 8 mm',815.00,2085.00,NULL,0,0,NULL,NULL,NULL,NULL,0,0,0,0,0,0,0,NULL,'auf Kante',1,0,0,0,0,0,0,NULL,NULL,1,0,0,0,0,1,0,0,0,'Links',NULL,1,0,0,NULL,NULL,1,0,0,0,NULL,0,1,0,0,0,0,NULL,NULL,NULL,'2023-02-09','2023-02-13','2023-02-13','LKW',NULL,'Erlach',0,0,6,0,0,'2023-02-09',NULL,1,1,0,'33'),(98,'2023-02-02 14:11:08','2023-02-28 07:55:50',NULL,'11112','1','1','11112-1/1','2023-02-02','2023-02-01','Austriaglas','Daniel V.','107420','w-79218-9',NULL,'Verglasung','Spiegel 4 mm',697.00,797.00,NULL,0,0,NULL,NULL,NULL,NULL,0,0,0,0,0,0,0,NULL,NULL,0,0,0,0,0,0,0,NULL,NULL,1,0,0,0,0,0,0,0,0,NULL,NULL,0,0,0,NULL,NULL,0,1,0,0,NULL,0,1,0,0,0,0,NULL,NULL,NULL,'2023-02-06','2023-02-08','2023-02-08','LKW',NULL,'Korbin',0,0,0,0,0,'2023-02-06',NULL,1,1,0,'33'),(99,'2023-02-02 14:12:09','2023-02-28 07:55:50',NULL,'11112','2','1','11112-2/1','2023-02-02','2023-02-01','Austriaglas','Daniel V.','107420','w-80364-15',NULL,'Verglasung','Spiegel 4 mm',1600.00,400.00,NULL,0,0,NULL,NULL,NULL,NULL,0,0,0,0,0,0,0,NULL,NULL,0,0,0,0,0,0,0,NULL,NULL,1,0,0,0,0,0,0,0,0,NULL,NULL,0,0,0,NULL,NULL,0,1,0,0,NULL,0,1,0,0,0,0,NULL,NULL,NULL,'2023-02-06','2023-02-08','2023-02-08','LKW',NULL,'Korbin',0,0,0,0,0,'2023-02-06',NULL,1,1,0,'33'),(100,'2023-02-02 14:13:15','2023-02-28 07:55:50',NULL,'11112','3','1','11112-3/1','2023-02-02','2023-02-01','Austriaglas','Daniel V.','107420','w-80147-10',NULL,'Verglasung','Spiegel 4 mm',796.00,696.00,NULL,0,0,NULL,NULL,NULL,NULL,0,0,0,0,0,0,0,NULL,NULL,0,0,0,0,0,0,0,NULL,NULL,1,0,0,0,0,0,0,0,0,NULL,NULL,0,0,0,NULL,NULL,0,1,0,0,NULL,0,1,0,0,0,0,NULL,NULL,NULL,'2023-02-06','2023-02-08','2023-02-08','LKW',NULL,'Korbin',0,0,0,0,0,'2023-02-06',NULL,1,1,0,'33'),(101,'2023-02-02 14:17:19','2023-02-28 07:55:50',NULL,'11112','4','1','11112-4/1','2023-02-02','2023-02-01','Austriaglas','Daniel V.','107420','w-81077-1',NULL,'Verglasung','Spiegel 4 mm',796.00,1540.00,NULL,0,0,NULL,NULL,NULL,NULL,0,0,0,0,0,0,0,NULL,NULL,0,0,0,0,0,0,0,NULL,NULL,1,0,0,0,0,0,0,0,0,NULL,NULL,0,0,0,NULL,NULL,0,1,0,0,NULL,0,1,0,0,0,0,NULL,NULL,NULL,'2023-02-06','2023-02-08','2023-02-08','LKW',NULL,'Korbin',0,0,0,0,0,'2023-02-06',NULL,1,1,0,'33'),(102,'2023-02-02 14:18:27','2023-02-28 07:55:50',NULL,'11112','5','1','11112-5/1','2023-02-02','2023-02-01','Austriaglas','Daniel V.','107420','u8-81525-2',NULL,'Verglasung','Spiegel 4 mm',697.00,497.00,NULL,0,0,NULL,NULL,NULL,NULL,0,0,0,0,0,0,0,NULL,NULL,0,0,0,0,0,0,0,NULL,NULL,1,0,0,0,0,0,0,0,0,NULL,NULL,0,0,0,NULL,NULL,0,1,0,0,NULL,0,1,0,0,0,0,NULL,NULL,NULL,'2023-02-06','2023-02-08','2023-02-08','LKW',NULL,'Korbin',0,0,0,0,0,'2023-02-06',NULL,1,1,0,'33'),(103,'2023-02-10 08:26:34','2023-02-13 15:42:37',NULL,'20230065','1','1','20230065-1/1','2023-02-13','2023-02-10','Artauf Glastüren','Dietmar St.','107420','Test HD',NULL,'Glastür','Satinato Plus 8 mm',821.00,2013.00,NULL,0,0,NULL,NULL,NULL,NULL,0,0,0,0,0,0,0,NULL,'auf Kante',1,0,0,0,0,0,0,NULL,NULL,1,0,0,0,0,1,1,0,0,'Links','Glatt',1,0,1,NULL,NULL,1,0,0,0,NULL,0,1,0,0,0,0,NULL,NULL,NULL,'2023-02-10',NULL,'2023-02-10','LKW',NULL,'LiebMarkt',0,0,6,0,0,NULL,NULL,1,0,0,'44'),(104,'2023-02-13 13:56:18','2023-06-06 11:31:58',NULL,'20230075','1','1','20230075-1/1','2023-02-14','2023-02-13','Artauf Glastüren','Daniel V.','100010','102-34872-8',NULL,'Glastür','Klarglas Grau 8 mm',810.00,1920.00,NULL,0,0,NULL,NULL,NULL,NULL,0,0,0,0,0,0,0,NULL,'auf Kante',1,0,0,0,0,0,0,NULL,NULL,1,0,0,0,0,1,0,0,0,'Rechts','Matt',1,0,1,NULL,NULL,1,0,0,0,NULL,0,1,0,0,0,0,NULL,NULL,NULL,'2023-02-23','2023-02-27','2023-02-27','LKW',NULL,'Erlach',0,0,7,0,0,NULL,NULL,1,1,1,'45'),(105,'2023-02-13 13:58:11','2023-02-13 14:00:06',NULL,'20230075','2','1','20230075-2/1','2023-02-23','2023-02-13','Artauf Glastüren','Daniel V.','100010','102-34872-8.1',NULL,'Ganzglasanlage','Klarglas Grau 8 mm',540.00,1920.00,NULL,0,0,NULL,NULL,NULL,NULL,0,0,0,0,0,0,0,NULL,'auf Kante',1,0,0,0,0,0,0,NULL,NULL,1,0,0,0,0,0,0,0,0,'Links','Glatt',1,0,1,NULL,NULL,1,0,0,0,NULL,0,1,0,0,0,0,NULL,NULL,NULL,'2023-02-23','2023-02-27','2023-02-27','LKW',NULL,'Erlach',0,0,0,0,0,NULL,NULL,0,0,0,NULL),(106,'2023-02-13 13:59:46','2023-02-13 13:59:46',NULL,'20230075','3','1','20230075-3/1','2023-02-23','2023-02-13','Artauf Glastüren','Daniel V.','100010','102-35074-3',NULL,'Verglasung','Satinato Eco 4 mm',246.00,1635.00,NULL,0,0,NULL,NULL,NULL,NULL,0,0,0,0,0,0,0,NULL,'auf Kante',1,0,0,0,0,0,0,NULL,NULL,0,0,0,1,0,0,0,0,0,NULL,NULL,0,0,0,NULL,NULL,0,1,0,0,NULL,0,1,0,0,0,0,NULL,NULL,NULL,'2023-02-23','2923-02-27','2023-02-27','LKW',NULL,'Erlach',0,0,0,0,0,NULL,NULL,0,0,0,NULL),(107,'2023-02-13 14:02:46','2023-02-13 14:02:46',NULL,'20230075','4','1','20230075-4/1','2023-02-23','2023-02-13','Artauf Glastüren','Daniel V.','100010','102-35074-7',NULL,'Verglasung','Satinato Eco 4 mm',246.00,1635.00,NULL,0,0,NULL,NULL,NULL,NULL,0,0,0,0,0,0,0,NULL,'auf Kante',1,0,0,0,0,0,0,NULL,NULL,0,0,0,1,0,0,0,0,0,NULL,NULL,0,0,0,NULL,NULL,0,1,0,0,NULL,0,1,0,0,0,0,NULL,NULL,NULL,'2023-02-23','2023-02-27','2023-02-27','LKW',NULL,'Erlach',0,0,0,0,0,NULL,NULL,0,0,0,NULL),(108,'2023-02-13 14:04:24','2023-02-13 14:04:24',NULL,'20230075','5','1','20230075-5/1','2023-02-23','2023-02-13','Artauf Glastüren','Daniel V.','100010','102-35088-10',NULL,'Ganzglasanlage','Klarglas Grau 8 mm',554.00,2018.00,NULL,0,0,NULL,NULL,NULL,NULL,0,0,0,0,0,0,0,NULL,'auf Kante',1,0,0,0,0,0,0,NULL,NULL,1,0,0,0,0,0,0,0,0,NULL,NULL,0,0,0,NULL,NULL,1,0,0,0,NULL,0,1,0,0,0,0,NULL,NULL,NULL,'2023-02-23','2023-02-27','2023-02-27','LKW',NULL,'Erlach',0,0,0,0,0,NULL,NULL,0,0,0,NULL),(109,'2023-02-13 14:08:27','2023-02-13 14:09:13',NULL,'20230075','6','1','20230075-6/1','2023-02-23','2023-02-13','Artauf Glastüren','Daniel V.','100010','102-35153-3',NULL,'Verglasung','Klarglas Grau 4 mm',417.00,1476.00,NULL,0,0,NULL,NULL,NULL,NULL,0,0,0,0,0,0,0,NULL,'auf Kante',1,0,0,0,0,0,0,NULL,NULL,0,0,0,1,0,0,0,0,0,NULL,NULL,0,0,0,NULL,NULL,0,1,0,0,NULL,0,1,0,0,0,0,NULL,NULL,NULL,'2023-02-23','2023-02-27','2023-02-27','LKW',NULL,'Erlach',0,0,0,0,0,NULL,NULL,0,0,0,NULL),(110,'2023-02-13 14:27:10','2023-02-13 14:27:10',NULL,'20230075','7','1','20230075-7/1','2023-02-23','2023-02-13','Artauf Glastüren','Daniel V.','100010','102-35284-8',NULL,'Verglasung','Satinato Plus Grau 6 mm',588.00,1608.00,NULL,0,0,NULL,NULL,NULL,NULL,0,0,0,0,0,0,0,NULL,'auf Kante',1,0,0,0,0,0,0,NULL,NULL,0,0,0,1,0,0,0,0,0,NULL,NULL,0,0,0,NULL,NULL,0,1,0,0,NULL,0,1,0,0,0,0,NULL,NULL,NULL,'2023-02-23','2023-02-27','2023-02-27','LKW',NULL,'Erlach',0,0,0,0,0,NULL,NULL,0,0,0,NULL),(111,'2023-02-13 14:28:29','2023-02-13 14:28:29',NULL,'20230075','8','1','20230075-8/1','2023-02-23','2023-02-13','Artauf Glastüren','Daniel V.','100010','102-35311-1',NULL,'Verglasung','Satinato Eco 4 mm',454.00,1994.00,NULL,0,0,NULL,NULL,NULL,NULL,0,0,0,0,0,0,0,NULL,'auf Kante',1,0,0,0,0,0,0,NULL,NULL,0,0,0,1,0,0,0,0,0,NULL,NULL,0,0,0,NULL,NULL,0,1,0,0,NULL,0,1,0,0,0,0,NULL,NULL,NULL,'2023-02-23','2023-02-27','2023-02-27','LKW',NULL,'Erlach',0,0,0,0,0,NULL,NULL,0,0,0,NULL),(112,'2023-02-13 14:30:21','2023-02-13 14:30:21',NULL,'20230075','9','1','20230075-9/1','2023-02-23','2023-02-13','Artauf Glastüren','Daniel V.','100010','102-35311-1',NULL,'Verglasung','Satinato Eco 4 mm',588.00,1608.00,NULL,0,0,NULL,NULL,NULL,NULL,0,0,0,0,0,0,0,NULL,'auf Kante',1,0,0,0,0,0,0,NULL,NULL,0,0,0,1,0,0,0,0,0,NULL,NULL,0,0,0,NULL,NULL,0,1,0,0,NULL,0,1,0,0,0,0,NULL,NULL,NULL,'2023-02-23','2023-02-27','2023-02-27','LKW',NULL,'Erlach',0,0,0,0,0,NULL,NULL,0,0,0,NULL),(113,'2023-02-13 14:37:24','2023-02-13 14:39:04',NULL,'20230075','10','1','20230075-10/1','2023-02-23','2023-02-13','Artauf Glastüren','Daniel V.','100010','102-35325-1',NULL,'Verglasung','Klarglas 4 mm',537.00,1790.00,NULL,0,0,NULL,NULL,NULL,NULL,0,0,0,0,0,0,0,NULL,'auf Kante',1,0,0,0,0,0,0,NULL,NULL,0,0,0,1,0,0,0,0,0,NULL,NULL,0,0,0,NULL,NULL,0,1,0,0,NULL,0,1,0,0,0,0,NULL,NULL,NULL,'2023-02-23','2023-02-27','2023-02-27','LKW',NULL,'Erlach',0,0,0,0,0,NULL,NULL,0,0,0,NULL),(114,'2023-02-13 14:40:19','2023-02-13 14:40:19',NULL,'2020075','11','1','2020075-11/1','2023-02-23','2023-02-13','Artauf Glastüren','Daniel V.','100010','102-35339-1',NULL,'Alu-Dibond','Altdeutsch K 4 mm',930.00,2000.00,NULL,0,0,NULL,NULL,NULL,NULL,0,0,0,0,0,0,0,NULL,'auf Kante',1,0,0,0,0,0,0,NULL,NULL,1,0,0,0,0,1,0,0,0,'Links','Matt',1,0,1,NULL,NULL,0,1,0,0,NULL,0,1,0,0,0,0,NULL,NULL,NULL,'2023-02-23','2023-02-27','2023-02-27','LKW',NULL,'Erlach',0,0,6,0,0,NULL,NULL,0,0,0,NULL),(115,'2023-02-13 14:41:19','2023-02-13 14:41:19',NULL,'20230075','12','1','20230075-12/1','2023-02-23','2023-02-13','Artauf Glastüren','Daniel V.','100010','102-35345-1',NULL,'Alu-Dibond','Altdeutsch K 4 mm',486.00,1577.00,NULL,0,0,NULL,NULL,NULL,NULL,0,0,0,0,0,0,0,NULL,'auf Kante',1,0,0,0,0,0,0,NULL,NULL,0,0,0,1,0,0,0,0,0,NULL,NULL,0,0,0,NULL,NULL,0,1,0,0,NULL,0,1,0,0,0,0,NULL,NULL,NULL,'2023-02-23','2023-02-27','2023-02-27','LKW',NULL,'Erlach',0,0,0,0,0,NULL,NULL,0,0,0,NULL),(116,'2023-06-06 11:27:36','2023-06-06 11:42:19',NULL,'20230293','1','1','20230293-1/1','2023-06-06','2023-06-06','Artauf Glastüren','Dietmar St.','100100','Testkommision',NULL,'Glastür','Klarglas 8 mm',872.00,2013.00,NULL,0,0,'A',NULL,NULL,NULL,0,0,0,0,0,0,0,NULL,NULL,1,0,0,0,0,0,0,NULL,NULL,1,0,0,0,0,1,1,0,0,'Links','Glatt',1,0,1,NULL,NULL,1,0,0,0,NULL,0,0,0,0,0,0,NULL,NULL,NULL,'2023-06-21','2023-06-22','2023-06-22','LKW',NULL,'JAF Zengerer',0,0,6,0,0,NULL,NULL,1,1,0,'157');
/*!40000 ALTER TABLE `parts` ENABLE KEYS */;
UNLOCK TABLES;

--
-- Table structure for table `stamps`
--

DROP TABLE IF EXISTS `stamps`;
/*!40101 SET @saved_cs_client     = @@character_set_client */;
/*!40101 SET character_set_client = utf8 */;
CREATE TABLE `stamps` (
  `id` bigint(20) unsigned NOT NULL AUTO_INCREMENT,
  `name` varchar(255) COLLATE utf8mb4_unicode_ci NOT NULL,
  `created_at` timestamp NULL DEFAULT NULL,
  `updated_at` timestamp NULL DEFAULT NULL,
  PRIMARY KEY (`id`)
) ENGINE=InnoDB AUTO_INCREMENT=4 DEFAULT CHARSET=utf8mb4 COLLATE=utf8mb4_unicode_ci;
/*!40101 SET character_set_client = @saved_cs_client */;

--
-- Dumping data for table `stamps`
--

LOCK TABLES `stamps` WRITE;
/*!40000 ALTER TABLE `stamps` DISABLE KEYS */;
INSERT INTO `stamps` VALUES (1,'Standard',NULL,NULL),(2,'Auf Kante',NULL,NULL),(3,'Ohne',NULL,NULL);
/*!40000 ALTER TABLE `stamps` ENABLE KEYS */;
UNLOCK TABLES;

--
-- Table structure for table `station_list`
--

DROP TABLE IF EXISTS `station_list`;
/*!40101 SET @saved_cs_client     = @@character_set_client */;
/*!40101 SET character_set_client = utf8 */;
CREATE TABLE `station_list` (
  `station_id` bigint(20) unsigned NOT NULL,
  `part_id` bigint(20) unsigned NOT NULL,
  `done` tinyint(1) NOT NULL DEFAULT '0',
  `estimated_time` int(11) DEFAULT NULL,
  `scanned_date` date DEFAULT NULL,
  `employee_scanned` bigint(20) unsigned DEFAULT NULL,
  `estimated_date` date DEFAULT NULL,
  `is_planned` tinyint(1) NOT NULL DEFAULT '0',
  `planned_date` date DEFAULT NULL,
  `planned_order` int(11) NOT NULL DEFAULT '0',
  `created_at` timestamp NULL DEFAULT NULL,
  `updated_at` timestamp NULL DEFAULT NULL,
  `start_time` datetime DEFAULT NULL,
  `end_time` datetime DEFAULT NULL,
  `block` varchar(255) COLLATE utf8mb4_unicode_ci DEFAULT NULL,
  `unplanned_date` date DEFAULT NULL,
  `unplanned_order` int(11) NOT NULL DEFAULT '0',
  `planned_in_capacity` tinyint(1) DEFAULT NULL,
  `start_time_offset` int(11) DEFAULT NULL,
  `order` tinyint(4) NOT NULL,
  PRIMARY KEY (`station_id`,`part_id`),
  UNIQUE KEY `station_list_part_id_station_id_planned_date_unique` (`part_id`,`station_id`,`planned_date`),
  CONSTRAINT `station_list_part_id_foreign` FOREIGN KEY (`part_id`) REFERENCES `parts` (`id`),
  CONSTRAINT `station_list_station_id_foreign` FOREIGN KEY (`station_id`) REFERENCES `stations` (`id`)
) ENGINE=InnoDB DEFAULT CHARSET=utf8mb4 COLLATE=utf8mb4_unicode_ci;
/*!40101 SET character_set_client = @saved_cs_client */;

--
-- Dumping data for table `station_list`
--

LOCK TABLES `station_list` WRITE;
/*!40000 ALTER TABLE `station_list` DISABLE KEYS */;
INSERT INTO `station_list` VALUES (1,1,0,NULL,NULL,NULL,NULL,0,NULL,0,'2021-10-27 15:27:13','2021-10-27 15:27:14',NULL,NULL,NULL,NULL,0,NULL,NULL,0),(1,2,1,NULL,'2022-05-16',6,NULL,0,NULL,0,'2022-05-16 13:46:37','2022-05-16 13:52:01',NULL,NULL,NULL,NULL,0,NULL,NULL,0),(1,3,1,NULL,'2022-05-16',9,NULL,0,NULL,0,'2022-05-16 13:51:37','2022-05-16 14:12:13',NULL,NULL,NULL,NULL,0,NULL,NULL,0),(1,4,1,NULL,'2022-05-16',11,NULL,0,NULL,0,'2022-05-16 14:24:24','2022-05-16 14:41:28',NULL,NULL,NULL,NULL,0,NULL,NULL,0),(1,5,1,NULL,'2022-05-16',11,NULL,0,NULL,0,'2022-05-16 15:01:25','2022-05-16 15:01:43',NULL,NULL,NULL,NULL,0,NULL,NULL,0),(1,6,0,NULL,NULL,NULL,NULL,0,NULL,0,'2022-05-16 16:03:36','2022-05-16 16:03:36',NULL,NULL,NULL,NULL,0,NULL,NULL,0),(1,7,1,NULL,'2022-05-17',6,NULL,0,NULL,0,'2022-05-17 07:37:49','2022-05-17 08:33:18',NULL,NULL,NULL,NULL,0,NULL,NULL,0),(1,8,1,NULL,'2022-05-17',6,NULL,0,NULL,0,'2022-05-17 07:40:24','2022-05-17 07:40:32',NULL,NULL,NULL,NULL,0,NULL,NULL,0),(1,9,1,NULL,'2022-05-17',6,NULL,0,NULL,0,'2022-05-17 08:45:20','2022-05-17 09:16:11',NULL,NULL,NULL,NULL,0,NULL,NULL,0),(1,10,1,NULL,'2022-05-17',6,NULL,0,NULL,0,'2022-05-17 08:47:07','2022-05-17 09:16:11',NULL,NULL,NULL,NULL,0,NULL,NULL,0),(1,11,1,NULL,'2022-05-17',6,NULL,0,NULL,0,'2022-05-17 08:48:43','2022-05-17 09:16:11',NULL,NULL,NULL,NULL,0,NULL,NULL,0),(1,12,1,NULL,'2022-05-17',6,NULL,0,NULL,0,'2022-05-17 08:50:01','2022-05-17 09:16:11',NULL,NULL,NULL,NULL,0,NULL,NULL,0),(1,13,1,NULL,'2022-05-17',6,NULL,0,NULL,0,'2022-05-17 08:51:53','2022-05-17 09:16:11',NULL,NULL,NULL,NULL,0,NULL,NULL,0),(1,14,1,NULL,'2022-05-17',6,NULL,0,NULL,0,'2022-05-17 09:02:22','2022-05-17 09:16:11',NULL,NULL,NULL,NULL,0,NULL,NULL,0),(1,15,1,NULL,'2022-05-17',6,NULL,0,NULL,0,'2022-05-17 09:04:06','2022-05-17 09:16:11',NULL,NULL,NULL,NULL,0,NULL,NULL,0),(1,16,1,NULL,'2022-05-17',6,NULL,0,NULL,0,'2022-05-17 09:05:47','2022-05-17 09:16:11',NULL,NULL,NULL,NULL,0,NULL,NULL,0),(1,17,1,NULL,'2022-05-17',6,NULL,0,NULL,0,'2022-05-17 09:07:53','2022-05-17 09:16:11',NULL,NULL,NULL,NULL,0,NULL,NULL,0),(1,18,1,NULL,'2022-05-17',6,NULL,0,NULL,0,'2022-05-17 09:09:21','2022-05-17 09:16:11',NULL,NULL,NULL,NULL,0,NULL,NULL,0),(1,19,1,NULL,'2022-05-17',6,NULL,0,NULL,0,'2022-05-17 09:13:39','2022-05-17 09:16:11',NULL,NULL,NULL,NULL,0,NULL,NULL,0),(1,20,1,NULL,'2022-05-17',6,NULL,0,NULL,0,'2022-05-17 09:15:30','2022-05-17 09:16:11',NULL,NULL,NULL,NULL,0,NULL,NULL,0),(1,21,1,NULL,'2022-05-17',7,NULL,0,NULL,0,'2022-05-17 10:41:12','2022-05-17 10:47:33',NULL,NULL,NULL,NULL,0,NULL,NULL,0),(1,22,1,NULL,'2022-05-17',7,NULL,0,NULL,0,'2022-05-17 10:42:29','2022-05-17 10:47:33',NULL,NULL,NULL,NULL,0,NULL,NULL,0),(1,23,1,NULL,'2022-05-17',7,NULL,0,NULL,0,'2022-05-17 10:44:00','2022-05-17 10:47:33',NULL,NULL,NULL,NULL,0,NULL,NULL,0),(1,24,1,NULL,'2022-05-17',7,NULL,0,NULL,0,'2022-05-17 10:45:43','2022-05-17 10:47:33',NULL,NULL,NULL,NULL,0,NULL,NULL,0),(1,25,1,NULL,'2022-05-17',7,NULL,0,NULL,0,'2022-05-17 10:47:08','2022-05-17 10:47:33',NULL,NULL,NULL,NULL,0,NULL,NULL,0),(1,26,1,NULL,'2022-05-17',7,NULL,0,NULL,0,'2022-05-17 10:52:12','2022-05-17 11:00:54',NULL,NULL,NULL,NULL,0,NULL,NULL,0),(1,27,1,NULL,'2022-05-17',7,NULL,0,NULL,0,'2022-05-17 10:53:23','2022-05-17 11:01:03',NULL,NULL,NULL,NULL,0,NULL,NULL,0),(1,28,1,NULL,'2022-05-17',6,NULL,0,NULL,0,'2022-05-17 13:58:29','2022-05-17 15:30:12',NULL,NULL,NULL,NULL,0,NULL,NULL,0),(1,29,1,NULL,'2022-05-17',6,NULL,0,NULL,0,'2022-05-17 14:00:02','2022-05-17 15:36:53',NULL,NULL,NULL,NULL,0,NULL,NULL,0),(1,30,1,NULL,'2022-05-17',6,NULL,0,NULL,0,'2022-05-17 14:01:27','2022-05-17 15:21:32',NULL,NULL,NULL,NULL,0,NULL,NULL,0),(1,31,1,NULL,'2022-05-17',6,NULL,0,NULL,0,'2022-05-17 14:02:41','2022-05-17 15:21:32',NULL,NULL,NULL,NULL,0,NULL,NULL,0),(1,32,1,NULL,'2022-05-17',6,NULL,0,NULL,0,'2022-05-17 14:04:01','2022-05-17 15:21:32',NULL,NULL,NULL,NULL,0,NULL,NULL,0),(1,33,1,NULL,'2022-05-17',6,NULL,0,NULL,0,'2022-05-17 14:05:21','2022-05-17 15:21:32',NULL,NULL,NULL,NULL,0,NULL,NULL,0),(1,34,1,NULL,'2022-05-17',6,NULL,0,NULL,0,'2022-05-17 14:07:14','2022-05-17 15:21:32',NULL,NULL,NULL,NULL,0,NULL,NULL,0),(1,35,1,NULL,'2022-05-17',6,NULL,0,NULL,0,'2022-05-17 14:10:15','2022-05-17 15:21:32',NULL,NULL,NULL,NULL,0,NULL,NULL,0),(1,36,1,NULL,'2022-05-17',6,NULL,0,NULL,0,'2022-05-17 14:11:30','2022-05-17 15:21:32',NULL,NULL,NULL,NULL,0,NULL,NULL,0),(1,37,1,NULL,'2022-05-17',6,NULL,0,NULL,0,'2022-05-17 14:13:04','2022-05-17 15:21:32',NULL,NULL,NULL,NULL,0,NULL,NULL,0),(1,38,1,NULL,'2022-05-17',6,NULL,0,NULL,0,'2022-05-17 14:14:36','2022-05-17 15:21:32',NULL,NULL,NULL,NULL,0,NULL,NULL,0),(1,39,1,NULL,'2022-05-17',6,NULL,0,NULL,0,'2022-05-17 14:16:00','2022-05-17 15:21:32',NULL,NULL,NULL,NULL,0,NULL,NULL,0),(1,40,1,NULL,'2022-05-17',6,NULL,0,NULL,0,'2022-05-17 14:20:55','2022-05-17 15:21:32',NULL,NULL,NULL,NULL,0,NULL,NULL,0),(1,41,1,NULL,'2022-05-17',6,NULL,0,NULL,0,'2022-05-17 14:22:35','2022-05-17 15:21:32',NULL,NULL,NULL,NULL,0,NULL,NULL,0),(1,42,1,NULL,'2022-05-17',6,NULL,0,NULL,0,'2022-05-17 14:24:00','2022-05-17 15:21:32',NULL,NULL,NULL,NULL,0,NULL,NULL,0),(1,43,1,NULL,'2022-05-17',6,NULL,0,NULL,0,'2022-05-17 14:25:46','2022-05-17 15:21:32',NULL,NULL,NULL,NULL,0,NULL,NULL,0),(1,44,1,NULL,'2022-05-17',6,NULL,0,NULL,0,'2022-05-17 14:27:02','2022-05-17 15:21:32',NULL,NULL,NULL,NULL,0,NULL,NULL,0),(1,45,1,NULL,'2022-05-17',6,NULL,0,NULL,0,'2022-05-17 14:28:17','2022-05-17 15:21:32',NULL,NULL,NULL,NULL,0,NULL,NULL,0),(1,46,1,NULL,'2022-05-17',6,NULL,0,NULL,0,'2022-05-17 14:29:38','2022-05-17 15:21:32',NULL,NULL,NULL,NULL,0,NULL,NULL,0),(1,47,1,NULL,'2022-05-17',6,NULL,0,NULL,0,'2022-05-17 14:30:45','2022-05-17 15:21:32',NULL,NULL,NULL,NULL,0,NULL,NULL,0),(1,48,1,NULL,'2022-05-17',6,NULL,0,NULL,0,'2022-05-17 14:31:56','2022-05-17 15:21:32',NULL,NULL,NULL,NULL,0,NULL,NULL,0),(1,49,1,NULL,'2022-05-17',6,NULL,0,NULL,0,'2022-05-17 14:33:07','2022-05-17 15:21:32',NULL,NULL,NULL,NULL,0,NULL,NULL,0),(1,50,1,NULL,'2022-05-17',6,NULL,0,NULL,0,'2022-05-17 14:34:39','2022-05-17 15:21:32',NULL,NULL,NULL,NULL,0,NULL,NULL,0),(1,51,1,NULL,'2022-05-17',6,NULL,0,NULL,0,'2022-05-17 14:35:51','2022-05-17 15:21:32',NULL,NULL,NULL,NULL,0,NULL,NULL,0),(1,52,1,NULL,'2022-05-17',6,NULL,0,NULL,0,'2022-05-17 14:37:18','2022-05-17 15:28:58',NULL,NULL,NULL,NULL,0,NULL,NULL,0),(1,53,1,NULL,'2022-05-17',6,NULL,0,NULL,0,'2022-05-17 14:40:57','2022-05-17 15:21:32',NULL,NULL,NULL,NULL,0,NULL,NULL,0),(1,54,1,NULL,'2022-05-18',6,NULL,0,NULL,0,'2022-05-18 10:25:05','2022-05-18 10:25:20',NULL,NULL,NULL,NULL,0,NULL,NULL,0),(1,55,1,NULL,'2022-05-18',6,NULL,0,NULL,0,'2022-05-18 15:11:42','2022-05-18 15:43:18',NULL,NULL,NULL,NULL,0,NULL,NULL,0),(1,56,1,NULL,'2022-06-13',6,NULL,0,NULL,0,'2022-06-13 10:07:33','2022-06-13 10:49:56',NULL,NULL,NULL,NULL,0,NULL,NULL,0),(1,57,1,NULL,'2022-06-13',6,NULL,0,NULL,0,'2022-06-13 10:08:50','2022-06-13 10:49:56',NULL,NULL,NULL,NULL,0,NULL,NULL,0),(1,58,1,NULL,'2022-06-14',6,NULL,0,NULL,0,'2022-06-13 10:10:04','2022-06-14 12:51:08',NULL,NULL,NULL,NULL,0,NULL,NULL,0),(1,59,1,NULL,'2022-06-13',6,NULL,0,NULL,0,'2022-06-13 10:11:06','2022-06-13 10:49:56',NULL,NULL,NULL,NULL,0,NULL,NULL,0),(1,60,1,NULL,'2022-06-13',6,NULL,0,NULL,0,'2022-06-13 10:12:16','2022-06-13 10:49:56',NULL,NULL,NULL,NULL,0,NULL,NULL,0),(1,61,1,NULL,'2022-06-13',6,NULL,0,NULL,0,'2022-06-13 10:13:27','2022-06-13 10:49:56',NULL,NULL,NULL,NULL,0,NULL,NULL,0),(1,62,1,NULL,'2022-06-13',6,NULL,0,NULL,0,'2022-06-13 10:14:36','2022-06-13 10:49:56',NULL,NULL,NULL,NULL,0,NULL,NULL,0),(1,63,1,NULL,'2022-06-13',6,NULL,0,NULL,0,'2022-06-13 10:15:44','2022-06-13 10:49:56',NULL,NULL,NULL,NULL,0,NULL,NULL,0),(1,64,1,NULL,'2022-06-13',6,NULL,0,NULL,0,'2022-06-13 10:16:49','2022-06-13 10:49:56',NULL,NULL,NULL,NULL,0,NULL,NULL,0),(1,65,1,NULL,'2022-06-13',6,NULL,0,NULL,0,'2022-06-13 10:17:44','2022-06-13 10:49:56',NULL,NULL,NULL,NULL,0,NULL,NULL,0),(1,66,1,NULL,'2023-01-25',6,NULL,0,NULL,0,'2023-01-25 14:24:31','2023-01-25 15:14:37',NULL,NULL,NULL,NULL,0,NULL,NULL,0),(1,67,0,NULL,NULL,NULL,NULL,0,NULL,0,'2023-01-25 14:41:36','2023-01-25 14:41:36',NULL,NULL,NULL,NULL,0,NULL,NULL,0),(1,68,0,NULL,NULL,NULL,NULL,0,NULL,0,'2023-01-25 14:41:46','2023-01-25 14:41:46',NULL,NULL,NULL,NULL,0,NULL,NULL,0),(1,69,1,NULL,'2023-01-25',6,NULL,0,NULL,0,'2023-01-25 14:52:17','2023-01-25 15:15:00',NULL,NULL,NULL,NULL,0,NULL,NULL,0),(1,70,0,NULL,NULL,NULL,NULL,0,NULL,0,'2023-01-25 15:00:14','2023-01-25 15:00:14',NULL,NULL,NULL,NULL,0,NULL,NULL,0),(1,71,1,NULL,'2023-01-25',6,NULL,0,NULL,0,'2023-01-25 15:16:21','2023-01-25 15:18:22',NULL,NULL,NULL,NULL,0,NULL,NULL,0),(1,72,1,NULL,'2023-01-25',6,NULL,0,NULL,0,'2023-01-25 15:17:01','2023-01-25 15:17:11',NULL,NULL,NULL,NULL,0,NULL,NULL,0),(1,73,1,NULL,'2023-01-27',6,NULL,0,NULL,0,'2023-01-27 11:21:42','2023-01-27 11:44:14',NULL,NULL,NULL,NULL,0,NULL,NULL,0),(1,74,1,NULL,'2023-01-27',6,NULL,0,NULL,0,'2023-01-27 11:23:24','2023-01-27 11:44:14',NULL,NULL,NULL,NULL,0,NULL,NULL,0),(1,75,1,NULL,'2023-01-27',6,NULL,0,NULL,0,'2023-01-27 11:36:53','2023-01-27 11:44:37',NULL,NULL,NULL,NULL,0,NULL,NULL,0),(1,76,1,NULL,'2023-01-27',6,NULL,0,NULL,0,'2023-01-27 11:38:37','2023-01-27 11:44:46',NULL,NULL,NULL,NULL,0,NULL,NULL,0),(1,77,1,NULL,'2023-01-27',6,NULL,0,NULL,0,'2023-01-27 11:41:01','2023-01-27 11:44:14',NULL,NULL,NULL,NULL,0,NULL,NULL,0),(1,78,1,NULL,'2023-01-27',6,NULL,0,NULL,0,'2023-01-27 11:42:24','2023-01-27 11:44:14',NULL,NULL,NULL,NULL,0,NULL,NULL,0),(1,79,1,NULL,'2023-01-27',6,NULL,0,NULL,0,'2023-01-27 11:43:56','2023-01-27 11:44:14',NULL,NULL,NULL,NULL,0,NULL,NULL,0),(1,80,1,NULL,'2023-01-27',6,NULL,0,NULL,0,'2023-01-27 12:25:42','2023-01-27 12:27:21',NULL,NULL,NULL,NULL,0,NULL,NULL,0),(1,81,1,NULL,'2023-01-27',6,NULL,0,NULL,0,'2023-01-27 12:27:14','2023-01-27 12:27:21',NULL,NULL,NULL,NULL,0,NULL,NULL,0),(1,82,1,NULL,'2023-01-30',6,NULL,0,NULL,0,'2023-01-30 14:31:53','2023-01-30 14:40:23',NULL,NULL,NULL,NULL,0,NULL,NULL,0),(1,83,1,NULL,'2023-01-30',6,NULL,0,NULL,0,'2023-01-30 14:33:24','2023-01-30 15:18:03',NULL,NULL,NULL,NULL,0,NULL,NULL,0),(1,84,0,NULL,'2023-01-30',6,NULL,0,NULL,0,'2023-01-30 14:34:43','2023-02-01 15:05:07',NULL,NULL,NULL,NULL,0,NULL,NULL,0),(1,85,1,NULL,'2023-01-30',6,NULL,0,NULL,0,'2023-01-30 14:35:43','2023-01-30 14:40:23',NULL,NULL,NULL,NULL,0,NULL,NULL,0),(1,86,1,NULL,'2023-01-30',6,NULL,0,NULL,0,'2023-01-30 14:36:53','2023-01-30 14:40:23',NULL,NULL,NULL,NULL,0,NULL,NULL,0),(1,87,0,NULL,'2023-02-01',6,NULL,0,NULL,0,'2023-01-30 14:39:09','2023-02-01 13:51:59',NULL,NULL,NULL,NULL,0,NULL,NULL,0),(1,88,1,NULL,'2023-02-01',6,NULL,0,NULL,0,'2023-02-01 13:39:37','2023-02-01 13:39:47',NULL,NULL,NULL,NULL,0,NULL,NULL,0),(1,89,1,NULL,'2023-02-01',6,NULL,0,NULL,0,'2023-02-01 14:32:11','2023-02-01 15:21:24',NULL,NULL,NULL,NULL,0,NULL,NULL,0),(1,90,1,NULL,'2023-02-01',6,NULL,0,NULL,0,'2023-02-01 14:32:35','2023-02-01 14:33:40',NULL,NULL,NULL,NULL,0,NULL,NULL,0),(1,91,1,NULL,'2023-02-02',6,NULL,0,NULL,0,'2023-02-02 13:59:13','2023-02-02 14:18:40',NULL,NULL,NULL,NULL,0,NULL,NULL,0),(1,92,1,NULL,'2023-02-02',6,NULL,0,NULL,0,'2023-02-02 14:02:36','2023-02-02 14:18:40',NULL,NULL,NULL,NULL,0,NULL,NULL,0),(1,93,1,NULL,'2023-02-02',6,NULL,0,NULL,0,'2023-02-02 14:03:40','2023-02-02 14:18:40',NULL,NULL,NULL,NULL,0,NULL,NULL,0),(1,94,1,NULL,'2023-02-02',6,NULL,0,NULL,0,'2023-02-02 14:04:38','2023-02-02 14:18:40',NULL,NULL,NULL,NULL,0,NULL,NULL,0),(1,95,1,NULL,'2023-02-02',6,NULL,0,NULL,0,'2023-02-02 14:06:18','2023-02-02 14:18:40',NULL,NULL,NULL,NULL,0,NULL,NULL,0),(1,96,1,NULL,'2023-02-02',6,NULL,0,NULL,0,'2023-02-02 14:07:56','2023-02-02 14:18:40',NULL,NULL,NULL,NULL,0,NULL,NULL,0),(1,97,1,NULL,'2023-02-02',6,NULL,0,NULL,0,'2023-02-02 14:09:35','2023-02-02 14:18:40',NULL,NULL,NULL,NULL,0,NULL,NULL,0),(1,98,1,NULL,'2023-02-02',6,NULL,0,NULL,0,'2023-02-02 14:11:08','2023-02-02 14:18:40',NULL,NULL,NULL,NULL,0,NULL,NULL,0),(1,99,1,NULL,'2023-02-02',6,NULL,0,NULL,0,'2023-02-02 14:12:09','2023-02-02 14:18:40',NULL,NULL,NULL,NULL,0,NULL,NULL,0),(1,100,1,NULL,'2023-02-02',6,NULL,0,NULL,0,'2023-02-02 14:13:15','2023-02-02 14:18:40',NULL,NULL,NULL,NULL,0,NULL,NULL,0),(1,101,1,NULL,'2023-02-02',6,NULL,0,NULL,0,'2023-02-02 14:17:19','2023-02-02 14:18:40',NULL,NULL,NULL,NULL,0,NULL,NULL,0),(1,102,1,NULL,'2023-02-02',6,NULL,0,NULL,0,'2023-02-02 14:18:27','2023-02-02 14:18:40',NULL,NULL,NULL,NULL,0,NULL,NULL,0),(1,103,1,NULL,'2023-02-13',6,NULL,0,NULL,0,'2023-02-10 08:26:34','2023-02-13 15:42:37',NULL,NULL,NULL,NULL,0,NULL,NULL,0),(1,104,1,NULL,'2023-02-13',6,NULL,0,NULL,0,'2023-02-13 13:56:18','2023-02-13 14:46:31',NULL,NULL,NULL,NULL,0,NULL,NULL,0),(1,105,0,NULL,NULL,NULL,NULL,0,NULL,0,'2023-02-13 13:58:11','2023-02-13 14:00:06',NULL,NULL,NULL,NULL,0,NULL,NULL,0),(1,106,0,NULL,NULL,NULL,NULL,0,NULL,0,'2023-02-13 13:59:46','2023-02-13 13:59:46',NULL,NULL,NULL,NULL,0,NULL,NULL,0),(1,107,0,NULL,NULL,NULL,NULL,0,NULL,0,'2023-02-13 14:02:46','2023-02-13 14:02:46',NULL,NULL,NULL,NULL,0,NULL,NULL,0),(1,108,0,NULL,NULL,NULL,NULL,0,NULL,0,'2023-02-13 14:04:24','2023-02-13 14:04:24',NULL,NULL,NULL,NULL,0,NULL,NULL,0),(1,109,0,NULL,NULL,NULL,NULL,0,NULL,0,'2023-02-13 14:08:27','2023-02-13 14:09:13',NULL,NULL,NULL,NULL,0,NULL,NULL,0),(1,110,0,NULL,NULL,NULL,NULL,0,NULL,0,'2023-02-13 14:27:10','2023-02-13 14:27:10',NULL,NULL,NULL,NULL,0,NULL,NULL,0),(1,111,0,NULL,NULL,NULL,NULL,0,NULL,0,'2023-02-13 14:28:29','2023-02-13 14:28:29',NULL,NULL,NULL,NULL,0,NULL,NULL,0),(1,112,0,NULL,NULL,NULL,NULL,0,NULL,0,'2023-02-13 14:30:21','2023-02-13 14:30:21',NULL,NULL,NULL,NULL,0,NULL,NULL,0),(1,113,0,NULL,NULL,NULL,NULL,0,NULL,0,'2023-02-13 14:37:24','2023-02-13 14:39:04',NULL,NULL,NULL,NULL,0,NULL,NULL,0),(1,114,0,NULL,NULL,NULL,NULL,0,NULL,0,'2023-02-13 14:40:19','2023-02-13 14:40:19',NULL,NULL,NULL,NULL,0,NULL,NULL,0),(1,115,0,NULL,NULL,NULL,NULL,0,NULL,0,'2023-02-13 14:41:19','2023-02-13 14:41:19',NULL,NULL,NULL,NULL,0,NULL,NULL,0),(1,116,1,NULL,'2023-06-06',11,NULL,0,NULL,0,'2023-06-06 11:27:36','2023-06-06 11:42:19',NULL,NULL,NULL,NULL,0,NULL,NULL,0),(2,1,0,NULL,NULL,NULL,NULL,0,NULL,0,'2021-10-27 15:27:13','2021-10-27 15:27:14',NULL,NULL,NULL,NULL,0,NULL,NULL,1),(2,2,0,NULL,NULL,NULL,NULL,0,NULL,0,'2022-05-16 13:46:38','2022-05-16 13:46:38',NULL,NULL,NULL,NULL,0,NULL,NULL,1),(2,3,1,NULL,NULL,NULL,NULL,0,NULL,0,'2022-05-16 13:51:37','2022-05-16 14:12:13',NULL,NULL,NULL,NULL,0,NULL,NULL,1),(2,4,1,NULL,'2022-05-16',11,NULL,0,NULL,0,'2022-05-16 14:24:24','2022-05-16 14:40:52',NULL,NULL,NULL,NULL,0,NULL,NULL,1),(2,5,1,NULL,NULL,NULL,NULL,0,NULL,0,'2022-05-16 15:01:25','2022-05-16 15:01:26',NULL,NULL,NULL,NULL,0,NULL,NULL,1),(2,6,0,NULL,NULL,NULL,NULL,0,NULL,0,'2022-05-16 16:03:36','2022-05-16 16:03:36',NULL,NULL,NULL,NULL,0,NULL,NULL,1),(2,7,1,NULL,NULL,NULL,NULL,0,NULL,0,'2022-05-17 07:37:49','2022-05-17 08:33:18',NULL,NULL,NULL,NULL,0,NULL,NULL,1),(2,8,1,NULL,NULL,NULL,NULL,0,NULL,0,'2022-05-17 07:40:24','2022-05-17 07:40:24',NULL,NULL,NULL,NULL,0,NULL,NULL,1),(2,9,1,NULL,NULL,NULL,NULL,0,NULL,0,'2022-05-17 08:45:20','2022-05-17 08:56:42',NULL,NULL,NULL,NULL,0,NULL,NULL,1),(2,10,1,NULL,NULL,NULL,NULL,0,NULL,0,'2022-05-17 08:47:07','2022-05-17 08:52:42',NULL,NULL,NULL,NULL,0,NULL,NULL,1),(2,11,1,NULL,NULL,NULL,NULL,0,NULL,0,'2022-05-17 08:48:43','2022-05-17 08:53:43',NULL,NULL,NULL,NULL,0,NULL,NULL,1),(2,12,0,NULL,NULL,NULL,NULL,0,NULL,0,'2022-05-17 08:50:01','2022-05-17 08:54:52',NULL,NULL,NULL,NULL,0,NULL,NULL,1),(2,13,0,NULL,NULL,NULL,NULL,0,NULL,0,'2022-05-17 08:51:53','2022-05-17 08:56:52',NULL,NULL,NULL,NULL,0,NULL,NULL,1),(2,14,1,NULL,NULL,NULL,NULL,0,NULL,0,'2022-05-17 09:02:22','2022-05-17 09:02:22',NULL,NULL,NULL,NULL,0,NULL,NULL,1),(2,15,0,NULL,NULL,NULL,NULL,0,NULL,0,'2022-05-17 09:04:06','2022-05-17 09:04:06',NULL,NULL,NULL,NULL,0,NULL,NULL,1),(2,16,0,NULL,NULL,NULL,NULL,0,NULL,0,'2022-05-17 09:05:47','2022-05-17 09:05:48',NULL,NULL,NULL,NULL,0,NULL,NULL,1),(2,17,0,NULL,NULL,NULL,NULL,0,NULL,0,'2022-05-17 09:07:53','2022-05-17 09:09:33',NULL,NULL,NULL,NULL,0,NULL,NULL,1),(2,18,0,NULL,NULL,NULL,NULL,0,NULL,0,'2022-05-17 09:09:21','2022-05-17 09:09:21',NULL,NULL,NULL,NULL,0,NULL,NULL,1),(2,19,0,NULL,NULL,NULL,NULL,0,NULL,0,'2022-05-17 09:13:39','2022-05-17 09:13:39',NULL,NULL,NULL,NULL,0,NULL,NULL,1),(2,20,0,NULL,NULL,NULL,NULL,0,NULL,0,'2022-05-17 09:15:30','2022-05-17 09:15:30',NULL,NULL,NULL,NULL,0,NULL,NULL,1),(2,21,0,NULL,NULL,NULL,NULL,0,NULL,0,'2022-05-17 10:41:12','2022-05-17 10:41:12',NULL,NULL,NULL,NULL,0,NULL,NULL,1),(2,22,0,NULL,NULL,NULL,NULL,0,NULL,0,'2022-05-17 10:42:29','2022-05-17 10:42:29',NULL,NULL,NULL,NULL,0,NULL,NULL,1),(2,23,0,NULL,NULL,NULL,NULL,0,NULL,0,'2022-05-17 10:44:00','2022-05-17 10:44:00',NULL,NULL,NULL,NULL,0,NULL,NULL,1),(2,24,0,NULL,NULL,NULL,NULL,0,NULL,0,'2022-05-17 10:45:43','2022-05-17 10:45:43',NULL,NULL,NULL,NULL,0,NULL,NULL,1),(2,25,0,NULL,NULL,NULL,NULL,0,NULL,0,'2022-05-17 10:47:08','2022-05-17 10:47:08',NULL,NULL,NULL,NULL,0,NULL,NULL,1),(2,26,1,NULL,NULL,NULL,NULL,0,NULL,0,'2022-05-17 10:52:12','2022-05-17 11:00:54',NULL,NULL,NULL,NULL,0,NULL,NULL,1),(2,27,0,NULL,NULL,NULL,NULL,0,NULL,0,'2022-05-17 10:53:23','2022-05-17 11:01:03',NULL,NULL,NULL,NULL,0,NULL,NULL,1),(2,28,1,NULL,NULL,NULL,NULL,0,NULL,0,'2022-05-17 13:58:29','2022-05-17 15:30:12',NULL,NULL,NULL,NULL,0,NULL,NULL,1),(2,29,1,NULL,NULL,NULL,NULL,0,NULL,0,'2022-05-17 14:00:03','2022-05-17 15:36:53',NULL,NULL,NULL,NULL,0,NULL,NULL,1),(2,30,1,NULL,NULL,NULL,NULL,0,NULL,0,'2022-05-17 14:01:27','2022-05-17 14:01:27',NULL,NULL,NULL,NULL,0,NULL,NULL,1),(2,31,1,NULL,NULL,NULL,NULL,0,NULL,0,'2022-05-17 14:02:41','2022-05-17 14:02:41',NULL,NULL,NULL,NULL,0,NULL,NULL,1),(2,32,1,NULL,NULL,NULL,NULL,0,NULL,0,'2022-05-17 14:04:01','2022-05-17 14:04:01',NULL,NULL,NULL,NULL,0,NULL,NULL,1),(2,33,1,NULL,NULL,NULL,NULL,0,NULL,0,'2022-05-17 14:05:21','2022-05-17 14:05:21',NULL,NULL,NULL,NULL,0,NULL,NULL,1),(2,34,1,NULL,NULL,NULL,NULL,0,NULL,0,'2022-05-17 14:07:15','2022-05-17 14:07:15',NULL,NULL,NULL,NULL,0,NULL,NULL,1),(2,35,1,NULL,NULL,NULL,NULL,0,NULL,0,'2022-05-17 14:10:15','2022-05-17 14:10:15',NULL,NULL,NULL,NULL,0,NULL,NULL,1),(2,36,1,NULL,NULL,NULL,NULL,0,NULL,0,'2022-05-17 14:11:30','2022-05-17 14:11:30',NULL,NULL,NULL,NULL,0,NULL,NULL,1),(2,37,1,NULL,NULL,NULL,NULL,0,NULL,0,'2022-05-17 14:13:04','2022-05-17 14:13:04',NULL,NULL,NULL,NULL,0,NULL,NULL,1),(2,38,0,NULL,NULL,NULL,NULL,0,NULL,0,'2022-05-17 14:14:36','2022-05-17 14:24:18',NULL,NULL,NULL,NULL,0,NULL,NULL,1),(2,39,0,NULL,NULL,NULL,NULL,0,NULL,0,'2022-05-17 14:16:00','2022-05-17 14:17:07',NULL,NULL,NULL,NULL,0,NULL,NULL,1),(2,40,1,NULL,NULL,NULL,NULL,0,NULL,0,'2022-05-17 14:20:55','2022-05-17 14:20:55',NULL,NULL,NULL,NULL,0,NULL,NULL,1),(2,41,1,NULL,NULL,NULL,NULL,0,NULL,0,'2022-05-17 14:22:35','2022-05-17 14:22:35',NULL,NULL,NULL,NULL,0,NULL,NULL,1),(2,42,1,NULL,NULL,NULL,NULL,0,NULL,0,'2022-05-17 14:24:00','2022-05-17 14:24:00',NULL,NULL,NULL,NULL,0,NULL,NULL,1),(2,43,0,NULL,NULL,NULL,NULL,0,NULL,0,'2022-05-17 14:25:46','2022-05-17 14:25:46',NULL,NULL,NULL,NULL,0,NULL,NULL,1),(2,44,1,NULL,NULL,NULL,NULL,0,NULL,0,'2022-05-17 14:27:02','2022-05-17 14:27:02',NULL,NULL,NULL,NULL,0,NULL,NULL,1),(2,45,0,NULL,NULL,NULL,NULL,0,NULL,0,'2022-05-17 14:28:17','2022-05-17 14:28:17',NULL,NULL,NULL,NULL,0,NULL,NULL,1),(2,46,1,NULL,NULL,NULL,NULL,0,NULL,0,'2022-05-17 14:29:38','2022-05-17 14:29:38',NULL,NULL,NULL,NULL,0,NULL,NULL,1),(2,47,1,NULL,NULL,NULL,NULL,0,NULL,0,'2022-05-17 14:30:45','2022-05-17 14:30:46',NULL,NULL,NULL,NULL,0,NULL,NULL,1),(2,48,1,NULL,NULL,NULL,NULL,0,NULL,0,'2022-05-17 14:31:56','2022-05-17 14:31:56',NULL,NULL,NULL,NULL,0,NULL,NULL,1),(2,49,1,NULL,NULL,NULL,NULL,0,NULL,0,'2022-05-17 14:33:07','2022-05-17 14:33:07',NULL,NULL,NULL,NULL,0,NULL,NULL,1),(2,50,1,NULL,NULL,NULL,NULL,0,NULL,0,'2022-05-17 14:34:39','2022-05-17 14:34:39',NULL,NULL,NULL,NULL,0,NULL,NULL,1),(2,51,1,NULL,NULL,NULL,NULL,0,NULL,0,'2022-05-17 14:35:51','2022-05-17 14:35:52',NULL,NULL,NULL,NULL,0,NULL,NULL,1),(2,52,1,NULL,NULL,NULL,NULL,0,NULL,0,'2022-05-17 14:37:18','2022-05-17 15:28:58',NULL,NULL,NULL,NULL,0,NULL,NULL,1),(2,53,0,NULL,NULL,NULL,NULL,0,NULL,0,'2022-05-17 14:40:57','2022-05-17 14:40:57',NULL,NULL,NULL,NULL,0,NULL,NULL,1),(2,54,1,NULL,NULL,NULL,NULL,0,NULL,0,'2022-05-18 10:25:05','2022-05-18 10:25:06',NULL,NULL,NULL,NULL,0,NULL,NULL,1),(2,55,0,NULL,NULL,NULL,NULL,0,NULL,0,'2022-05-18 15:11:42','2022-05-18 15:43:15',NULL,NULL,NULL,NULL,0,NULL,NULL,1),(2,56,1,NULL,NULL,NULL,NULL,0,NULL,0,'2022-06-13 10:07:33','2022-06-13 10:07:33',NULL,NULL,NULL,NULL,0,NULL,NULL,1),(2,57,1,NULL,NULL,NULL,NULL,0,NULL,0,'2022-06-13 10:08:50','2022-06-13 10:08:50',NULL,NULL,NULL,NULL,0,NULL,NULL,1),(2,58,1,NULL,'2022-06-14',6,NULL,0,NULL,0,'2022-06-13 10:10:04','2022-06-14 12:50:57',NULL,NULL,NULL,NULL,0,NULL,NULL,1),(2,59,1,NULL,NULL,NULL,NULL,0,NULL,0,'2022-06-13 10:11:06','2022-06-13 10:11:07',NULL,NULL,NULL,NULL,0,NULL,NULL,1),(2,60,1,NULL,NULL,NULL,NULL,0,NULL,0,'2022-06-13 10:12:16','2022-06-13 10:12:16',NULL,NULL,NULL,NULL,0,NULL,NULL,1),(2,61,1,NULL,NULL,NULL,NULL,0,NULL,0,'2022-06-13 10:13:27','2022-06-13 10:13:27',NULL,NULL,NULL,NULL,0,NULL,NULL,1),(2,62,1,NULL,NULL,NULL,NULL,0,NULL,0,'2022-06-13 10:14:36','2022-06-13 10:14:36',NULL,NULL,NULL,NULL,0,NULL,NULL,1),(2,63,1,NULL,NULL,NULL,NULL,0,NULL,0,'2022-06-13 10:15:44','2022-06-13 10:15:44',NULL,NULL,NULL,NULL,0,NULL,NULL,1),(2,64,1,NULL,NULL,NULL,NULL,0,NULL,0,'2022-06-13 10:16:49','2022-06-13 10:16:49',NULL,NULL,NULL,NULL,0,NULL,NULL,1),(2,65,1,NULL,NULL,NULL,NULL,0,NULL,0,'2022-06-13 10:17:44','2022-06-13 10:17:44',NULL,NULL,NULL,NULL,0,NULL,NULL,1),(2,66,0,NULL,NULL,NULL,NULL,0,NULL,0,'2023-01-25 14:24:31','2023-01-25 15:14:37',NULL,NULL,NULL,NULL,0,NULL,NULL,1),(2,67,0,NULL,NULL,NULL,NULL,0,NULL,0,'2023-01-25 14:41:36','2023-01-25 14:41:36',NULL,NULL,NULL,NULL,0,NULL,NULL,1),(2,68,0,NULL,NULL,NULL,NULL,0,NULL,0,'2023-01-25 14:41:46','2023-01-25 14:41:46',NULL,NULL,NULL,NULL,0,NULL,NULL,1),(2,69,0,NULL,NULL,NULL,NULL,0,NULL,0,'2023-01-25 14:52:17','2023-01-25 15:15:00',NULL,NULL,NULL,NULL,0,NULL,NULL,1),(2,70,0,NULL,NULL,NULL,NULL,0,NULL,0,'2023-01-25 15:00:14','2023-01-25 15:00:14',NULL,NULL,NULL,NULL,0,NULL,NULL,1),(2,71,0,NULL,NULL,NULL,NULL,0,NULL,0,'2023-01-25 15:16:21','2023-01-25 15:18:22',NULL,NULL,NULL,NULL,0,NULL,NULL,1),(2,72,0,NULL,NULL,NULL,NULL,0,NULL,0,'2023-01-25 15:17:01','2023-01-25 15:17:01',NULL,NULL,NULL,NULL,0,NULL,NULL,1),(2,73,0,NULL,NULL,NULL,NULL,0,NULL,0,'2023-01-27 11:21:42','2023-01-27 11:21:43',NULL,NULL,NULL,NULL,0,NULL,NULL,1),(2,74,0,NULL,NULL,NULL,NULL,0,NULL,0,'2023-01-27 11:23:24','2023-01-27 11:37:16',NULL,NULL,NULL,NULL,0,NULL,NULL,1),(2,75,0,NULL,NULL,NULL,NULL,0,NULL,0,'2023-01-27 11:36:53','2023-01-27 11:44:37',NULL,NULL,NULL,NULL,0,NULL,NULL,1),(2,76,0,NULL,NULL,NULL,NULL,0,NULL,0,'2023-01-27 11:38:37','2023-01-27 11:44:46',NULL,NULL,NULL,NULL,0,NULL,NULL,1),(2,77,0,NULL,NULL,NULL,NULL,0,NULL,0,'2023-01-27 11:41:01','2023-01-27 11:42:32',NULL,NULL,NULL,NULL,0,NULL,NULL,1),(2,78,0,NULL,NULL,NULL,NULL,0,NULL,0,'2023-01-27 11:42:24','2023-01-27 11:42:24',NULL,NULL,NULL,NULL,0,NULL,NULL,1),(2,79,0,NULL,NULL,NULL,NULL,0,NULL,0,'2023-01-27 11:43:56','2023-01-27 11:43:56',NULL,NULL,NULL,NULL,0,NULL,NULL,1),(2,80,0,NULL,NULL,NULL,NULL,0,NULL,0,'2023-01-27 12:25:42','2023-01-27 12:25:42',NULL,NULL,NULL,NULL,0,NULL,NULL,1),(2,81,0,NULL,NULL,NULL,NULL,0,NULL,0,'2023-01-27 12:27:14','2023-01-27 12:27:14',NULL,NULL,NULL,NULL,0,NULL,NULL,1),(2,82,0,NULL,NULL,NULL,NULL,0,NULL,0,'2023-01-30 14:31:53','2023-01-30 14:31:53',NULL,NULL,NULL,NULL,0,NULL,NULL,1),(2,83,0,NULL,'2023-01-30',6,NULL,0,NULL,0,'2023-01-30 14:33:24','2023-01-30 15:14:40',NULL,NULL,NULL,NULL,0,NULL,NULL,1),(2,84,0,NULL,NULL,NULL,NULL,0,NULL,0,'2023-01-30 14:34:43','2023-02-01 15:05:07',NULL,NULL,NULL,NULL,0,NULL,NULL,1),(2,85,0,NULL,NULL,NULL,NULL,0,NULL,0,'2023-01-30 14:35:43','2023-01-30 14:37:07',NULL,NULL,NULL,NULL,0,NULL,NULL,1),(2,86,0,NULL,NULL,NULL,NULL,0,NULL,0,'2023-01-30 14:36:53','2023-01-30 14:37:19',NULL,NULL,NULL,NULL,0,NULL,NULL,1),(2,87,0,NULL,'2023-02-01',6,NULL,0,NULL,0,'2023-01-30 14:39:09','2023-02-01 13:51:59',NULL,NULL,NULL,NULL,0,NULL,NULL,1),(2,88,0,NULL,NULL,NULL,NULL,0,NULL,0,'2023-02-01 13:39:37','2023-02-01 13:39:38',NULL,NULL,NULL,NULL,0,NULL,NULL,1),(2,89,0,NULL,'2023-02-01',6,NULL,0,NULL,0,'2023-02-01 14:32:11','2023-02-01 15:21:11',NULL,NULL,NULL,NULL,0,NULL,NULL,1),(2,90,1,NULL,NULL,NULL,NULL,0,NULL,0,'2023-02-01 14:32:35','2023-02-01 14:33:35',NULL,NULL,NULL,NULL,0,NULL,NULL,1),(2,91,0,NULL,NULL,NULL,NULL,0,NULL,0,'2023-02-02 13:59:13','2023-02-02 13:59:13',NULL,NULL,NULL,NULL,0,NULL,NULL,1),(2,92,0,NULL,NULL,NULL,NULL,0,NULL,0,'2023-02-02 14:02:36','2023-02-02 14:02:36',NULL,NULL,NULL,NULL,0,NULL,NULL,1),(2,93,0,NULL,NULL,NULL,NULL,0,NULL,0,'2023-02-02 14:03:40','2023-02-02 14:03:40',NULL,NULL,NULL,NULL,0,NULL,NULL,1),(2,94,0,NULL,NULL,NULL,NULL,0,NULL,0,'2023-02-02 14:04:38','2023-02-02 14:04:38',NULL,NULL,NULL,NULL,0,NULL,NULL,1),(2,95,0,NULL,NULL,NULL,NULL,0,NULL,0,'2023-02-02 14:06:18','2023-02-02 14:06:18',NULL,NULL,NULL,NULL,0,NULL,NULL,1),(2,96,0,NULL,NULL,NULL,NULL,0,NULL,0,'2023-02-02 14:07:56','2023-02-02 14:07:56',NULL,NULL,NULL,NULL,0,NULL,NULL,1),(2,97,0,NULL,NULL,NULL,NULL,0,NULL,0,'2023-02-02 14:09:35','2023-02-02 14:09:35',NULL,NULL,NULL,NULL,0,NULL,NULL,1),(2,98,1,NULL,NULL,NULL,NULL,0,NULL,0,'2023-02-02 14:11:08','2023-02-02 14:11:08',NULL,NULL,NULL,NULL,0,NULL,NULL,1),(2,99,1,NULL,NULL,NULL,NULL,0,NULL,0,'2023-02-02 14:12:09','2023-02-02 14:13:27',NULL,NULL,NULL,NULL,0,NULL,NULL,1),(2,100,1,NULL,NULL,NULL,NULL,0,NULL,0,'2023-02-02 14:13:15','2023-02-02 14:13:15',NULL,NULL,NULL,NULL,0,NULL,NULL,1),(2,101,1,NULL,NULL,NULL,NULL,0,NULL,0,'2023-02-02 14:17:19','2023-02-02 14:17:19',NULL,NULL,NULL,NULL,0,NULL,NULL,1),(2,102,1,NULL,NULL,NULL,NULL,0,NULL,0,'2023-02-02 14:18:27','2023-02-02 14:18:27',NULL,NULL,NULL,NULL,0,NULL,NULL,1),(2,103,0,NULL,NULL,NULL,NULL,0,NULL,0,'2023-02-10 08:26:34','2023-02-13 15:42:37',NULL,NULL,NULL,NULL,0,NULL,NULL,1),(2,104,1,NULL,NULL,NULL,NULL,0,NULL,0,'2023-02-13 13:56:18','2023-02-13 14:46:31',NULL,NULL,NULL,NULL,0,NULL,NULL,1),(2,105,0,NULL,NULL,NULL,NULL,0,NULL,0,'2023-02-13 13:58:11','2023-02-13 14:00:06',NULL,NULL,NULL,NULL,0,NULL,NULL,1),(2,106,0,NULL,NULL,NULL,NULL,0,NULL,0,'2023-02-13 13:59:46','2023-02-13 13:59:46',NULL,NULL,NULL,NULL,0,NULL,NULL,1),(2,107,0,NULL,NULL,NULL,NULL,0,NULL,0,'2023-02-13 14:02:46','2023-02-13 14:02:46',NULL,NULL,NULL,NULL,0,NULL,NULL,1),(2,108,0,NULL,NULL,NULL,NULL,0,NULL,0,'2023-02-13 14:04:24','2023-02-13 14:04:24',NULL,NULL,NULL,NULL,0,NULL,NULL,1),(2,109,0,NULL,NULL,NULL,NULL,0,NULL,0,'2023-02-13 14:08:27','2023-02-13 14:09:13',NULL,NULL,NULL,NULL,0,NULL,NULL,1),(2,110,0,NULL,NULL,NULL,NULL,0,NULL,0,'2023-02-13 14:27:10','2023-02-13 14:27:10',NULL,NULL,NULL,NULL,0,NULL,NULL,1),(2,111,0,NULL,NULL,NULL,NULL,0,NULL,0,'2023-02-13 14:28:29','2023-02-13 14:28:29',NULL,NULL,NULL,NULL,0,NULL,NULL,1),(2,112,0,NULL,NULL,NULL,NULL,0,NULL,0,'2023-02-13 14:30:21','2023-02-13 14:30:21',NULL,NULL,NULL,NULL,0,NULL,NULL,1),(2,113,0,NULL,NULL,NULL,NULL,0,NULL,0,'2023-02-13 14:37:24','2023-02-13 14:39:04',NULL,NULL,NULL,NULL,0,NULL,NULL,1),(2,114,0,NULL,NULL,NULL,NULL,0,NULL,0,'2023-02-13 14:40:19','2023-02-13 14:40:19',NULL,NULL,NULL,NULL,0,NULL,NULL,1),(2,115,0,NULL,NULL,NULL,NULL,0,NULL,0,'2023-02-13 14:41:19','2023-02-13 14:41:19',NULL,NULL,NULL,NULL,0,NULL,NULL,1),(2,116,1,NULL,NULL,NULL,NULL,0,NULL,0,'2023-06-06 11:27:36','2023-06-06 11:42:19',NULL,NULL,NULL,NULL,0,NULL,NULL,1),(3,2,1,20,'2022-05-16',6,NULL,1,'2022-05-16',1,'2022-05-16 13:46:38','2022-05-16 15:02:40','2022-05-16 14:43:00','2022-05-16 15:03:00','136',NULL,0,1,343,2),(3,4,1,20,'2022-05-16',11,NULL,1,'2022-05-16',1,'2022-05-16 14:24:24','2022-05-16 15:02:40','2022-05-16 16:43:00','2022-05-16 16:43:00','136',NULL,0,1,463,2),(3,5,1,20,'2022-05-16',11,NULL,1,'2022-05-16',1,'2022-05-16 15:01:25','2022-05-16 15:11:09','2022-05-16 15:03:00','2022-05-16 15:23:00','136',NULL,0,1,363,2),(3,6,0,20,NULL,NULL,NULL,0,NULL,0,'2022-05-16 16:03:36','2022-05-16 16:03:36',NULL,NULL,NULL,NULL,0,NULL,NULL,2),(3,13,0,20,NULL,NULL,NULL,0,NULL,0,'2022-05-17 08:54:24','2022-05-17 09:44:08',NULL,NULL,NULL,NULL,0,NULL,NULL,2),(3,21,0,20,NULL,NULL,NULL,1,'2022-05-17',1,'2022-05-17 10:41:12','2022-05-18 09:36:31','2022-05-17 09:00:00','2022-05-17 09:20:00','137',NULL,0,1,0,2),(3,23,0,20,NULL,NULL,NULL,1,'2022-05-17',2,'2022-05-17 10:44:00','2022-05-18 09:36:31','2022-05-17 17:11:00','2022-05-17 17:31:00','137',NULL,0,0,491,2),(3,25,0,20,NULL,NULL,NULL,1,'2022-05-17',3,'2022-05-17 10:47:08','2022-05-18 09:36:31','2022-05-17 17:31:00','2022-05-17 17:51:00','137',NULL,0,0,511,2),(3,26,1,20,'2022-05-17',6,NULL,1,'2022-05-17',1,'2022-05-17 10:52:12','2022-05-18 09:36:31','2022-05-17 15:51:00','2022-05-17 16:11:00','137',NULL,0,1,411,2),(3,27,1,20,'2022-05-17',6,NULL,1,'2022-05-17',2,'2022-05-17 10:53:23','2022-05-18 09:36:31','2022-05-17 16:51:00','2022-05-17 17:11:00','137',NULL,0,0,471,2),(3,38,0,20,NULL,NULL,NULL,1,'2022-05-25',1,'2022-05-17 14:24:18','2022-05-18 15:46:03','2022-05-25 09:00:00','2022-05-25 09:20:00','145',NULL,0,1,0,2),(3,43,0,20,NULL,NULL,NULL,1,'2022-05-25',3,'2022-05-17 14:25:46','2022-05-18 15:46:03','2022-05-25 09:40:00','2022-05-25 10:00:00','145',NULL,0,1,40,2),(3,45,0,20,NULL,NULL,NULL,1,'2022-05-25',4,'2022-05-17 14:28:17','2022-05-18 15:46:03','2022-05-25 10:00:00','2022-05-25 10:20:00','145',NULL,0,1,60,2),(3,53,0,20,NULL,NULL,NULL,1,'2022-05-25',2,'2022-05-17 14:40:57','2022-05-18 15:46:03','2022-05-25 09:20:00','2022-05-25 09:40:00','145',NULL,0,1,20,2),(3,66,0,20,NULL,NULL,NULL,0,NULL,0,'2023-01-25 14:49:26','2023-01-25 15:14:37',NULL,NULL,NULL,NULL,0,NULL,NULL,2),(3,71,0,20,NULL,NULL,NULL,0,NULL,0,'2023-01-25 15:18:22','2023-01-25 15:18:22',NULL,NULL,NULL,NULL,0,NULL,NULL,2),(3,75,1,20,'2023-01-27',6,NULL,1,'2023-01-27',1,'2023-01-27 11:44:37','2023-01-27 12:28:15','2023-01-27 11:55:00','2023-01-27 12:15:00','27',NULL,0,1,175,2),(3,76,1,20,'2023-01-27',6,NULL,1,'2023-01-27',2,'2023-01-27 11:44:46','2023-01-27 12:28:15','2023-01-27 12:15:00','2023-01-27 12:35:00','27',NULL,0,1,195,2),(3,87,0,20,'2023-02-01',6,NULL,0,NULL,0,'2023-01-30 14:39:09','2023-02-01 13:51:59',NULL,NULL,NULL,NULL,0,NULL,NULL,2),(3,88,0,20,NULL,NULL,NULL,0,NULL,0,'2023-02-01 13:39:37','2023-02-01 15:22:11',NULL,NULL,NULL,NULL,0,NULL,NULL,2),(3,89,0,20,'2023-02-01',6,NULL,0,NULL,0,'2023-02-01 14:33:00','2023-02-01 15:22:09',NULL,NULL,NULL,NULL,0,NULL,NULL,2),(3,90,1,20,'2023-02-01',6,NULL,1,'2023-02-01',1,'2023-02-01 14:32:35','2023-02-01 15:28:20','2023-02-01 15:22:00','2023-02-01 15:42:00','32',NULL,0,1,382,2),(3,96,1,20,'2023-02-02',6,NULL,1,'2023-02-02',1,'2023-02-02 14:07:56','2023-02-28 07:59:48','2023-02-02 09:20:00','2023-02-02 09:40:00','33',NULL,0,1,20,2),(3,97,1,20,'2023-02-02',6,NULL,1,'2023-02-02',2,'2023-02-02 14:09:35','2023-02-28 07:59:48','2023-02-02 09:40:00','2023-02-02 10:00:00','33',NULL,0,1,40,2),(3,103,0,20,NULL,NULL,NULL,1,'2023-02-13',1,'2023-02-10 08:26:34','2023-02-28 07:59:48','2023-02-13 09:00:00','2023-02-13 09:20:00','44',NULL,0,1,0,2),(3,104,1,20,'2023-06-06',11,NULL,1,'2023-02-14',1,'2023-02-13 13:56:18','2023-06-06 11:31:58','2023-02-14 09:00:00','2023-02-14 09:20:00','45',NULL,0,1,0,2),(3,114,0,20,NULL,NULL,NULL,0,NULL,0,'2023-02-13 14:40:19','2023-02-13 14:40:19',NULL,NULL,NULL,NULL,0,NULL,NULL,2),(3,116,1,20,'2023-06-06',11,NULL,1,'2023-06-06',1,'2023-06-06 11:27:36','2023-06-06 11:42:19','2023-06-06 11:30:00','2023-06-06 11:50:00','157',NULL,0,1,150,2),(4,54,1,NULL,'2022-05-18',6,NULL,0,NULL,0,'2022-05-18 10:25:05','2022-05-18 10:28:31',NULL,NULL,NULL,NULL,0,NULL,NULL,3),(4,55,1,NULL,'2022-05-18',6,NULL,0,NULL,0,'2022-05-18 15:43:14','2022-05-18 15:46:33',NULL,NULL,NULL,NULL,0,NULL,NULL,3),(5,1,0,30,NULL,NULL,NULL,0,NULL,0,'2021-10-27 15:27:13','2021-10-27 15:27:14',NULL,NULL,NULL,NULL,0,NULL,NULL,4),(5,2,1,30,'2022-05-16',9,NULL,0,NULL,0,'2022-05-16 13:46:38','2022-05-16 14:10:48',NULL,NULL,NULL,'2022-05-16',1,NULL,NULL,4),(5,4,1,30,'2022-05-16',11,NULL,1,'2022-05-16',1,'2022-05-16 14:24:24','2022-05-16 15:02:40','2022-05-16 16:43:00','2022-05-16 17:13:00','136','2022-05-16',1,0,463,4),(5,5,0,30,NULL,NULL,NULL,1,'2022-05-17',1,'2022-05-16 15:01:25','2022-05-18 09:36:31','2022-05-17 09:00:00','2022-05-17 09:30:00','137','2022-05-16',1,1,0,4),(5,6,0,162,NULL,NULL,NULL,0,NULL,0,'2022-05-16 16:03:36','2022-05-16 16:03:36',NULL,NULL,NULL,NULL,0,NULL,NULL,4),(5,7,0,30,NULL,NULL,NULL,1,'2022-05-18',1,'2022-05-17 07:37:49','2022-05-18 15:46:03','2022-05-18 15:46:00','2022-05-18 16:16:00','138',NULL,0,1,406,4),(5,8,0,30,NULL,NULL,NULL,1,'2022-05-18',2,'2022-05-17 07:40:24','2022-05-18 15:46:03','2022-05-18 17:16:00','2022-05-18 17:46:00','138',NULL,0,0,496,4),(5,9,1,30,'2022-05-17',7,NULL,1,'2022-05-17',1,'2022-05-17 08:45:20','2022-05-18 09:36:31','2022-05-17 17:59:00','2022-05-17 18:29:00','137',NULL,0,0,539,4),(5,10,1,30,'2022-05-17',7,NULL,1,'2022-05-17',2,'2022-05-17 08:47:08','2022-05-18 09:36:31','2022-05-17 18:29:00','2022-05-17 18:59:00','137',NULL,0,0,569,4),(5,11,1,30,'2022-05-17',7,NULL,1,'2022-05-17',3,'2022-05-17 08:48:43','2022-05-18 09:36:31','2022-05-17 19:29:00','2022-05-17 19:59:00','137',NULL,0,0,629,4),(5,12,1,30,'2022-05-17',7,NULL,0,'2022-05-17',6,'2022-05-17 08:50:01','2022-05-17 11:08:48',NULL,NULL,'137',NULL,0,0,NULL,4),(5,13,1,30,'2022-05-17',7,NULL,0,NULL,0,'2022-05-17 08:51:53','2022-05-17 09:44:08',NULL,NULL,NULL,NULL,0,NULL,NULL,4),(5,14,0,30,NULL,NULL,NULL,1,'2022-05-17',4,'2022-05-17 09:02:22','2022-05-18 09:36:31','2022-05-17 19:59:00','2022-05-17 20:29:00','137',NULL,0,0,659,4),(5,15,0,30,NULL,NULL,NULL,0,'2022-05-17',7,'2022-05-17 09:04:06','2022-05-17 11:08:48',NULL,NULL,'137',NULL,0,0,NULL,4),(5,16,0,30,NULL,NULL,NULL,0,'2022-05-17',8,'2022-05-17 09:05:47','2022-05-17 11:08:48',NULL,NULL,'137',NULL,0,0,NULL,4),(5,17,0,30,NULL,NULL,NULL,1,'2022-05-17',5,'2022-05-17 09:07:53','2022-05-18 09:36:31','2022-05-17 20:29:00','2022-05-17 20:59:00','137',NULL,0,0,689,4),(5,18,0,30,NULL,NULL,NULL,0,'2022-05-17',10,'2022-05-17 09:09:21','2022-05-17 11:08:48',NULL,NULL,'137',NULL,0,0,NULL,4),(5,19,0,30,NULL,NULL,NULL,0,NULL,0,'2022-05-17 09:13:39','2022-05-17 10:16:21',NULL,NULL,NULL,NULL,0,NULL,NULL,4),(5,20,0,30,NULL,NULL,NULL,1,'2022-05-17',9,'2022-05-17 09:15:30','2022-05-18 09:36:31','2022-05-17 20:59:00','2022-05-17 21:29:00','137',NULL,0,0,719,4),(5,21,0,30,NULL,NULL,NULL,0,'2022-05-17',3,'2022-05-17 10:41:12','2022-05-17 11:08:48',NULL,NULL,'137','2022-05-17',1,0,NULL,4),(5,22,0,30,NULL,NULL,NULL,1,'2022-05-17',1,'2022-05-17 10:42:29','2022-05-18 09:36:31','2022-05-17 09:30:00','2022-05-17 09:30:00','137',NULL,0,1,30,4),(5,23,0,30,NULL,NULL,NULL,0,NULL,0,'2022-05-17 10:44:00','2022-05-17 15:21:52',NULL,NULL,NULL,'2022-05-17',1,NULL,NULL,4),(5,24,0,30,NULL,NULL,NULL,1,'2022-05-17',2,'2022-05-17 10:45:43','2022-05-18 09:36:31','2022-05-17 18:59:00','2022-05-17 19:29:00','137',NULL,0,0,599,4),(5,25,0,30,NULL,NULL,NULL,0,NULL,0,'2022-05-17 10:47:08','2022-05-17 15:21:52',NULL,NULL,NULL,'2022-05-17',1,NULL,NULL,4),(5,26,1,30,'2022-05-17',7,NULL,1,'2022-05-17',1,'2022-05-17 10:52:12','2022-05-18 09:36:31','2022-05-17 16:41:00','2022-05-17 16:41:00','137','2022-05-17',1,1,461,4),(5,27,1,30,'2022-05-17',7,NULL,0,NULL,0,'2022-05-17 10:53:23','2022-05-17 15:21:52',NULL,NULL,NULL,'2022-05-17',1,NULL,NULL,4),(5,28,0,30,NULL,NULL,NULL,1,'2022-05-18',4,'2022-05-17 13:58:29','2022-05-18 15:46:03','2022-05-18 18:16:00','2022-05-18 18:46:00','138',NULL,0,0,556,4),(5,29,1,30,'2022-05-19',7,NULL,1,'2022-05-18',1,'2022-05-17 14:00:03','2022-05-19 10:01:45','2022-05-18 16:16:00','2022-05-18 16:46:00','138',NULL,0,1,436,4),(5,30,0,30,NULL,NULL,NULL,1,'2022-05-19',1,'2022-05-17 14:01:27','2022-05-18 15:46:03','2022-05-19 09:00:00','2022-05-19 09:30:00','139',NULL,0,1,0,4),(5,31,0,30,NULL,NULL,NULL,1,'2022-05-19',2,'2022-05-17 14:02:41','2022-05-18 15:46:03','2022-05-19 09:30:00','2022-05-19 10:00:00','139',NULL,0,1,30,4),(5,32,0,30,NULL,NULL,NULL,1,'2022-05-19',3,'2022-05-17 14:04:01','2022-05-18 15:46:03','2022-05-19 10:00:00','2022-05-19 10:30:00','139',NULL,0,1,60,4),(5,33,0,30,NULL,NULL,NULL,1,'2022-05-19',4,'2022-05-17 14:05:21','2022-05-18 15:46:03','2022-05-19 10:30:00','2022-05-19 11:00:00','139',NULL,0,1,90,4),(5,34,0,30,NULL,NULL,NULL,1,'2022-05-19',5,'2022-05-17 14:07:15','2022-05-18 15:46:03','2022-05-19 11:00:00','2022-05-19 11:30:00','139',NULL,0,1,120,4),(5,35,0,30,NULL,NULL,NULL,1,'2022-05-19',6,'2022-05-17 14:10:15','2022-05-18 15:46:03','2022-05-19 11:30:00','2022-05-19 12:00:00','139',NULL,0,1,150,4),(5,36,0,30,NULL,NULL,NULL,1,'2022-05-19',7,'2022-05-17 14:11:30','2022-05-18 15:46:03','2022-05-19 12:00:00','2022-05-19 12:30:00','139',NULL,0,1,180,4),(5,37,0,30,NULL,NULL,NULL,1,'2022-05-19',8,'2022-05-17 14:13:04','2022-05-18 15:46:03','2022-05-19 12:30:00','2022-05-19 13:00:00','139',NULL,0,1,210,4),(5,38,0,30,NULL,NULL,NULL,0,NULL,0,'2022-05-17 14:14:36','2022-05-18 09:35:33',NULL,NULL,NULL,'2022-05-25',1,NULL,NULL,4),(5,39,1,30,'2022-05-18',6,NULL,1,'2022-05-18',14,'2022-05-17 14:16:00','2022-05-18 15:46:03','2022-05-18 23:16:00','2022-05-18 23:46:00','138',NULL,0,0,856,4),(5,40,0,30,NULL,NULL,NULL,1,'2022-05-18',6,'2022-05-17 14:20:55','2022-05-18 15:46:03','2022-05-18 19:16:00','2022-05-18 19:46:00','138',NULL,0,0,616,4),(5,41,0,30,NULL,NULL,NULL,1,'2022-05-18',10,'2022-05-17 14:22:35','2022-05-18 15:46:03','2022-05-18 21:16:00','2022-05-18 21:46:00','138',NULL,0,0,736,4),(5,42,0,30,NULL,NULL,NULL,1,'2022-05-18',13,'2022-05-17 14:24:00','2022-05-18 15:46:03','2022-05-18 22:46:00','2022-05-18 23:16:00','138',NULL,0,0,826,4),(5,43,0,30,NULL,NULL,NULL,0,NULL,0,'2022-05-17 14:25:46','2022-05-18 09:37:54',NULL,NULL,NULL,'2022-05-25',3,NULL,NULL,4),(5,44,0,30,NULL,NULL,NULL,1,'2022-05-18',12,'2022-05-17 14:27:02','2022-05-18 15:46:03','2022-05-18 22:16:00','2022-05-18 22:46:00','138',NULL,0,0,796,4),(5,45,0,30,NULL,NULL,NULL,0,NULL,0,'2022-05-17 14:28:17','2022-05-18 09:37:54',NULL,NULL,NULL,'2022-05-25',4,NULL,NULL,4),(5,46,0,30,NULL,NULL,NULL,1,'2022-05-18',8,'2022-05-17 14:29:38','2022-05-18 15:46:03','2022-05-18 20:16:00','2022-05-18 20:46:00','138',NULL,0,0,676,4),(5,47,0,30,NULL,NULL,NULL,1,'2022-05-18',7,'2022-05-17 14:30:45','2022-05-18 15:46:03','2022-05-18 19:46:00','2022-05-18 20:16:00','138',NULL,0,0,646,4),(5,48,1,30,'2022-05-19',7,NULL,1,'2022-05-18',2,'2022-05-17 14:31:56','2022-05-19 10:01:54','2022-05-18 16:46:00','2022-05-18 17:16:00','138',NULL,0,0,466,4),(5,49,0,30,NULL,NULL,NULL,1,'2022-05-18',5,'2022-05-17 14:33:07','2022-05-18 15:46:03','2022-05-18 18:46:00','2022-05-18 19:16:00','138',NULL,0,0,586,4),(5,50,0,30,NULL,NULL,NULL,1,'2022-05-18',11,'2022-05-17 14:34:39','2022-05-18 15:46:03','2022-05-18 21:46:00','2022-05-18 22:16:00','138',NULL,0,0,766,4),(5,51,0,30,NULL,NULL,NULL,1,'2022-05-18',9,'2022-05-17 14:35:51','2022-05-18 15:46:03','2022-05-18 20:46:00','2022-05-18 21:16:00','138',NULL,0,0,706,4),(5,52,1,30,'2022-05-18',6,NULL,1,'2022-05-18',3,'2022-05-17 14:37:18','2022-05-18 15:46:03','2022-05-18 17:46:00','2022-05-18 18:16:00','138',NULL,0,0,526,4),(5,53,0,30,NULL,NULL,NULL,0,NULL,0,'2022-05-17 14:40:57','2022-05-18 09:37:54',NULL,NULL,NULL,'2022-05-25',2,NULL,NULL,4),(5,55,0,30,NULL,NULL,NULL,1,'2022-06-13',1,'2022-05-18 15:11:42','2022-06-13 10:02:55','2022-06-13 09:00:00','2022-06-13 09:30:00','164',NULL,0,1,0,4),(5,56,1,30,'2022-06-14',6,NULL,1,'2022-06-14',1,'2022-06-13 10:07:33','2022-06-14 12:51:39','2022-06-14 13:19:00','2022-06-14 13:49:00','165',NULL,0,1,259,4),(5,57,1,30,'2022-06-14',6,NULL,1,'2022-06-14',2,'2022-06-13 10:08:50','2022-06-14 12:51:39','2022-06-14 13:49:00','2022-06-14 14:19:00','165',NULL,0,1,289,4),(5,59,1,30,'2022-06-14',6,NULL,1,'2022-06-14',9,'2022-06-13 10:11:06','2022-06-14 12:51:39','2022-06-14 17:19:00','2022-06-14 17:49:00','165',NULL,0,0,499,4),(5,60,1,30,'2022-06-14',6,NULL,1,'2022-06-14',3,'2022-06-13 10:12:16','2022-06-14 12:51:39','2022-06-14 14:19:00','2022-06-14 14:49:00','165',NULL,0,1,319,4),(5,61,1,30,'2022-06-14',6,NULL,1,'2022-06-14',4,'2022-06-13 10:13:27','2022-06-14 12:51:39','2022-06-14 14:49:00','2022-06-14 15:19:00','165',NULL,0,1,349,4),(5,62,1,30,'2022-06-14',6,NULL,1,'2022-06-14',5,'2022-06-13 10:14:36','2022-06-14 12:51:39','2022-06-14 15:19:00','2022-06-14 15:49:00','165',NULL,0,1,379,4),(5,63,1,30,'2022-06-14',6,NULL,1,'2022-06-14',6,'2022-06-13 10:15:44','2022-06-14 12:51:39','2022-06-14 15:49:00','2022-06-14 16:19:00','165',NULL,0,1,409,4),(5,64,1,30,'2022-06-14',6,NULL,1,'2022-06-14',7,'2022-06-13 10:16:49','2022-06-14 12:51:39','2022-06-14 16:19:00','2022-06-14 16:49:00','165',NULL,0,1,439,4),(5,65,1,30,'2022-06-14',6,NULL,1,'2022-06-14',8,'2022-06-13 10:17:44','2022-06-14 12:51:39','2022-06-14 16:49:00','2022-06-14 17:19:00','165',NULL,0,0,469,4),(5,66,0,30,NULL,NULL,NULL,0,NULL,0,'2023-01-25 14:49:26','2023-01-25 15:14:37',NULL,NULL,NULL,NULL,0,NULL,NULL,4),(5,71,0,30,NULL,NULL,NULL,0,NULL,0,'2023-01-25 15:18:16','2023-01-25 15:18:22',NULL,NULL,NULL,NULL,0,NULL,NULL,4),(5,72,0,30,NULL,NULL,NULL,0,NULL,0,'2023-01-25 15:17:01','2023-01-25 15:17:01',NULL,NULL,NULL,NULL,0,NULL,NULL,4),(5,73,1,30,'2023-01-27',6,NULL,1,'2023-01-27',3,'2023-01-27 11:21:42','2023-01-27 12:28:15','2023-01-27 13:15:00','2023-01-27 13:45:00','27',NULL,0,1,255,4),(5,74,1,30,'2023-01-27',6,NULL,1,'2023-01-27',4,'2023-01-27 11:23:24','2023-01-27 12:28:15','2023-01-27 13:45:00','2023-01-27 14:15:00','27',NULL,0,1,285,4),(5,75,1,30,'2023-01-27',6,NULL,1,'2023-01-27',1,'2023-01-27 11:36:53','2023-01-27 12:28:15','2023-01-27 12:15:00','2023-01-27 12:45:00','27','2023-01-27',1,1,195,4),(5,76,1,30,'2023-01-27',6,NULL,1,'2023-01-27',2,'2023-01-27 11:38:37','2023-01-27 12:28:15','2023-01-27 12:45:00','2023-01-27 13:15:00','27','2023-01-27',2,1,225,4),(5,77,1,30,'2023-01-27',6,NULL,1,'2023-01-27',5,'2023-01-27 11:41:01','2023-01-27 12:28:15','2023-01-27 14:15:00','2023-01-27 14:45:00','27',NULL,0,1,315,4),(5,78,1,30,'2023-01-27',6,NULL,1,'2023-01-27',6,'2023-01-27 11:42:24','2023-01-27 12:28:15','2023-01-27 14:45:00','2023-01-27 15:15:00','27',NULL,0,1,345,4),(5,79,1,30,'2023-01-27',6,NULL,1,'2023-01-27',7,'2023-01-27 11:43:56','2023-01-27 12:28:15','2023-01-27 15:15:00','2023-01-27 15:45:00','27',NULL,0,1,375,4),(5,80,1,30,'2023-01-30',6,NULL,1,'2023-01-27',8,'2023-01-27 12:25:42','2023-01-30 13:59:14','2023-01-27 15:45:00','2023-01-27 16:15:00','27',NULL,0,1,405,4),(5,81,1,30,'2023-01-30',6,NULL,1,'2023-01-27',9,'2023-01-27 12:27:14','2023-01-30 14:00:02','2023-01-27 16:15:00','2023-01-27 16:45:00','27',NULL,0,1,435,4),(5,82,1,30,'2023-01-30',6,NULL,1,'2023-01-30',1,'2023-01-30 14:31:53','2023-01-30 15:14:40','2023-01-30 15:30:00','2023-01-30 16:00:00','30',NULL,0,1,390,4),(5,83,0,30,'2023-01-30',6,NULL,1,'2023-01-31',1,'2023-01-30 14:33:24','2023-02-01 15:28:20','2023-01-31 09:00:00','2023-01-31 09:30:00','31',NULL,0,1,0,4),(5,84,0,30,NULL,NULL,NULL,0,NULL,0,'2023-02-01 15:05:07','2023-02-01 15:05:07',NULL,NULL,NULL,NULL,0,NULL,NULL,4),(5,85,1,30,'2023-01-30',6,NULL,1,'2023-01-30',2,'2023-01-30 14:35:43','2023-01-30 15:14:58','2023-01-30 16:30:00','2023-01-30 17:00:00','30',NULL,0,1,450,4),(5,86,1,30,'2023-01-30',6,NULL,1,'2023-01-30',3,'2023-01-30 14:36:53','2023-01-30 15:15:35','2023-01-30 17:00:00','2023-01-30 17:30:00','30',NULL,0,1,480,4),(5,87,0,30,'2023-02-01',6,NULL,0,NULL,0,'2023-01-30 14:39:09','2023-02-01 13:51:59',NULL,NULL,NULL,NULL,0,NULL,NULL,4),(5,88,0,30,NULL,NULL,NULL,0,NULL,0,'2023-02-01 13:39:37','2023-02-01 15:22:11',NULL,NULL,NULL,NULL,0,NULL,NULL,4),(5,89,0,30,'2023-02-01',6,NULL,0,NULL,0,'2023-02-01 14:33:00','2023-02-01 15:21:11',NULL,NULL,NULL,NULL,0,NULL,NULL,4),(5,90,1,30,'2023-02-01',6,NULL,1,'2023-02-01',1,'2023-02-01 14:32:35','2023-02-01 15:28:20','2023-02-01 15:42:00','2023-02-01 16:12:00','32','2023-02-01',1,1,402,4),(5,91,1,30,'2023-02-02',6,NULL,1,'2023-02-02',2,'2023-02-02 13:59:13','2023-02-28 07:59:48','2023-02-02 09:30:00','2023-02-02 10:00:00','33',NULL,0,1,30,4),(5,92,1,30,'2023-02-02',6,NULL,1,'2023-02-02',3,'2023-02-02 14:02:36','2023-02-28 07:59:48','2023-02-02 10:00:00','2023-02-02 10:30:00','33',NULL,0,1,60,4),(5,93,1,30,'2023-02-02',6,NULL,1,'2023-02-02',4,'2023-02-02 14:03:40','2023-02-28 07:59:48','2023-02-02 10:30:00','2023-02-02 11:00:00','33',NULL,0,1,90,4),(5,94,1,30,'2023-02-02',6,NULL,1,'2023-02-02',5,'2023-02-02 14:04:38','2023-02-28 07:59:48','2023-02-02 11:00:00','2023-02-02 11:30:00','33',NULL,0,1,120,4),(5,95,1,30,'2023-02-02',6,NULL,1,'2023-02-02',1,'2023-02-02 14:06:18','2023-02-28 07:59:48','2023-02-02 09:00:00','2023-02-02 09:30:00','33',NULL,0,1,0,4),(5,96,1,30,'2023-02-02',6,NULL,0,NULL,0,'2023-02-02 14:07:56','2023-02-28 07:59:48',NULL,NULL,NULL,'2023-02-02',1,NULL,NULL,4),(5,97,1,30,'2023-02-02',6,NULL,0,NULL,0,'2023-02-02 14:09:35','2023-02-28 07:59:48',NULL,NULL,NULL,'2023-02-02',2,NULL,NULL,4),(5,98,1,30,'2023-02-02',6,NULL,1,'2023-02-02',6,'2023-02-02 14:11:08','2023-02-28 07:59:48','2023-02-02 11:30:00','2023-02-02 12:00:00','33',NULL,0,1,150,4),(5,99,1,30,'2023-02-02',6,NULL,1,'2023-02-02',7,'2023-02-02 14:12:09','2023-02-28 07:59:48','2023-02-02 12:00:00','2023-02-02 12:30:00','33',NULL,0,1,180,4),(5,100,1,30,'2023-02-02',6,NULL,1,'2023-02-02',8,'2023-02-02 14:13:15','2023-02-28 07:59:48','2023-02-02 12:30:00','2023-02-02 13:00:00','33',NULL,0,1,210,4),(5,101,1,30,'2023-02-02',6,NULL,1,'2023-02-02',9,'2023-02-02 14:17:19','2023-02-28 07:59:48','2023-02-02 13:00:00','2023-02-02 13:30:00','33',NULL,0,1,240,4),(5,102,1,30,'2023-02-02',6,NULL,1,'2023-02-02',10,'2023-02-02 14:18:27','2023-02-28 07:59:48','2023-02-02 13:30:00','2023-02-02 14:00:00','33',NULL,0,1,270,4),(5,103,0,30,NULL,NULL,NULL,0,NULL,0,'2023-02-10 08:26:34','2023-02-13 15:42:37',NULL,NULL,NULL,'2023-02-13',1,NULL,NULL,4),(5,104,0,30,NULL,NULL,NULL,1,'2023-02-14',1,'2023-02-13 13:56:18','2023-02-28 07:59:48','2023-02-14 09:20:00','2023-02-14 09:50:00','45','2023-02-14',1,1,20,4),(5,105,0,30,NULL,NULL,NULL,0,NULL,0,'2023-02-13 13:58:11','2023-02-13 14:00:06',NULL,NULL,NULL,NULL,0,NULL,NULL,4),(5,106,0,30,NULL,NULL,NULL,0,NULL,0,'2023-02-13 13:59:46','2023-02-13 13:59:46',NULL,NULL,NULL,NULL,0,NULL,NULL,4),(5,107,0,30,NULL,NULL,NULL,0,NULL,0,'2023-02-13 14:02:46','2023-02-13 14:02:46',NULL,NULL,NULL,NULL,0,NULL,NULL,4),(5,108,0,30,NULL,NULL,NULL,0,NULL,0,'2023-02-13 14:04:24','2023-02-13 14:04:24',NULL,NULL,NULL,NULL,0,NULL,NULL,4),(5,109,0,30,NULL,NULL,NULL,0,NULL,0,'2023-02-13 14:08:27','2023-02-13 14:09:13',NULL,NULL,NULL,NULL,0,NULL,NULL,4),(5,110,0,30,NULL,NULL,NULL,0,NULL,0,'2023-02-13 14:27:10','2023-02-13 14:27:10',NULL,NULL,NULL,NULL,0,NULL,NULL,4),(5,111,0,30,NULL,NULL,NULL,0,NULL,0,'2023-02-13 14:28:29','2023-02-13 14:28:29',NULL,NULL,NULL,NULL,0,NULL,NULL,4),(5,112,0,30,NULL,NULL,NULL,0,NULL,0,'2023-02-13 14:30:21','2023-02-13 14:30:21',NULL,NULL,NULL,NULL,0,NULL,NULL,4),(5,113,0,30,NULL,NULL,NULL,0,NULL,0,'2023-02-13 14:37:24','2023-02-13 14:39:04',NULL,NULL,NULL,NULL,0,NULL,NULL,4),(5,114,0,30,NULL,NULL,NULL,0,NULL,0,'2023-02-13 14:40:19','2023-02-13 14:40:19',NULL,NULL,NULL,NULL,0,NULL,NULL,4),(5,115,0,30,NULL,NULL,NULL,0,NULL,0,'2023-02-13 14:41:19','2023-02-13 14:41:19',NULL,NULL,NULL,NULL,0,NULL,NULL,4),(5,116,1,30,'2023-06-06',11,NULL,1,'2023-06-06',1,'2023-06-06 11:27:36','2023-06-06 11:44:19','2023-06-06 11:50:00','2023-06-06 12:20:00','157','2023-06-06',1,1,170,4),(6,1,0,10,NULL,NULL,NULL,0,NULL,0,'2021-10-27 15:27:13','2021-10-27 15:27:14',NULL,NULL,NULL,NULL,0,NULL,NULL,5),(7,2,0,117,NULL,NULL,NULL,0,NULL,0,'2022-05-16 13:46:38','2022-05-16 14:10:48',NULL,NULL,NULL,'2022-05-16',1,NULL,NULL,6),(7,6,0,242,NULL,NULL,NULL,0,NULL,0,'2022-05-16 16:03:36','2022-05-16 16:03:36',NULL,NULL,NULL,NULL,0,NULL,NULL,6),(7,7,0,39,NULL,NULL,NULL,1,'2022-05-20',1,'2022-05-17 07:37:50','2022-05-18 15:46:03','2022-05-20 09:00:00','2022-05-20 09:39:00','140',NULL,0,1,0,6),(7,8,0,52,NULL,NULL,NULL,1,'2022-05-20',2,'2022-05-17 07:40:24','2022-05-18 15:46:03','2022-05-20 11:03:00','2022-05-20 11:55:00','140',NULL,0,1,123,6),(7,9,1,58,'2022-05-17',7,NULL,1,'2022-05-17',1,'2022-05-17 08:45:20','2022-05-18 09:36:31','2022-05-17 18:29:00','2022-05-17 19:27:00','137',NULL,0,0,569,6),(7,10,0,49,NULL,NULL,NULL,1,'2022-05-17',2,'2022-05-17 08:47:08','2022-05-18 09:36:31','2022-05-17 19:27:00','2022-05-17 20:16:00','137',NULL,0,0,627,6),(7,11,0,64,NULL,NULL,NULL,1,'2022-05-17',3,'2022-05-17 08:48:43','2022-05-18 09:36:31','2022-05-17 20:16:00','2022-05-17 21:20:00','137',NULL,0,0,676,6),(7,12,0,46,NULL,NULL,NULL,0,NULL,0,'2022-05-17 08:50:01','2022-05-17 10:16:20',NULL,NULL,NULL,NULL,0,NULL,NULL,6),(7,13,0,69,NULL,NULL,NULL,0,NULL,0,'2022-05-17 08:51:53','2022-05-17 09:28:08',NULL,NULL,NULL,NULL,0,NULL,NULL,6),(7,14,0,36,NULL,NULL,NULL,1,'2022-05-17',4,'2022-05-17 09:02:22','2022-05-18 09:36:31','2022-05-17 21:20:00','2022-05-17 21:56:00','137',NULL,0,0,740,6),(7,15,0,60,NULL,NULL,NULL,0,NULL,0,'2022-05-17 09:04:06','2022-05-17 10:16:22',NULL,NULL,NULL,NULL,0,NULL,NULL,6),(7,16,0,31,NULL,NULL,NULL,0,NULL,0,'2022-05-17 09:05:47','2022-05-17 10:16:18',NULL,NULL,NULL,NULL,0,NULL,NULL,6),(7,17,0,40,NULL,NULL,NULL,1,'2022-05-18',1,'2022-05-17 09:07:53','2022-05-18 15:46:03','2022-05-18 15:46:00','2022-05-18 16:26:00','138',NULL,0,1,406,6),(7,18,0,26,NULL,NULL,NULL,0,NULL,0,'2022-05-17 09:09:21','2022-05-17 10:16:00',NULL,NULL,NULL,NULL,0,NULL,NULL,6),(7,19,0,26,NULL,NULL,NULL,0,NULL,0,'2022-05-17 09:13:39','2022-05-17 10:16:21',NULL,NULL,NULL,NULL,0,NULL,NULL,6),(7,20,0,26,NULL,NULL,NULL,1,'2022-05-18',2,'2022-05-17 09:15:30','2022-05-18 15:46:03','2022-05-18 17:06:00','2022-05-18 17:32:00','138',NULL,0,0,486,6),(7,21,0,68,NULL,NULL,NULL,0,NULL,0,'2022-05-17 10:41:12','2022-05-17 10:49:24',NULL,NULL,NULL,'2022-05-17',1,NULL,NULL,6),(7,22,0,49,NULL,NULL,NULL,0,NULL,0,'2022-05-17 10:42:29','2022-05-17 10:42:29',NULL,NULL,NULL,NULL,0,NULL,NULL,6),(7,23,0,84,NULL,NULL,NULL,0,NULL,0,'2022-05-17 10:44:00','2022-05-17 15:21:52',NULL,NULL,NULL,'2022-05-17',1,NULL,NULL,6),(7,24,0,46,NULL,NULL,NULL,0,NULL,0,'2022-05-17 10:45:43','2022-05-17 10:45:43',NULL,NULL,NULL,NULL,0,NULL,NULL,6),(7,25,0,69,NULL,NULL,NULL,0,NULL,0,'2022-05-17 10:47:08','2022-05-17 15:21:52',NULL,NULL,NULL,'2022-05-17',1,NULL,NULL,6),(7,26,0,40,NULL,NULL,NULL,1,'2022-05-18',1,'2022-05-17 10:52:12','2022-05-18 15:46:03','2022-05-18 16:26:00','2022-05-18 17:06:00','138','2022-05-17',1,0,446,6),(7,27,0,59,NULL,NULL,NULL,0,NULL,0,'2022-05-17 10:53:23','2022-05-17 15:21:52',NULL,NULL,NULL,'2022-05-17',1,NULL,NULL,6),(7,28,0,56,NULL,NULL,NULL,1,'2022-05-23',1,'2022-05-17 13:58:29','2022-05-18 15:46:03','2022-05-23 09:00:00','2022-05-23 09:56:00','143',NULL,0,1,0,6),(7,29,0,71,NULL,NULL,NULL,1,'2022-05-23',2,'2022-05-17 14:00:03','2022-05-18 15:46:03','2022-05-23 09:56:00','2022-05-23 11:07:00','143',NULL,0,1,56,6),(7,30,0,35,NULL,NULL,NULL,1,'2022-05-23',3,'2022-05-17 14:01:27','2022-05-18 15:46:03','2022-05-23 11:07:00','2022-05-23 11:42:00','143',NULL,0,1,127,6),(7,31,0,34,NULL,NULL,NULL,1,'2022-05-23',4,'2022-05-17 14:02:41','2022-05-18 15:46:03','2022-05-23 11:42:00','2022-05-23 12:16:00','143',NULL,0,1,162,6),(7,32,0,53,NULL,NULL,NULL,1,'2022-05-23',5,'2022-05-17 14:04:01','2022-05-18 15:46:03','2022-05-23 12:16:00','2022-05-23 13:09:00','143',NULL,0,1,196,6),(7,33,0,71,NULL,NULL,NULL,1,'2022-05-23',6,'2022-05-17 14:05:21','2022-05-18 15:46:03','2022-05-23 13:09:00','2022-05-23 14:20:00','143',NULL,0,1,249,6),(7,34,0,70,NULL,NULL,NULL,1,'2022-05-20',7,'2022-05-17 14:07:15','2022-05-18 15:46:03','2022-05-20 14:46:00','2022-05-20 15:56:00','140',NULL,0,1,346,6),(7,35,0,55,NULL,NULL,NULL,1,'2022-05-20',5,'2022-05-17 14:10:15','2022-05-18 15:46:03','2022-05-20 13:22:00','2022-05-20 14:17:00','140',NULL,0,1,262,6),(7,36,0,28,NULL,NULL,NULL,1,'2022-05-20',4,'2022-05-17 14:11:30','2022-05-18 15:46:03','2022-05-20 12:54:00','2022-05-20 13:22:00','140',NULL,0,1,234,6),(7,37,0,35,NULL,NULL,NULL,1,'2022-05-20',2,'2022-05-17 14:13:04','2022-05-18 15:46:03','2022-05-20 10:28:00','2022-05-20 11:03:00','140',NULL,0,1,88,6),(7,38,0,66,NULL,NULL,NULL,0,NULL,0,'2022-05-17 14:14:36','2022-05-17 15:37:32',NULL,NULL,NULL,'2022-05-25',1,NULL,NULL,6),(7,39,0,59,NULL,NULL,NULL,0,NULL,0,'2022-05-17 14:16:00','2022-05-18 09:55:04',NULL,NULL,NULL,NULL,0,NULL,NULL,6),(7,40,0,59,NULL,NULL,NULL,1,'2022-05-20',3,'2022-05-17 14:20:55','2022-05-18 15:46:03','2022-05-20 11:55:00','2022-05-20 12:54:00','140',NULL,0,1,175,6),(7,41,0,49,NULL,NULL,NULL,1,'2022-05-20',1,'2022-05-17 14:22:35','2022-05-18 15:46:03','2022-05-20 09:39:00','2022-05-20 10:28:00','140',NULL,0,1,39,6),(7,42,0,29,NULL,NULL,NULL,1,'2022-05-20',6,'2022-05-17 14:24:00','2022-05-18 15:46:03','2022-05-20 14:17:00','2022-05-20 14:46:00','140',NULL,0,1,317,6),(7,43,0,81,NULL,NULL,NULL,0,NULL,0,'2022-05-17 14:25:46','2022-05-18 09:37:54',NULL,NULL,NULL,'2022-05-25',3,NULL,NULL,6),(7,44,0,35,NULL,NULL,NULL,1,'2022-05-23',7,'2022-05-17 14:27:02','2022-05-18 15:46:03','2022-05-23 14:20:00','2022-05-23 14:55:00','143',NULL,0,1,320,6),(7,45,0,37,NULL,NULL,NULL,0,NULL,0,'2022-05-17 14:28:17','2022-05-18 09:37:54',NULL,NULL,NULL,'2022-05-25',4,NULL,NULL,6),(7,46,0,66,NULL,NULL,NULL,1,'2022-05-23',8,'2022-05-17 14:29:38','2022-05-18 15:46:03','2022-05-23 14:55:00','2022-05-23 16:01:00','143',NULL,0,1,355,6),(7,47,0,46,NULL,NULL,NULL,1,'2022-05-23',9,'2022-05-17 14:30:45','2022-05-18 15:46:03','2022-05-23 16:01:00','2022-05-23 16:47:00','143',NULL,0,1,421,6),(7,48,0,32,NULL,NULL,NULL,1,'2022-05-24',1,'2022-05-17 14:31:56','2022-05-18 15:46:03','2022-05-24 09:00:00','2022-05-24 09:32:00','144',NULL,0,1,0,6),(7,49,0,66,NULL,NULL,NULL,1,'2022-05-24',2,'2022-05-17 14:33:07','2022-05-18 15:46:03','2022-05-24 09:32:00','2022-05-24 10:38:00','144',NULL,0,1,32,6),(7,50,0,36,NULL,NULL,NULL,1,'2022-05-24',3,'2022-05-17 14:34:39','2022-05-18 15:46:03','2022-05-24 10:38:00','2022-05-24 11:14:00','144',NULL,0,1,98,6),(7,51,0,61,NULL,NULL,NULL,1,'2022-05-24',4,'2022-05-17 14:35:51','2022-05-18 15:46:03','2022-05-24 11:14:00','2022-05-24 12:15:00','144',NULL,0,1,134,6),(7,52,0,52,NULL,NULL,NULL,1,'2022-05-24',5,'2022-05-17 14:37:18','2022-05-18 15:46:03','2022-05-24 12:15:00','2022-05-24 13:07:00','144',NULL,0,1,195,6),(7,53,0,46,NULL,NULL,NULL,0,NULL,0,'2022-05-17 14:40:57','2022-05-18 09:37:54',NULL,NULL,NULL,'2022-05-25',2,NULL,NULL,6),(7,55,0,61,NULL,NULL,NULL,0,NULL,0,'2022-05-18 15:11:42','2022-05-18 15:43:15',NULL,NULL,NULL,NULL,0,NULL,NULL,6),(7,56,1,57,'2022-06-14',6,NULL,1,'2022-06-14',1,'2022-06-13 10:07:33','2022-06-14 12:51:39','2022-06-14 13:49:00','2022-06-14 14:46:00','165',NULL,0,1,289,6),(7,57,1,58,'2022-06-14',6,NULL,1,'2022-06-14',2,'2022-06-13 10:08:50','2022-06-14 12:51:39','2022-06-14 14:46:00','2022-06-14 15:44:00','165',NULL,0,1,346,6),(7,59,1,20,'2022-06-15',6,NULL,1,'2022-06-14',7,'2022-06-13 10:11:06','2022-06-15 15:44:20','2022-06-14 19:22:00','2022-06-14 19:42:00','165',NULL,0,0,622,6),(7,60,1,56,'2022-06-14',6,NULL,1,'2022-06-14',3,'2022-06-13 10:12:16','2022-06-14 12:51:58','2022-06-14 15:44:00','2022-06-14 16:40:00','165',NULL,0,1,404,6),(7,61,1,61,'2022-06-15',6,NULL,1,'2022-06-14',4,'2022-06-13 10:13:27','2022-06-15 15:43:52','2022-06-14 16:40:00','2022-06-14 17:41:00','165',NULL,0,0,460,6),(7,62,1,59,'2022-06-15',6,NULL,1,'2022-06-14',6,'2022-06-13 10:14:36','2022-06-15 15:44:09','2022-06-14 18:23:00','2022-06-14 19:22:00','165',NULL,0,0,563,6),(7,63,1,42,'2022-06-15',6,NULL,1,'2022-06-14',5,'2022-06-13 10:15:44','2022-06-15 15:44:03','2022-06-14 17:41:00','2022-06-14 18:23:00','165',NULL,0,0,521,6),(7,64,1,65,'2022-06-15',6,NULL,1,'2022-06-15',1,'2022-06-13 10:16:49','2022-06-15 15:44:28','2022-06-15 09:00:00','2022-06-15 10:05:00','166',NULL,0,1,0,6),(7,65,1,65,'2022-06-15',6,NULL,1,'2022-06-15',2,'2022-06-13 10:17:44','2022-06-15 15:44:48','2022-06-15 10:05:00','2022-06-15 11:10:00','166',NULL,0,1,65,6),(7,66,0,57,NULL,NULL,NULL,0,NULL,0,'2023-01-25 14:49:26','2023-01-25 15:14:37',NULL,NULL,NULL,NULL,0,NULL,NULL,6),(7,71,0,10,NULL,NULL,NULL,0,NULL,0,'2023-01-25 15:16:21','2023-01-25 15:18:22',NULL,NULL,NULL,NULL,0,NULL,NULL,6),(7,73,1,38,'2023-01-30',6,NULL,1,'2023-01-30',3,'2023-01-27 11:21:42','2023-01-30 15:14:40','2023-01-30 16:52:00','2023-01-30 17:30:00','30',NULL,0,0,472,6),(7,74,1,41,'2023-01-30',6,NULL,1,'2023-01-30',4,'2023-01-27 11:23:24','2023-01-30 15:14:40','2023-01-30 17:30:00','2023-01-30 18:11:00','30',NULL,0,0,510,6),(7,75,1,66,'2023-01-30',6,NULL,1,'2023-01-30',1,'2023-01-27 11:36:53','2023-01-30 15:14:40','2023-01-30 14:40:00','2023-01-30 15:46:00','30','2023-01-27',1,1,340,6),(7,76,1,66,'2023-01-30',6,NULL,1,'2023-01-30',2,'2023-01-27 11:38:37','2023-01-30 15:14:40','2023-01-30 15:46:00','2023-01-30 16:52:00','30','2023-01-27',2,1,406,6),(7,77,1,90,'2023-01-30',6,NULL,1,'2023-01-30',5,'2023-01-27 11:41:01','2023-01-30 15:14:40','2023-01-30 18:11:00','2023-01-30 19:41:00','30',NULL,0,0,551,6),(7,78,1,90,'2023-01-30',6,NULL,1,'2023-01-30',6,'2023-01-27 11:42:24','2023-01-30 15:14:40','2023-01-30 19:41:00','2023-01-30 21:11:00','30',NULL,0,0,641,6),(7,79,1,36,'2023-01-30',6,NULL,1,'2023-01-30',7,'2023-01-27 11:43:56','2023-01-30 15:14:40','2023-01-30 21:11:00','2023-01-30 21:47:00','30',NULL,0,0,731,6),(7,80,1,34,'2023-01-30',6,NULL,1,'2023-01-30',8,'2023-01-27 12:25:42','2023-01-30 15:14:40','2023-01-30 21:47:00','2023-01-30 22:21:00','30',NULL,0,0,767,6),(7,81,1,36,'2023-01-30',6,NULL,1,'2023-01-30',9,'2023-01-27 12:27:14','2023-01-30 15:14:40','2023-01-30 22:21:00','2023-01-30 22:57:00','30',NULL,0,0,801,6),(7,84,0,10,NULL,NULL,NULL,0,NULL,0,'2023-02-01 15:05:07','2023-02-01 15:05:07',NULL,NULL,NULL,NULL,0,NULL,NULL,6),(7,87,0,129,'2023-02-01',6,NULL,0,NULL,0,'2023-01-30 14:39:09','2023-02-01 13:51:59',NULL,NULL,NULL,NULL,0,NULL,NULL,6),(7,88,0,48,NULL,NULL,NULL,0,NULL,0,'2023-02-01 13:39:37','2023-02-01 15:22:11',NULL,NULL,NULL,NULL,0,NULL,NULL,6),(7,89,0,10,'2023-02-01',6,NULL,0,NULL,0,'2023-02-01 14:33:00','2023-02-01 15:21:11',NULL,NULL,NULL,NULL,0,NULL,NULL,6),(7,90,1,10,'2023-02-01',6,NULL,1,'2023-02-01',1,'2023-02-01 14:32:35','2023-02-01 15:28:20','2023-02-01 16:12:00','2023-02-01 16:22:00','32','2023-02-01',1,1,432,6),(7,96,1,132,'2023-02-06',6,NULL,0,NULL,0,'2023-02-02 14:07:56','2023-02-28 07:59:48',NULL,NULL,NULL,'2023-02-02',1,NULL,NULL,6),(7,97,1,128,'2023-02-06',6,NULL,0,NULL,0,'2023-02-02 14:09:35','2023-02-28 07:59:48',NULL,NULL,NULL,'2023-02-02',2,NULL,NULL,6),(7,98,1,40,'2023-02-06',6,NULL,1,'2023-02-03',1,'2023-02-02 14:11:08','2023-02-28 07:59:48','2023-02-03 09:00:00','2023-02-03 09:40:00','34',NULL,0,1,0,6),(7,99,1,50,'2023-02-06',6,NULL,1,'2023-02-03',2,'2023-02-02 14:12:09','2023-02-28 07:59:48','2023-02-03 09:40:00','2023-02-03 10:30:00','34',NULL,0,1,40,6),(7,100,1,40,'2023-02-06',6,NULL,1,'2023-02-03',3,'2023-02-02 14:13:15','2023-02-28 07:59:48','2023-02-03 10:30:00','2023-02-03 11:10:00','34',NULL,0,1,90,6),(7,101,1,57,'2023-02-06',6,NULL,1,'2023-02-03',4,'2023-02-02 14:17:19','2023-02-28 07:59:48','2023-02-03 11:10:00','2023-02-03 12:07:00','34',NULL,0,1,130,6),(7,102,1,34,'2023-02-06',6,NULL,1,'2023-02-03',5,'2023-02-02 14:18:27','2023-02-28 07:59:48','2023-02-03 12:07:00','2023-02-03 12:41:00','34',NULL,0,1,187,6),(7,103,0,117,NULL,NULL,NULL,0,NULL,0,'2023-02-10 08:26:34','2023-02-13 15:42:37',NULL,NULL,NULL,'2023-02-13',1,NULL,NULL,6),(7,104,0,125,NULL,NULL,NULL,1,'2023-02-14',1,'2023-02-13 13:56:18','2023-02-28 07:59:48','2023-02-14 09:50:00','2023-02-14 11:55:00','45','2023-02-14',1,1,50,6),(7,105,0,60,NULL,NULL,NULL,0,NULL,0,'2023-02-13 13:58:11','2023-02-13 14:00:06',NULL,NULL,NULL,NULL,0,NULL,NULL,6),(7,108,0,62,NULL,NULL,NULL,0,NULL,0,'2023-02-13 14:04:24','2023-02-13 14:04:24',NULL,NULL,NULL,NULL,0,NULL,NULL,6),(7,114,0,129,NULL,NULL,NULL,0,NULL,0,'2023-02-13 14:40:19','2023-02-13 14:40:19',NULL,NULL,NULL,NULL,0,NULL,NULL,6),(7,116,1,118,'2023-06-06',11,NULL,1,'2023-06-06',1,'2023-06-06 11:27:36','2023-06-06 11:47:50','2023-06-06 12:20:00','2023-06-06 14:18:00','157','2023-06-06',1,1,200,6),(9,4,1,40,'2022-05-16',11,NULL,1,'2022-05-16',1,'2022-05-16 14:24:24','2022-05-16 15:02:40','2022-05-16 17:13:00','2022-05-16 17:53:00','136','2022-05-16',1,0,493,8),(9,5,0,40,NULL,NULL,NULL,1,'2022-05-17',1,'2022-05-16 15:01:25','2022-05-18 09:36:31','2022-05-17 09:30:00','2022-05-17 10:10:00','137','2022-05-16',1,1,30,8),(9,72,0,10,NULL,NULL,NULL,0,NULL,0,'2023-01-25 15:17:01','2023-01-25 15:17:01',NULL,NULL,NULL,NULL,0,NULL,NULL,8),(9,82,1,33,'2023-01-31',6,NULL,1,'2023-01-31',1,'2023-01-30 14:31:53','2023-02-01 15:28:20','2023-01-31 09:00:00','2023-01-31 09:33:00','31',NULL,0,1,0,8),(9,83,0,30,'2023-01-30',6,NULL,0,NULL,0,'2023-01-30 14:33:24','2023-02-01 14:14:11',NULL,NULL,NULL,NULL,0,NULL,NULL,8),(9,85,1,30,'2023-01-31',6,NULL,1,'2023-01-31',2,'2023-01-30 14:35:43','2023-02-01 15:28:20','2023-01-31 09:33:00','2023-01-31 10:03:00','31',NULL,0,1,33,8),(9,86,1,30,'2023-01-31',6,NULL,1,'2023-01-31',3,'2023-01-30 14:36:53','2023-02-01 15:28:20','2023-01-31 10:03:00','2023-01-31 10:33:00','31',NULL,0,1,63,8),(9,91,1,28,'2023-02-09',6,NULL,1,'2023-02-03',1,'2023-02-02 13:59:13','2023-02-28 07:59:48','2023-02-03 09:00:00','2023-02-03 09:28:00','34',NULL,0,1,0,8),(9,92,1,28,'2023-02-09',6,NULL,1,'2023-02-03',2,'2023-02-02 14:02:36','2023-02-28 07:59:48','2023-02-03 09:28:00','2023-02-03 09:56:00','34',NULL,0,1,28,8),(9,93,1,28,'2023-02-09',6,NULL,1,'2023-02-03',3,'2023-02-02 14:03:40','2023-02-28 07:59:48','2023-02-03 09:56:00','2023-02-03 10:24:00','34',NULL,0,1,56,8),(9,94,1,28,'2023-02-09',6,NULL,1,'2023-02-03',4,'2023-02-02 14:04:38','2023-02-28 07:59:48','2023-02-03 10:24:00','2023-02-03 10:52:00','34',NULL,0,1,84,8),(9,95,1,30,'2023-02-09',6,NULL,1,'2023-02-03',5,'2023-02-02 14:06:18','2023-02-28 07:59:48','2023-02-03 10:52:00','2023-02-03 11:22:00','34',NULL,0,1,112,8),(9,106,0,48,NULL,NULL,NULL,0,NULL,0,'2023-02-13 13:59:46','2023-02-13 13:59:46',NULL,NULL,NULL,NULL,0,NULL,NULL,8),(9,107,0,48,NULL,NULL,NULL,0,NULL,0,'2023-02-13 14:02:46','2023-02-13 14:02:46',NULL,NULL,NULL,NULL,0,NULL,NULL,8),(9,109,0,48,NULL,NULL,NULL,0,NULL,0,'2023-02-13 14:08:27','2023-02-13 14:09:13',NULL,NULL,NULL,NULL,0,NULL,NULL,8),(9,110,0,54,NULL,NULL,NULL,0,NULL,0,'2023-02-13 14:27:10','2023-02-13 14:27:10',NULL,NULL,NULL,NULL,0,NULL,NULL,8),(9,111,0,59,NULL,NULL,NULL,0,NULL,0,'2023-02-13 14:28:29','2023-02-13 14:28:29',NULL,NULL,NULL,NULL,0,NULL,NULL,8),(9,112,0,54,NULL,NULL,NULL,0,NULL,0,'2023-02-13 14:30:21','2023-02-13 14:30:21',NULL,NULL,NULL,NULL,0,NULL,NULL,8),(9,113,0,57,NULL,NULL,NULL,0,NULL,0,'2023-02-13 14:37:24','2023-02-13 14:39:04',NULL,NULL,NULL,NULL,0,NULL,NULL,8),(9,115,0,52,NULL,NULL,NULL,0,NULL,0,'2023-02-13 14:41:19','2023-02-13 14:41:19',NULL,NULL,NULL,NULL,0,NULL,NULL,8),(12,88,0,19,NULL,NULL,NULL,0,NULL,0,'2023-02-01 13:39:37','2023-02-01 15:22:11',NULL,NULL,NULL,NULL,0,NULL,NULL,11),(13,2,0,37,NULL,NULL,NULL,0,NULL,0,'2022-05-16 13:46:38','2022-05-16 14:10:48',NULL,NULL,NULL,'2022-05-16',1,NULL,NULL,12),(13,4,1,15,'2022-05-16',11,NULL,1,'2022-05-16',1,'2022-05-16 14:24:24','2022-05-16 15:02:40','2022-05-16 17:53:00','2022-05-16 18:08:00','136','2022-05-16',1,0,533,12),(13,5,0,15,NULL,NULL,NULL,1,'2022-05-17',1,'2022-05-16 15:01:25','2022-05-18 09:36:31','2022-05-17 10:10:00','2022-05-17 10:25:00','137','2022-05-16',1,1,70,12),(13,6,0,44,NULL,NULL,NULL,0,NULL,0,'2022-05-16 16:03:36','2022-05-16 16:03:36',NULL,NULL,NULL,NULL,0,NULL,NULL,12),(13,7,0,24,NULL,NULL,NULL,1,'2022-05-24',1,'2022-05-17 07:37:50','2022-05-18 15:46:03','2022-05-24 09:00:00','2022-05-24 09:24:00','144',NULL,0,1,0,12),(13,8,0,28,NULL,NULL,NULL,1,'2022-05-24',2,'2022-05-17 07:40:24','2022-05-18 15:46:03','2022-05-24 13:35:00','2022-05-24 14:03:00','144',NULL,0,1,275,12),(13,14,0,24,NULL,NULL,NULL,1,'2022-05-17',1,'2022-05-17 09:02:22','2022-05-18 09:36:31','2022-05-17 22:20:00','2022-05-17 22:20:00','137',NULL,0,0,800,12),(13,17,0,23,NULL,NULL,NULL,0,NULL,0,'2022-05-17 09:07:53','2022-05-17 09:09:33',NULL,NULL,NULL,NULL,0,NULL,NULL,12),(13,25,0,26,NULL,NULL,NULL,0,NULL,0,'2022-05-17 10:47:08','2022-05-17 15:21:52',NULL,NULL,NULL,'2022-05-17',1,NULL,NULL,12),(13,26,0,23,NULL,NULL,NULL,1,'2022-05-18',1,'2022-05-17 10:52:12','2022-05-18 15:46:03','2022-05-18 17:06:00','2022-05-18 17:29:00','138','2022-05-17',1,0,486,12),(13,27,0,21,NULL,NULL,NULL,0,NULL,0,'2022-05-17 10:53:23','2022-05-17 15:21:52',NULL,NULL,NULL,'2022-05-17',1,NULL,NULL,12),(13,37,0,24,NULL,NULL,NULL,1,'2022-05-20',1,'2022-05-17 14:13:04','2022-05-18 15:46:03','2022-05-20 11:03:00','2022-05-20 11:27:00','140',NULL,0,1,123,12),(13,41,0,25,NULL,NULL,NULL,1,'2022-05-20',2,'2022-05-17 14:22:35','2022-05-18 15:46:03','2022-05-20 11:27:00','2022-05-20 11:52:00','140',NULL,0,1,147,12),(13,48,0,23,NULL,NULL,NULL,1,'2022-05-25',1,'2022-05-17 14:31:56','2022-05-18 15:46:03','2022-05-25 09:00:00','2022-05-25 09:23:00','145',NULL,0,1,0,12),(13,52,0,28,NULL,NULL,NULL,1,'2022-05-24',1,'2022-05-17 14:37:18','2022-05-18 15:46:03','2022-05-24 13:07:00','2022-05-24 13:35:00','144',NULL,0,1,247,12),(13,55,0,52,NULL,NULL,NULL,0,NULL,0,'2022-05-18 15:11:42','2022-05-18 15:43:15',NULL,NULL,NULL,NULL,0,NULL,NULL,12),(13,71,0,10,NULL,NULL,NULL,0,NULL,0,'2023-01-25 15:16:21','2023-01-25 15:18:22',NULL,NULL,NULL,NULL,0,NULL,NULL,12),(13,72,0,10,NULL,NULL,NULL,0,NULL,0,'2023-01-25 15:17:01','2023-01-25 15:17:01',NULL,NULL,NULL,NULL,0,NULL,NULL,12),(13,74,1,26,'2023-01-30',6,NULL,1,'2023-01-30',1,'2023-01-27 11:23:24','2023-01-30 15:14:40','2023-01-30 18:11:00','2023-01-30 18:37:00','30',NULL,0,0,551,12),(13,79,1,24,'2023-01-30',6,NULL,1,'2023-01-30',2,'2023-01-27 11:43:56','2023-01-30 15:14:40','2023-01-30 21:47:00','2023-01-30 22:11:00','30',NULL,0,0,767,12),(13,82,1,23,'2023-01-31',6,NULL,1,'2023-01-31',1,'2023-01-30 14:31:53','2023-02-01 15:28:20','2023-01-31 09:33:00','2023-01-31 09:56:00','31',NULL,0,1,33,12),(13,83,0,23,'2023-01-30',6,NULL,0,NULL,0,'2023-01-30 14:33:24','2023-01-30 15:14:40',NULL,NULL,NULL,NULL,0,NULL,NULL,12),(13,85,1,23,'2023-01-31',6,NULL,1,'2023-01-31',2,'2023-01-30 14:35:43','2023-02-01 15:28:20','2023-01-31 10:03:00','2023-01-31 10:26:00','31',NULL,0,1,63,12),(13,86,1,23,'2023-01-31',6,NULL,1,'2023-01-31',3,'2023-01-30 14:36:53','2023-02-01 15:28:20','2023-01-31 10:33:00','2023-01-31 10:56:00','31',NULL,0,1,93,12),(13,87,0,39,'2023-02-01',6,NULL,0,NULL,0,'2023-01-30 14:39:09','2023-02-01 13:51:59',NULL,NULL,NULL,NULL,0,NULL,NULL,12),(13,88,0,20,NULL,NULL,NULL,0,NULL,0,'2023-02-01 13:39:37','2023-02-01 15:22:11',NULL,NULL,NULL,NULL,0,NULL,NULL,12),(13,89,0,30,'2023-02-01',6,NULL,0,NULL,0,'2023-02-01 14:33:00','2023-02-01 15:21:11',NULL,NULL,NULL,NULL,0,NULL,NULL,12),(13,90,1,20,'2023-02-01',6,NULL,1,'2023-02-01',1,'2023-02-01 14:32:35','2023-02-01 15:28:20','2023-02-01 16:22:00','2023-02-01 16:42:00','32','2023-02-01',1,1,442,12),(13,91,1,22,'2023-02-09',6,NULL,1,'2023-02-06',1,'2023-02-02 13:59:13','2023-02-28 07:59:48','2023-02-06 09:00:00','2023-02-06 09:22:00','37',NULL,0,1,0,12),(13,92,1,22,'2023-02-09',6,NULL,1,'2023-02-06',2,'2023-02-02 14:02:36','2023-02-28 07:59:48','2023-02-06 09:22:00','2023-02-06 09:44:00','37',NULL,0,1,22,12),(13,93,1,22,'2023-02-09',6,NULL,1,'2023-02-06',3,'2023-02-02 14:03:40','2023-02-28 07:59:48','2023-02-06 09:44:00','2023-02-06 10:06:00','37',NULL,0,1,44,12),(13,94,1,22,'2023-02-09',6,NULL,1,'2023-02-06',4,'2023-02-02 14:04:38','2023-02-28 07:59:48','2023-02-06 10:06:00','2023-02-06 10:28:00','37',NULL,0,1,66,12),(13,95,1,23,'2023-02-09',6,NULL,1,'2023-02-06',5,'2023-02-02 14:06:18','2023-02-28 07:59:48','2023-02-06 10:28:00','2023-02-06 10:51:00','37',NULL,0,1,88,12),(13,96,1,40,'2023-02-06',6,NULL,0,NULL,0,'2023-02-02 14:07:56','2023-02-28 07:59:48',NULL,NULL,NULL,'2023-02-02',1,NULL,NULL,12),(13,97,1,37,'2023-02-06',6,NULL,0,NULL,0,'2023-02-02 14:09:35','2023-02-28 07:59:48',NULL,NULL,NULL,'2023-02-02',2,NULL,NULL,12),(13,103,0,37,NULL,NULL,NULL,0,NULL,0,'2023-02-10 08:26:34','2023-02-13 15:42:37',NULL,NULL,NULL,'2023-02-13',1,NULL,NULL,12),(13,104,0,36,NULL,NULL,NULL,1,'2023-02-14',1,'2023-02-13 13:56:18','2023-02-28 07:59:48','2023-02-14 12:05:00','2023-02-14 12:41:00','45','2023-02-14',1,1,185,15),(13,105,0,31,NULL,NULL,NULL,0,NULL,0,'2023-02-13 13:58:11','2023-02-13 14:00:06',NULL,NULL,NULL,NULL,0,NULL,NULL,12),(13,106,0,25,NULL,NULL,NULL,0,NULL,0,'2023-02-13 13:59:46','2023-02-13 13:59:46',NULL,NULL,NULL,NULL,0,NULL,NULL,12),(13,107,0,25,NULL,NULL,NULL,0,NULL,0,'2023-02-13 14:02:46','2023-02-13 14:02:46',NULL,NULL,NULL,NULL,0,NULL,NULL,12),(13,108,0,32,NULL,NULL,NULL,0,NULL,0,'2023-02-13 14:04:24','2023-02-13 14:04:24',NULL,NULL,NULL,NULL,0,NULL,NULL,12),(13,109,0,27,NULL,NULL,NULL,0,NULL,0,'2023-02-13 14:08:27','2023-02-13 14:09:13',NULL,NULL,NULL,NULL,0,NULL,NULL,12),(13,110,0,30,NULL,NULL,NULL,0,NULL,0,'2023-02-13 14:27:10','2023-02-13 14:27:10',NULL,NULL,NULL,NULL,0,NULL,NULL,12),(13,111,0,30,NULL,NULL,NULL,0,NULL,0,'2023-02-13 14:28:29','2023-02-13 14:28:29',NULL,NULL,NULL,NULL,0,NULL,NULL,12),(13,112,0,30,NULL,NULL,NULL,0,NULL,0,'2023-02-13 14:30:21','2023-02-13 14:30:21',NULL,NULL,NULL,NULL,0,NULL,NULL,12),(13,113,0,30,NULL,NULL,NULL,0,NULL,0,'2023-02-13 14:37:24','2023-02-13 14:39:04',NULL,NULL,NULL,NULL,0,NULL,NULL,12),(13,114,0,39,NULL,NULL,NULL,0,NULL,0,'2023-02-13 14:40:19','2023-02-13 14:40:19',NULL,NULL,NULL,NULL,0,NULL,NULL,12),(13,115,0,28,NULL,NULL,NULL,0,NULL,0,'2023-02-13 14:41:19','2023-02-13 14:41:19',NULL,NULL,NULL,NULL,0,NULL,NULL,12),(13,116,0,28,NULL,NULL,NULL,1,'2023-06-06',1,'2023-06-06 11:27:36','2023-06-06 11:42:19','2023-06-06 14:18:00','2023-06-06 14:46:00','157','2023-06-06',1,1,318,12),(14,2,0,10,NULL,NULL,NULL,0,NULL,0,'2022-05-16 13:46:38','2022-05-16 14:10:48',NULL,NULL,NULL,'2022-05-16',1,NULL,NULL,13),(14,6,0,10,NULL,NULL,NULL,0,NULL,0,'2022-05-16 16:03:36','2022-05-16 16:03:36',NULL,NULL,NULL,NULL,0,NULL,NULL,13),(14,88,1,10,'2023-02-01',6,NULL,0,NULL,0,'2023-02-01 13:39:37','2023-02-01 15:24:55',NULL,NULL,NULL,NULL,0,NULL,NULL,13),(15,2,0,27,NULL,NULL,NULL,0,NULL,0,'2022-05-16 13:46:38','2022-05-16 14:10:48',NULL,NULL,NULL,'2022-05-16',1,NULL,NULL,14),(15,6,0,58,NULL,NULL,NULL,0,NULL,0,'2022-05-16 16:03:36','2022-05-16 16:03:36',NULL,NULL,NULL,NULL,0,NULL,NULL,14),(15,88,0,10,NULL,NULL,NULL,0,NULL,0,'2023-02-01 13:39:37','2023-02-01 15:22:11',NULL,NULL,NULL,NULL,0,NULL,NULL,14),(16,104,0,10,NULL,NULL,NULL,1,'2023-02-14',1,'2023-02-13 14:46:31','2023-02-28 07:59:48','2023-02-14 11:55:00','2023-02-14 12:05:00','45',NULL,0,1,175,12),(18,1,0,20,NULL,NULL,NULL,0,NULL,0,'2021-10-27 15:27:13','2021-10-27 15:27:14',NULL,NULL,NULL,NULL,0,NULL,NULL,17),(18,2,0,20,NULL,NULL,NULL,0,NULL,0,'2022-05-16 13:46:38','2022-05-16 14:10:48',NULL,NULL,NULL,'2022-05-16',1,NULL,NULL,17),(18,3,0,10,NULL,NULL,NULL,1,'2022-05-16',1,'2022-05-16 13:51:37','2022-05-16 15:02:40','2022-05-16 15:02:00','2022-05-16 15:12:00','136',NULL,0,1,362,17),(18,4,1,20,'2022-05-16',11,NULL,1,'2022-05-16',1,'2022-05-16 14:24:24','2022-05-16 15:02:40','2022-05-16 18:08:00','2022-05-16 18:28:00','136','2022-05-16',1,0,548,17),(18,5,0,20,NULL,NULL,NULL,1,'2022-05-17',1,'2022-05-16 15:01:25','2022-05-18 09:36:31','2022-05-17 10:25:00','2022-05-17 10:45:00','137','2022-05-16',1,1,85,17),(18,6,0,10,NULL,NULL,NULL,0,NULL,0,'2022-05-16 16:03:36','2022-05-16 16:03:36',NULL,NULL,NULL,NULL,0,NULL,NULL,17),(18,7,0,20,NULL,NULL,NULL,1,'2022-05-24',1,'2022-05-17 07:37:50','2022-05-18 15:46:03','2022-05-24 09:24:00','2022-05-24 09:44:00','144',NULL,0,1,24,17),(18,8,0,20,NULL,NULL,NULL,1,'2022-05-24',2,'2022-05-17 07:40:24','2022-05-18 15:46:03','2022-05-24 14:03:00','2022-05-24 14:23:00','144',NULL,0,1,303,17),(18,9,1,20,'2022-05-17',7,NULL,1,'2022-05-17',1,'2022-05-17 08:45:20','2022-05-18 09:36:31','2022-05-17 19:47:00','2022-05-17 19:47:00','137',NULL,0,0,647,17),(18,10,0,20,NULL,NULL,NULL,1,'2022-05-17',2,'2022-05-17 08:47:08','2022-05-18 09:36:31','2022-05-17 20:16:00','2022-05-17 20:36:00','137',NULL,0,0,676,17),(18,11,0,20,NULL,NULL,NULL,1,'2022-05-17',3,'2022-05-17 08:48:43','2022-05-18 09:36:31','2022-05-17 21:20:00','2022-05-17 21:40:00','137',NULL,0,0,740,17),(18,12,0,20,NULL,NULL,NULL,0,NULL,0,'2022-05-17 08:50:01','2022-05-17 08:54:52',NULL,NULL,NULL,NULL,0,NULL,NULL,17),(18,13,0,20,NULL,NULL,NULL,0,NULL,0,'2022-05-17 08:51:53','2022-05-17 08:56:52',NULL,NULL,NULL,NULL,0,NULL,NULL,17),(18,14,0,20,NULL,NULL,NULL,1,'2022-05-17',4,'2022-05-17 09:02:22','2022-05-18 09:36:31','2022-05-17 22:20:00','2022-05-17 22:40:00','137',NULL,0,0,800,17),(18,15,0,20,NULL,NULL,NULL,0,NULL,0,'2022-05-17 09:04:06','2022-05-17 09:04:06',NULL,NULL,NULL,NULL,0,NULL,NULL,17),(18,16,0,20,NULL,NULL,NULL,0,NULL,0,'2022-05-17 09:05:47','2022-05-17 09:05:48',NULL,NULL,NULL,NULL,0,NULL,NULL,17),(18,17,0,20,NULL,NULL,NULL,0,NULL,0,'2022-05-17 09:07:53','2022-05-17 09:09:33',NULL,NULL,NULL,NULL,0,NULL,NULL,17),(18,18,0,20,NULL,NULL,NULL,0,NULL,0,'2022-05-17 09:09:21','2022-05-17 09:09:21',NULL,NULL,NULL,NULL,0,NULL,NULL,17),(18,19,0,20,NULL,NULL,NULL,0,NULL,0,'2022-05-17 09:13:39','2022-05-17 09:13:39',NULL,NULL,NULL,NULL,0,NULL,NULL,17),(18,20,0,20,NULL,NULL,NULL,0,NULL,0,'2022-05-17 09:15:30','2022-05-17 09:15:30',NULL,NULL,NULL,NULL,0,NULL,NULL,17),(18,21,0,20,NULL,NULL,NULL,0,NULL,0,'2022-05-17 10:41:12','2022-05-17 10:49:24',NULL,NULL,NULL,'2022-05-17',1,NULL,NULL,17),(18,22,0,20,NULL,NULL,NULL,0,NULL,0,'2022-05-17 10:42:29','2022-05-17 10:42:29',NULL,NULL,NULL,NULL,0,NULL,NULL,17),(18,23,0,20,NULL,NULL,NULL,0,NULL,0,'2022-05-17 10:44:00','2022-05-17 15:21:52',NULL,NULL,NULL,'2022-05-17',1,NULL,NULL,17),(18,24,0,20,NULL,NULL,NULL,0,NULL,0,'2022-05-17 10:45:43','2022-05-17 10:45:43',NULL,NULL,NULL,NULL,0,NULL,NULL,17),(18,25,0,20,NULL,NULL,NULL,0,NULL,0,'2022-05-17 10:47:08','2022-05-17 15:21:52',NULL,NULL,NULL,'2022-05-17',1,NULL,NULL,17),(18,26,0,20,NULL,NULL,NULL,1,'2022-05-18',1,'2022-05-17 10:52:12','2022-05-18 15:46:03','2022-05-18 17:29:00','2022-05-18 17:49:00','138','2022-05-17',1,0,509,17),(18,27,0,20,NULL,NULL,NULL,0,NULL,0,'2022-05-17 10:53:23','2022-05-17 15:21:52',NULL,NULL,NULL,'2022-05-17',1,NULL,NULL,17),(18,28,0,20,NULL,NULL,NULL,1,'2022-05-25',7,'2022-05-17 13:58:29','2022-05-18 15:46:03','2022-05-25 11:00:00','2022-05-25 11:20:00','145',NULL,0,1,120,17),(18,29,0,20,NULL,NULL,NULL,1,'2022-05-25',8,'2022-05-17 14:00:03','2022-05-18 15:46:03','2022-05-25 11:20:00','2022-05-25 11:40:00','145',NULL,0,1,140,17),(18,30,0,20,NULL,NULL,NULL,1,'2022-05-25',9,'2022-05-17 14:01:27','2022-05-18 15:46:03','2022-05-25 11:40:00','2022-05-25 12:00:00','145',NULL,0,1,160,17),(18,31,0,20,NULL,NULL,NULL,1,'2022-05-25',10,'2022-05-17 14:02:41','2022-05-18 15:46:03','2022-05-25 12:00:00','2022-05-25 12:20:00','145',NULL,0,1,180,17),(18,32,0,20,NULL,NULL,NULL,1,'2022-05-25',11,'2022-05-17 14:04:01','2022-05-18 15:46:03','2022-05-25 12:20:00','2022-05-25 12:40:00','145',NULL,0,1,200,17),(18,33,0,20,NULL,NULL,NULL,1,'2022-05-25',12,'2022-05-17 14:05:21','2022-05-18 15:46:03','2022-05-25 12:40:00','2022-05-25 13:00:00','145',NULL,0,1,220,17),(18,34,0,20,NULL,NULL,NULL,1,'2022-05-25',13,'2022-05-17 14:07:15','2022-05-18 15:46:03','2022-05-25 13:00:00','2022-05-25 13:20:00','145',NULL,0,1,240,17),(18,35,0,20,NULL,NULL,NULL,1,'2022-05-25',6,'2022-05-17 14:10:15','2022-05-18 15:46:03','2022-05-25 10:40:00','2022-05-25 11:00:00','145',NULL,0,1,100,17),(18,36,0,20,NULL,NULL,NULL,1,'2022-05-25',4,'2022-05-17 14:11:30','2022-05-18 15:46:03','2022-05-25 10:00:00','2022-05-25 10:20:00','145',NULL,0,1,60,17),(18,37,0,20,NULL,NULL,NULL,1,'2022-05-25',2,'2022-05-17 14:13:04','2022-05-18 15:46:03','2022-05-25 09:20:00','2022-05-25 09:40:00','145',NULL,0,1,20,17),(18,38,0,20,NULL,NULL,NULL,0,NULL,0,'2022-05-17 14:14:36','2022-05-17 15:39:57',NULL,NULL,NULL,'2022-05-25',1,NULL,NULL,17),(18,39,0,20,NULL,NULL,NULL,0,NULL,0,'2022-05-17 14:16:00','2022-05-18 09:55:04',NULL,NULL,NULL,NULL,0,NULL,NULL,17),(18,40,0,20,NULL,NULL,NULL,1,'2022-05-25',1,'2022-05-17 14:20:55','2022-05-18 15:46:03','2022-05-25 09:00:00','2022-05-25 09:20:00','145',NULL,0,1,0,17),(18,41,0,20,NULL,NULL,NULL,1,'2022-05-25',3,'2022-05-17 14:22:35','2022-05-18 15:46:03','2022-05-25 09:40:00','2022-05-25 10:00:00','145',NULL,0,1,40,17),(18,42,0,20,NULL,NULL,NULL,1,'2022-05-25',5,'2022-05-17 14:24:00','2022-05-18 15:46:03','2022-05-25 10:20:00','2022-05-25 10:40:00','145',NULL,0,1,80,17),(18,43,0,20,NULL,NULL,NULL,0,NULL,0,'2022-05-17 14:25:46','2022-05-18 09:37:54',NULL,NULL,NULL,'2022-05-25',3,NULL,NULL,17),(18,44,0,20,NULL,NULL,NULL,1,'2022-05-25',14,'2022-05-17 14:27:02','2022-05-18 15:46:03','2022-05-25 13:20:00','2022-05-25 13:40:00','145',NULL,0,1,260,17),(18,45,0,20,NULL,NULL,NULL,0,NULL,0,'2022-05-17 14:28:17','2022-05-18 09:37:54',NULL,NULL,NULL,'2022-05-25',4,NULL,NULL,17),(18,46,0,20,NULL,NULL,NULL,1,'2022-05-25',15,'2022-05-17 14:29:38','2022-05-18 15:46:03','2022-05-25 13:40:00','2022-05-25 14:00:00','145',NULL,0,1,280,17),(18,47,0,20,NULL,NULL,NULL,1,'2022-05-25',16,'2022-05-17 14:30:45','2022-05-18 15:46:03','2022-05-25 14:00:00','2022-05-25 14:20:00','145',NULL,0,1,300,17),(18,48,0,20,NULL,NULL,NULL,1,'2022-05-25',17,'2022-05-17 14:31:56','2022-05-18 15:46:03','2022-05-25 14:20:00','2022-05-25 14:40:00','145',NULL,0,1,320,17),(18,49,0,20,NULL,NULL,NULL,1,'2022-05-25',18,'2022-05-17 14:33:07','2022-05-18 15:46:03','2022-05-25 14:40:00','2022-05-25 15:00:00','145',NULL,0,1,340,17),(18,50,0,20,NULL,NULL,NULL,1,'2022-05-25',19,'2022-05-17 14:34:39','2022-05-18 15:46:03','2022-05-25 15:00:00','2022-05-25 15:20:00','145',NULL,0,1,360,17),(18,51,0,20,NULL,NULL,NULL,1,'2022-05-26',1,'2022-05-17 14:35:51','2022-05-18 15:46:03','2022-05-26 09:00:00','2022-05-26 09:20:00','146',NULL,0,1,0,17),(18,52,0,20,NULL,NULL,NULL,1,'2022-05-26',2,'2022-05-17 14:37:18','2022-05-18 15:46:03','2022-05-26 09:20:00','2022-05-26 09:40:00','146',NULL,0,1,20,17),(18,53,0,20,NULL,NULL,NULL,0,NULL,0,'2022-05-17 14:40:57','2022-05-18 09:37:54',NULL,NULL,NULL,'2022-05-25',2,NULL,NULL,17),(18,54,0,20,NULL,NULL,NULL,1,'2022-05-31',1,'2022-05-18 10:25:05','2022-05-18 15:46:03','2022-05-31 09:00:00','2022-05-31 09:20:00','151',NULL,0,1,0,17),(18,55,0,20,NULL,NULL,NULL,0,NULL,0,'2022-05-18 15:11:42','2022-05-18 15:43:15',NULL,NULL,NULL,NULL,0,NULL,NULL,17),(18,56,1,20,'2022-07-11',6,NULL,1,'2022-06-14',1,'2022-06-13 10:07:33','2022-07-11 14:18:37','2022-06-14 14:46:00','2022-06-14 15:06:00','165',NULL,0,1,346,17),(18,57,1,20,'2022-07-11',6,NULL,1,'2022-06-14',2,'2022-06-13 10:08:50','2022-07-11 14:19:05','2022-06-14 15:44:00','2022-06-14 16:04:00','165',NULL,0,1,404,17),(18,58,1,NULL,'2022-07-11',6,NULL,1,'2022-06-14',6,'2022-06-13 10:10:04','2022-07-11 14:19:12','2022-06-14 20:42:00','2022-06-14 20:42:00','165',NULL,0,0,702,17),(18,59,1,20,'2022-07-11',6,NULL,1,'2022-06-14',3,'2022-06-13 10:11:06','2022-07-11 14:19:21','2022-06-14 19:42:00','2022-06-14 20:02:00','165',NULL,0,0,642,17),(18,60,0,20,NULL,NULL,NULL,1,'2022-06-14',4,'2022-06-13 10:12:16','2022-06-14 12:51:39','2022-06-14 20:02:00','2022-06-14 20:22:00','165',NULL,0,0,662,17),(18,61,0,20,NULL,NULL,NULL,1,'2022-06-14',5,'2022-06-13 10:13:27','2022-06-14 12:51:39','2022-06-14 20:22:00','2022-06-14 20:42:00','165',NULL,0,0,682,17),(18,62,0,20,NULL,NULL,NULL,1,'2022-06-15',3,'2022-06-13 10:14:36','2022-06-14 12:51:39','2022-06-15 11:50:00','2022-06-15 12:10:00','166',NULL,0,1,170,17),(18,63,0,20,NULL,NULL,NULL,1,'2022-06-15',4,'2022-06-13 10:15:44','2022-06-14 12:51:39','2022-06-15 12:10:00','2022-06-15 12:30:00','166',NULL,0,1,190,17),(18,64,0,20,NULL,NULL,NULL,1,'2022-06-15',2,'2022-06-13 10:16:49','2022-06-14 12:51:39','2022-06-15 11:30:00','2022-06-15 11:50:00','166',NULL,0,1,150,17),(18,65,0,20,NULL,NULL,NULL,1,'2022-06-15',1,'2022-06-13 10:17:44','2022-06-14 12:51:39','2022-06-15 11:10:00','2022-06-15 11:30:00','166',NULL,0,1,130,17),(18,66,0,20,NULL,NULL,NULL,0,NULL,0,'2023-01-25 14:24:31','2023-01-25 15:14:37',NULL,NULL,NULL,NULL,0,NULL,NULL,17),(18,67,0,10,NULL,NULL,NULL,0,NULL,0,'2023-01-25 14:41:36','2023-01-25 14:41:36',NULL,NULL,NULL,NULL,0,NULL,NULL,17),(18,68,0,10,NULL,NULL,NULL,0,NULL,0,'2023-01-25 14:41:46','2023-01-25 14:41:46',NULL,NULL,NULL,NULL,0,NULL,NULL,17),(18,69,0,10,NULL,NULL,NULL,0,NULL,0,'2023-01-25 14:52:17','2023-01-25 15:15:00',NULL,NULL,NULL,NULL,0,NULL,NULL,17),(18,70,0,10,NULL,NULL,NULL,0,NULL,0,'2023-01-25 15:00:14','2023-01-25 15:00:14',NULL,NULL,NULL,NULL,0,NULL,NULL,17),(18,71,0,20,NULL,NULL,NULL,0,NULL,0,'2023-01-25 15:16:21','2023-01-25 15:18:22',NULL,NULL,NULL,NULL,0,NULL,NULL,17),(18,72,0,20,NULL,NULL,NULL,0,NULL,0,'2023-01-25 15:17:01','2023-01-25 15:17:01',NULL,NULL,NULL,NULL,0,NULL,NULL,17),(18,73,1,20,'2023-01-31',6,NULL,1,'2023-01-31',3,'2023-01-27 11:21:42','2023-02-01 15:28:20','2023-01-31 09:40:00','2023-01-31 10:00:00','31',NULL,0,1,40,17),(18,74,1,20,'2023-01-31',6,NULL,1,'2023-01-31',4,'2023-01-27 11:23:24','2023-02-01 15:28:20','2023-01-31 10:00:00','2023-01-31 10:20:00','31',NULL,0,1,60,17),(18,75,1,20,'2023-01-31',6,NULL,1,'2023-01-31',1,'2023-01-27 11:36:53','2023-02-01 15:28:20','2023-01-31 09:00:00','2023-01-31 09:20:00','31','2023-01-27',1,1,0,17),(18,76,1,20,'2023-01-31',6,NULL,1,'2023-01-31',2,'2023-01-27 11:38:37','2023-02-01 15:28:20','2023-01-31 09:20:00','2023-01-31 09:40:00','31','2023-01-27',2,1,20,17),(18,77,1,20,'2023-01-31',6,NULL,1,'2023-01-31',5,'2023-01-27 11:41:01','2023-02-01 15:28:20','2023-01-31 10:20:00','2023-01-31 10:40:00','31',NULL,0,1,80,17),(18,78,1,20,'2023-01-31',6,NULL,1,'2023-01-31',6,'2023-01-27 11:42:24','2023-02-01 15:28:20','2023-01-31 10:40:00','2023-01-31 11:00:00','31',NULL,0,1,100,17),(18,79,1,20,'2023-01-31',6,NULL,1,'2023-01-31',7,'2023-01-27 11:43:56','2023-02-01 15:28:20','2023-01-31 11:00:00','2023-01-31 11:20:00','31',NULL,0,1,120,17),(18,80,1,20,'2023-01-31',6,NULL,1,'2023-01-31',8,'2023-01-27 12:25:42','2023-02-01 15:28:20','2023-01-31 11:20:00','2023-01-31 11:40:00','31',NULL,0,1,140,17),(18,81,1,20,'2023-01-31',6,NULL,1,'2023-01-31',9,'2023-01-27 12:27:14','2023-02-01 15:28:20','2023-01-31 11:40:00','2023-01-31 12:00:00','31',NULL,0,1,160,17),(18,82,0,20,NULL,NULL,NULL,0,NULL,0,'2023-01-30 14:31:53','2023-02-01 14:44:41',NULL,NULL,NULL,NULL,0,NULL,NULL,17),(18,83,0,20,'2023-01-30',6,NULL,0,NULL,0,'2023-01-30 14:33:24','2023-01-30 15:14:40',NULL,NULL,NULL,NULL,0,NULL,NULL,17),(18,84,0,10,NULL,NULL,NULL,0,NULL,0,'2023-01-30 14:34:43','2023-02-01 15:05:07',NULL,NULL,NULL,NULL,0,NULL,NULL,17),(18,85,0,20,NULL,NULL,NULL,0,NULL,0,'2023-01-30 14:35:43','2023-02-01 14:45:29',NULL,NULL,NULL,NULL,0,NULL,NULL,17),(18,86,0,20,NULL,NULL,NULL,0,NULL,0,'2023-01-30 14:36:53','2023-02-01 14:45:30',NULL,NULL,NULL,NULL,0,NULL,NULL,17),(18,87,0,20,'2023-02-01',6,NULL,0,NULL,0,'2023-01-30 14:39:09','2023-02-01 13:51:59',NULL,NULL,NULL,NULL,0,NULL,NULL,17),(18,88,0,20,NULL,NULL,NULL,0,NULL,0,'2023-02-01 13:39:37','2023-02-01 15:22:11',NULL,NULL,NULL,NULL,0,NULL,NULL,17),(18,89,0,20,'2023-02-01',6,NULL,0,NULL,0,'2023-02-01 14:32:11','2023-02-01 15:21:11',NULL,NULL,NULL,NULL,0,NULL,NULL,17),(18,90,1,20,'2023-02-01',6,NULL,1,'2023-02-01',1,'2023-02-01 14:32:35','2023-02-01 15:28:20','2023-02-01 16:42:00','2023-02-01 17:02:00','32','2023-02-01',1,1,462,17),(18,91,1,20,'2023-02-09',6,NULL,0,NULL,0,'2023-02-02 13:59:13','2023-02-09 15:25:57',NULL,NULL,NULL,NULL,0,NULL,NULL,17),(18,92,1,20,'2023-02-09',6,NULL,0,NULL,0,'2023-02-02 14:02:36','2023-02-09 15:25:07',NULL,NULL,NULL,NULL,0,NULL,NULL,17),(18,93,1,20,'2023-02-09',6,NULL,0,NULL,0,'2023-02-02 14:03:40','2023-02-09 15:25:17',NULL,NULL,NULL,NULL,0,NULL,NULL,17),(18,94,1,20,'2023-02-09',6,NULL,0,NULL,0,'2023-02-02 14:04:38','2023-02-09 15:25:23',NULL,NULL,NULL,NULL,0,NULL,NULL,17),(18,95,1,20,'2023-02-09',6,NULL,0,NULL,0,'2023-02-02 14:06:18','2023-02-09 15:24:56',NULL,NULL,NULL,NULL,0,NULL,NULL,17),(18,96,1,20,'2023-02-09',6,NULL,0,NULL,0,'2023-02-02 14:07:56','2023-02-28 07:59:48',NULL,NULL,NULL,'2023-02-02',1,NULL,NULL,17),(18,97,1,20,'2023-02-09',6,NULL,0,NULL,0,'2023-02-02 14:09:35','2023-02-28 07:59:48',NULL,NULL,NULL,'2023-02-02',2,NULL,NULL,17),(18,98,1,20,'2023-02-06',6,NULL,1,'2023-02-06',1,'2023-02-02 14:11:08','2023-02-28 07:59:48','2023-02-06 09:00:00','2023-02-06 09:20:00','37',NULL,0,1,0,17),(18,99,1,20,'2023-02-06',6,NULL,1,'2023-02-06',2,'2023-02-02 14:12:09','2023-02-28 07:59:48','2023-02-06 09:20:00','2023-02-06 09:40:00','37',NULL,0,1,20,17),(18,100,1,20,'2023-02-06',6,NULL,1,'2023-02-06',3,'2023-02-02 14:13:15','2023-02-28 07:59:48','2023-02-06 09:40:00','2023-02-06 10:00:00','37',NULL,0,1,40,17),(18,101,1,20,'2023-02-06',6,NULL,1,'2023-02-06',4,'2023-02-02 14:17:19','2023-02-28 07:59:48','2023-02-06 10:00:00','2023-02-06 10:20:00','37',NULL,0,1,60,17),(18,102,1,20,'2023-02-06',6,NULL,1,'2023-02-06',5,'2023-02-02 14:18:27','2023-02-28 07:59:48','2023-02-06 10:20:00','2023-02-06 10:40:00','37',NULL,0,1,80,17),(18,103,0,20,NULL,NULL,NULL,0,NULL,0,'2023-02-10 08:26:34','2023-02-13 15:42:37',NULL,NULL,NULL,'2023-02-13',1,NULL,NULL,17),(18,104,0,20,NULL,NULL,NULL,1,'2023-02-14',1,'2023-02-13 13:56:18','2023-02-28 07:59:48','2023-02-14 12:41:00','2023-02-14 13:01:00','45','2023-02-14',1,1,221,17),(18,105,0,20,NULL,NULL,NULL,0,NULL,0,'2023-02-13 13:58:11','2023-02-13 14:00:06',NULL,NULL,NULL,NULL,0,NULL,NULL,17),(18,106,0,20,NULL,NULL,NULL,0,NULL,0,'2023-02-13 13:59:46','2023-02-13 13:59:46',NULL,NULL,NULL,NULL,0,NULL,NULL,17),(18,107,0,20,NULL,NULL,NULL,0,NULL,0,'2023-02-13 14:02:46','2023-02-13 14:02:46',NULL,NULL,NULL,NULL,0,NULL,NULL,17),(18,108,0,20,NULL,NULL,NULL,0,NULL,0,'2023-02-13 14:04:24','2023-02-13 14:04:24',NULL,NULL,NULL,NULL,0,NULL,NULL,17),(18,109,0,20,NULL,NULL,NULL,0,NULL,0,'2023-02-13 14:08:27','2023-02-13 14:09:13',NULL,NULL,NULL,NULL,0,NULL,NULL,17),(18,110,0,20,NULL,NULL,NULL,0,NULL,0,'2023-02-13 14:27:10','2023-02-13 14:27:10',NULL,NULL,NULL,NULL,0,NULL,NULL,17),(18,111,0,20,NULL,NULL,NULL,0,NULL,0,'2023-02-13 14:28:29','2023-02-13 14:28:29',NULL,NULL,NULL,NULL,0,NULL,NULL,17),(18,112,0,20,NULL,NULL,NULL,0,NULL,0,'2023-02-13 14:30:21','2023-02-13 14:30:21',NULL,NULL,NULL,NULL,0,NULL,NULL,17),(18,113,0,20,NULL,NULL,NULL,0,NULL,0,'2023-02-13 14:37:24','2023-02-13 14:39:04',NULL,NULL,NULL,NULL,0,NULL,NULL,17),(18,114,0,20,NULL,NULL,NULL,0,NULL,0,'2023-02-13 14:40:19','2023-02-13 14:40:19',NULL,NULL,NULL,NULL,0,NULL,NULL,17),(18,115,0,20,NULL,NULL,NULL,0,NULL,0,'2023-02-13 14:41:19','2023-02-13 14:41:19',NULL,NULL,NULL,NULL,0,NULL,NULL,17),(18,116,0,20,NULL,NULL,NULL,1,'2023-06-06',1,'2023-06-06 11:27:36','2023-06-06 11:42:19','2023-06-06 14:46:00','2023-06-06 15:06:00','157','2023-06-06',1,1,346,17),(19,1,0,40,NULL,NULL,NULL,0,NULL,0,'2021-10-27 15:27:13','2021-10-27 15:27:14',NULL,NULL,NULL,NULL,0,NULL,NULL,18),(19,2,0,40,NULL,NULL,NULL,0,NULL,0,'2022-05-16 13:46:38','2022-05-16 14:10:48',NULL,NULL,NULL,'2022-05-16',1,NULL,NULL,18),(19,3,0,20,NULL,NULL,NULL,1,'2022-05-16',1,'2022-05-16 13:51:37','2022-05-16 15:02:40','2022-05-16 15:12:00','2022-05-16 15:32:00','136',NULL,0,1,372,18),(19,4,1,40,'2022-05-16',11,NULL,1,'2022-05-16',1,'2022-05-16 14:24:24','2022-05-16 15:02:40','2022-05-16 18:28:00','2022-05-16 19:08:00','136','2022-05-16',1,0,568,18),(19,5,0,40,NULL,NULL,NULL,1,'2022-05-24',1,'2022-05-16 15:01:25','2022-05-18 15:46:03','2022-05-24 09:00:00','2022-05-24 09:40:00','144','2022-05-16',1,1,0,18),(19,6,0,40,NULL,NULL,NULL,0,NULL,0,'2022-05-16 16:03:36','2022-05-16 16:03:36',NULL,NULL,NULL,NULL,0,NULL,NULL,18),(19,7,0,40,NULL,NULL,NULL,1,'2022-05-27',1,'2022-05-17 07:37:50','2022-05-18 15:46:03','2022-05-27 09:00:00','2022-05-27 09:40:00','147',NULL,0,1,0,18),(19,8,0,40,NULL,NULL,NULL,1,'2022-05-27',2,'2022-05-17 07:40:24','2022-05-18 15:46:03','2022-05-27 11:00:00','2022-05-27 11:40:00','147',NULL,0,1,120,18),(19,9,0,40,NULL,NULL,NULL,1,'2022-05-17',1,'2022-05-17 08:45:20','2022-05-18 09:36:31','2022-05-17 19:47:00','2022-05-17 20:27:00','137',NULL,0,0,647,18),(19,10,0,40,NULL,NULL,NULL,1,'2022-05-17',2,'2022-05-17 08:47:08','2022-05-18 09:36:31','2022-05-17 20:36:00','2022-05-17 21:16:00','137',NULL,0,0,696,18),(19,11,0,40,NULL,NULL,NULL,1,'2022-05-17',3,'2022-05-17 08:48:43','2022-05-18 09:36:31','2022-05-17 21:40:00','2022-05-17 22:20:00','137',NULL,0,0,760,18),(19,12,0,40,NULL,NULL,NULL,0,NULL,0,'2022-05-17 08:50:01','2022-05-17 08:54:52',NULL,NULL,NULL,NULL,0,NULL,NULL,18),(19,13,0,40,NULL,NULL,NULL,0,NULL,0,'2022-05-17 08:51:53','2022-05-17 08:56:52',NULL,NULL,NULL,NULL,0,NULL,NULL,18),(19,14,0,40,NULL,NULL,NULL,1,'2022-05-17',4,'2022-05-17 09:02:22','2022-05-18 09:36:31','2022-05-17 22:40:00','2022-05-17 23:20:00','137',NULL,0,0,820,18),(19,15,0,40,NULL,NULL,NULL,0,NULL,0,'2022-05-17 09:04:06','2022-05-17 09:04:06',NULL,NULL,NULL,NULL,0,NULL,NULL,18),(19,16,0,40,NULL,NULL,NULL,0,NULL,0,'2022-05-17 09:05:48','2022-05-17 09:05:48',NULL,NULL,NULL,NULL,0,NULL,NULL,18),(19,17,0,40,NULL,NULL,NULL,0,NULL,0,'2022-05-17 09:07:53','2022-05-17 09:09:33',NULL,NULL,NULL,NULL,0,NULL,NULL,18),(19,18,0,40,NULL,NULL,NULL,0,NULL,0,'2022-05-17 09:09:21','2022-05-17 09:09:21',NULL,NULL,NULL,NULL,0,NULL,NULL,18),(19,19,0,40,NULL,NULL,NULL,0,NULL,0,'2022-05-17 09:13:39','2022-05-17 09:13:39',NULL,NULL,NULL,NULL,0,NULL,NULL,18),(19,20,0,40,NULL,NULL,NULL,0,NULL,0,'2022-05-17 09:15:30','2022-05-17 09:15:30',NULL,NULL,NULL,NULL,0,NULL,NULL,18),(19,21,0,40,NULL,NULL,NULL,0,NULL,0,'2022-05-17 10:41:12','2022-05-17 10:49:24',NULL,NULL,NULL,'2022-05-17',1,NULL,NULL,18),(19,22,0,40,NULL,NULL,NULL,0,NULL,0,'2022-05-17 10:42:29','2022-05-17 10:42:29',NULL,NULL,NULL,NULL,0,NULL,NULL,18),(19,23,0,40,NULL,NULL,NULL,0,NULL,0,'2022-05-17 10:44:00','2022-05-17 15:21:52',NULL,NULL,NULL,'2022-05-17',1,NULL,NULL,18),(19,24,0,40,NULL,NULL,NULL,0,NULL,0,'2022-05-17 10:45:43','2022-05-17 10:45:43',NULL,NULL,NULL,NULL,0,NULL,NULL,18),(19,25,0,40,NULL,NULL,NULL,0,NULL,0,'2022-05-17 10:47:08','2022-05-17 15:21:52',NULL,NULL,NULL,'2022-05-17',1,NULL,NULL,18),(19,26,0,40,NULL,NULL,NULL,1,'2022-05-18',1,'2022-05-17 10:52:12','2022-05-18 15:46:03','2022-05-18 17:49:00','2022-05-18 18:29:00','138','2022-05-17',1,0,529,18),(19,27,0,40,NULL,NULL,NULL,0,NULL,0,'2022-05-17 10:53:23','2022-05-17 15:21:52',NULL,NULL,NULL,'2022-05-17',1,NULL,NULL,18),(19,28,0,40,NULL,NULL,NULL,1,'2022-05-26',6,'2022-05-17 13:58:29','2022-05-18 15:46:03','2022-05-26 12:20:00','2022-05-26 13:00:00','146',NULL,0,1,200,18),(19,29,0,40,NULL,NULL,NULL,1,'2022-05-26',7,'2022-05-17 14:00:03','2022-05-18 15:46:03','2022-05-26 13:00:00','2022-05-26 13:40:00','146',NULL,0,1,240,18),(19,30,0,40,NULL,NULL,NULL,1,'2022-05-27',1,'2022-05-17 14:01:27','2022-05-18 15:46:03','2022-05-27 09:40:00','2022-05-27 10:20:00','147',NULL,0,1,40,18),(19,31,0,40,NULL,NULL,NULL,1,'2022-05-27',2,'2022-05-17 14:02:41','2022-05-18 15:46:03','2022-05-27 10:20:00','2022-05-27 11:00:00','147',NULL,0,1,80,18),(19,32,0,40,NULL,NULL,NULL,1,'2022-05-27',3,'2022-05-17 14:04:01','2022-05-18 15:46:03','2022-05-27 11:40:00','2022-05-27 12:20:00','147',NULL,0,1,160,18),(19,33,0,40,NULL,NULL,NULL,1,'2022-05-27',4,'2022-05-17 14:05:21','2022-05-18 15:46:03','2022-05-27 12:20:00','2022-05-27 13:00:00','147',NULL,0,1,200,18),(19,34,0,40,NULL,NULL,NULL,1,'2022-05-27',5,'2022-05-17 14:07:15','2022-05-18 15:46:03','2022-05-27 13:00:00','2022-05-27 13:40:00','147',NULL,0,1,240,18),(19,35,0,40,NULL,NULL,NULL,1,'2022-05-27',6,'2022-05-17 14:10:15','2022-05-18 15:46:03','2022-05-27 13:40:00','2022-05-27 14:20:00','147',NULL,0,1,280,18),(19,36,0,40,NULL,NULL,NULL,1,'2022-05-26',5,'2022-05-17 14:11:30','2022-05-18 15:46:03','2022-05-26 11:40:00','2022-05-26 12:20:00','146',NULL,0,1,160,18),(19,37,0,40,NULL,NULL,NULL,1,'2022-05-26',3,'2022-05-17 14:13:04','2022-05-18 15:46:03','2022-05-26 10:20:00','2022-05-26 11:00:00','146',NULL,0,1,80,18),(19,38,0,40,NULL,NULL,NULL,0,NULL,0,'2022-05-17 14:14:36','2022-05-17 15:41:12',NULL,NULL,NULL,'2022-05-25',1,NULL,NULL,18),(19,39,0,40,NULL,NULL,NULL,0,NULL,0,'2022-05-17 14:16:00','2022-05-18 09:55:04',NULL,NULL,NULL,NULL,0,NULL,NULL,18),(19,40,0,40,NULL,NULL,NULL,1,'2022-05-26',1,'2022-05-17 14:20:55','2022-05-18 15:46:03','2022-05-26 09:00:00','2022-05-26 09:40:00','146',NULL,0,1,0,18),(19,41,0,40,NULL,NULL,NULL,1,'2022-05-26',2,'2022-05-17 14:22:35','2022-05-18 15:46:03','2022-05-26 09:40:00','2022-05-26 10:20:00','146',NULL,0,1,40,18),(19,42,0,40,NULL,NULL,NULL,1,'2022-05-26',4,'2022-05-17 14:24:00','2022-05-18 15:46:03','2022-05-26 11:00:00','2022-05-26 11:40:00','146',NULL,0,1,120,18),(19,43,0,40,NULL,NULL,NULL,0,NULL,0,'2022-05-17 14:25:46','2022-05-18 09:37:54',NULL,NULL,NULL,'2022-05-25',3,NULL,NULL,18),(19,44,0,40,NULL,NULL,NULL,1,'2022-05-27',7,'2022-05-17 14:27:02','2022-05-18 15:46:03','2022-05-27 14:20:00','2022-05-27 15:00:00','147',NULL,0,1,320,18),(19,45,0,40,NULL,NULL,NULL,0,NULL,0,'2022-05-17 14:28:17','2022-05-18 09:37:54',NULL,NULL,NULL,'2022-05-25',4,NULL,NULL,18),(19,46,0,40,NULL,NULL,NULL,1,'2022-05-27',8,'2022-05-17 14:29:38','2022-05-18 15:46:03','2022-05-27 15:00:00','2022-05-27 15:40:00','147',NULL,0,1,360,18),(19,47,0,40,NULL,NULL,NULL,1,'2022-05-27',9,'2022-05-17 14:30:45','2022-05-18 15:46:03','2022-05-27 15:40:00','2022-05-27 16:20:00','147',NULL,0,1,400,18),(19,48,0,40,NULL,NULL,NULL,1,'2022-05-27',10,'2022-05-17 14:31:56','2022-05-18 15:46:03','2022-05-27 16:20:00','2022-05-27 17:00:00','147',NULL,0,1,440,18),(19,49,0,40,NULL,NULL,NULL,1,'2022-05-30',1,'2022-05-17 14:33:07','2022-05-18 15:46:03','2022-05-30 09:00:00','2022-05-30 09:40:00','150',NULL,0,1,0,18),(19,50,0,40,NULL,NULL,NULL,1,'2022-05-30',2,'2022-05-17 14:34:39','2022-05-18 15:46:03','2022-05-30 09:40:00','2022-05-30 10:20:00','150',NULL,0,1,40,18),(19,51,0,40,NULL,NULL,NULL,1,'2022-05-30',3,'2022-05-17 14:35:51','2022-05-18 15:46:03','2022-05-30 10:20:00','2022-05-30 11:00:00','150',NULL,0,1,80,18),(19,52,0,40,NULL,NULL,NULL,1,'2022-05-30',4,'2022-05-17 14:37:18','2022-05-18 15:46:03','2022-05-30 11:00:00','2022-05-30 11:40:00','150',NULL,0,1,120,18),(19,53,0,40,NULL,NULL,NULL,0,NULL,0,'2022-05-17 14:40:57','2022-05-18 09:37:54',NULL,NULL,NULL,'2022-05-25',2,NULL,NULL,18),(19,54,0,40,NULL,NULL,NULL,1,'2022-05-31',1,'2022-05-18 10:25:05','2022-05-18 15:46:03','2022-05-31 09:20:00','2022-05-31 10:00:00','151',NULL,0,1,20,18),(19,55,0,40,NULL,NULL,NULL,0,NULL,0,'2022-05-18 15:11:42','2022-05-18 15:43:15',NULL,NULL,NULL,NULL,0,NULL,NULL,18),(19,56,0,40,NULL,NULL,NULL,1,'2022-06-22',1,'2022-06-13 10:07:33','2022-06-14 12:51:39','2022-06-22 09:00:00','2022-06-22 09:40:00','173',NULL,0,1,0,18),(19,57,0,40,NULL,NULL,NULL,1,'2022-06-22',2,'2022-06-13 10:08:50','2022-06-14 12:51:39','2022-06-22 09:40:00','2022-06-22 10:20:00','173',NULL,0,1,40,18),(19,58,0,NULL,'2022-06-14',6,NULL,1,'2022-06-14',1,'2022-06-13 10:10:04','2022-06-14 12:51:39','2022-06-14 20:42:00','2022-06-14 20:42:00','165',NULL,0,0,702,18),(19,59,0,40,NULL,NULL,NULL,1,'2022-06-22',3,'2022-06-13 10:11:06','2022-06-14 12:51:39','2022-06-22 10:20:00','2022-06-22 11:00:00','173',NULL,0,1,80,18),(19,60,0,40,NULL,NULL,NULL,1,'2022-06-22',4,'2022-06-13 10:12:16','2022-06-14 12:51:39','2022-06-22 11:00:00','2022-06-22 11:40:00','173',NULL,0,1,120,18),(19,61,0,40,NULL,NULL,NULL,1,'2022-06-22',5,'2022-06-13 10:13:27','2022-06-14 12:51:39','2022-06-22 11:40:00','2022-06-22 12:20:00','173',NULL,0,1,160,18),(19,62,0,40,NULL,NULL,NULL,1,'2022-06-15',1,'2022-06-13 10:14:36','2022-06-14 12:51:39','2022-06-15 12:10:00','2022-06-15 12:50:00','166',NULL,0,1,190,18),(19,63,0,40,NULL,NULL,NULL,1,'2022-06-15',2,'2022-06-13 10:15:44','2022-06-14 12:51:39','2022-06-15 12:50:00','2022-06-15 13:30:00','166',NULL,0,1,230,18),(19,64,0,40,NULL,NULL,NULL,1,'2022-06-22',6,'2022-06-13 10:16:49','2022-06-14 12:51:39','2022-06-22 12:20:00','2022-06-22 13:00:00','173',NULL,0,1,200,18),(19,65,0,40,NULL,NULL,NULL,1,'2022-06-22',7,'2022-06-13 10:17:44','2022-06-14 12:51:39','2022-06-22 13:00:00','2022-06-22 13:40:00','173',NULL,0,1,240,18),(19,66,0,40,NULL,NULL,NULL,0,NULL,0,'2023-01-25 14:24:31','2023-01-25 15:14:37',NULL,NULL,NULL,NULL,0,NULL,NULL,18),(19,67,0,20,NULL,NULL,NULL,0,NULL,0,'2023-01-25 14:41:36','2023-01-25 14:41:36',NULL,NULL,NULL,NULL,0,NULL,NULL,18),(19,68,0,20,NULL,NULL,NULL,0,NULL,0,'2023-01-25 14:41:46','2023-01-25 14:41:46',NULL,NULL,NULL,NULL,0,NULL,NULL,18),(19,69,0,20,NULL,NULL,NULL,0,NULL,0,'2023-01-25 14:52:17','2023-01-25 15:15:00',NULL,NULL,NULL,NULL,0,NULL,NULL,18),(19,70,0,20,NULL,NULL,NULL,0,NULL,0,'2023-01-25 15:00:14','2023-01-25 15:00:14',NULL,NULL,NULL,NULL,0,NULL,NULL,18),(19,71,0,40,NULL,NULL,NULL,0,NULL,0,'2023-01-25 15:16:21','2023-01-25 15:18:22',NULL,NULL,NULL,NULL,0,NULL,NULL,18),(19,72,0,40,NULL,NULL,NULL,0,NULL,0,'2023-01-25 15:17:01','2023-01-25 15:17:01',NULL,NULL,NULL,NULL,0,NULL,NULL,18),(19,73,0,40,NULL,NULL,NULL,0,NULL,0,'2023-01-27 11:21:42','2023-02-01 14:45:48',NULL,NULL,NULL,NULL,0,NULL,NULL,18),(19,74,0,40,NULL,NULL,NULL,0,NULL,0,'2023-01-27 11:23:24','2023-02-01 14:45:49',NULL,NULL,NULL,NULL,0,NULL,NULL,18),(19,75,0,40,NULL,NULL,NULL,0,NULL,0,'2023-01-27 11:36:53','2023-02-01 14:45:36',NULL,NULL,NULL,'2023-01-27',1,NULL,NULL,18),(19,76,0,40,NULL,NULL,NULL,0,NULL,0,'2023-01-27 11:38:37','2023-02-01 14:45:48',NULL,NULL,NULL,'2023-01-27',2,NULL,NULL,18),(19,77,0,40,NULL,NULL,NULL,0,NULL,0,'2023-01-27 11:41:01','2023-02-01 14:45:50',NULL,NULL,NULL,NULL,0,NULL,NULL,18),(19,78,0,40,NULL,NULL,NULL,0,NULL,0,'2023-01-27 11:42:24','2023-02-01 14:45:51',NULL,NULL,NULL,NULL,0,NULL,NULL,18),(19,79,0,40,NULL,NULL,NULL,0,NULL,0,'2023-01-27 11:43:56','2023-02-01 14:45:52',NULL,NULL,NULL,NULL,0,NULL,NULL,18),(19,80,0,40,NULL,NULL,NULL,0,NULL,0,'2023-01-27 12:25:42','2023-02-01 14:45:53',NULL,NULL,NULL,NULL,0,NULL,NULL,18),(19,81,0,40,NULL,NULL,NULL,0,NULL,0,'2023-01-27 12:27:14','2023-02-01 14:45:54',NULL,NULL,NULL,NULL,0,NULL,NULL,18),(19,82,0,40,NULL,NULL,NULL,0,NULL,0,'2023-01-30 14:31:53','2023-02-01 14:44:41',NULL,NULL,NULL,NULL,0,NULL,NULL,18),(19,83,0,40,'2023-01-30',6,NULL,0,NULL,0,'2023-01-30 14:33:24','2023-01-30 15:14:40',NULL,NULL,NULL,NULL,0,NULL,NULL,18),(19,84,0,20,NULL,NULL,NULL,0,NULL,0,'2023-01-30 14:34:43','2023-02-01 15:05:07',NULL,NULL,NULL,NULL,0,NULL,NULL,18),(19,85,0,40,NULL,NULL,NULL,0,NULL,0,'2023-01-30 14:35:43','2023-02-01 14:45:29',NULL,NULL,NULL,NULL,0,NULL,NULL,18),(19,86,0,40,NULL,NULL,NULL,0,NULL,0,'2023-01-30 14:36:53','2023-02-01 14:45:30',NULL,NULL,NULL,NULL,0,NULL,NULL,18),(19,87,0,40,'2023-02-01',6,NULL,0,NULL,0,'2023-01-30 14:39:09','2023-02-01 13:51:59',NULL,NULL,NULL,NULL,0,NULL,NULL,18),(19,88,0,40,NULL,NULL,NULL,0,NULL,0,'2023-02-01 13:39:37','2023-02-01 15:22:11',NULL,NULL,NULL,NULL,0,NULL,NULL,18),(19,89,0,40,'2023-02-01',6,NULL,0,NULL,0,'2023-02-01 14:32:11','2023-02-01 15:21:11',NULL,NULL,NULL,NULL,0,NULL,NULL,18),(19,90,0,40,NULL,NULL,NULL,1,'2023-02-01',1,'2023-02-01 14:32:35','2023-02-01 15:28:20','2023-02-01 17:02:00','2023-02-01 17:42:00','32','2023-02-01',1,1,482,18),(19,91,1,40,'2023-02-09',6,NULL,0,NULL,0,'2023-02-02 13:59:13','2023-02-09 15:26:39',NULL,NULL,NULL,NULL,0,NULL,NULL,18),(19,92,1,40,'2023-02-09',6,NULL,0,NULL,0,'2023-02-02 14:02:36','2023-02-09 15:26:49',NULL,NULL,NULL,NULL,0,NULL,NULL,18),(19,93,1,40,'2023-02-09',6,NULL,0,NULL,0,'2023-02-02 14:03:40','2023-02-09 15:26:57',NULL,NULL,NULL,NULL,0,NULL,NULL,18),(19,94,1,40,'2023-02-09',6,NULL,0,NULL,0,'2023-02-02 14:04:38','2023-02-09 15:27:11',NULL,NULL,NULL,NULL,0,NULL,NULL,18),(19,95,1,40,'2023-02-09',6,NULL,0,NULL,0,'2023-02-02 14:06:18','2023-02-09 15:27:20',NULL,NULL,NULL,NULL,0,NULL,NULL,18),(19,96,1,40,'2023-02-09',6,NULL,0,NULL,0,'2023-02-02 14:07:56','2023-02-28 07:59:48',NULL,NULL,NULL,'2023-02-02',1,NULL,NULL,18),(19,97,1,40,'2023-02-09',6,NULL,0,NULL,0,'2023-02-02 14:09:35','2023-02-28 07:59:48',NULL,NULL,NULL,'2023-02-02',2,NULL,NULL,18),(19,98,1,40,'2023-02-06',6,NULL,1,'2023-02-06',5,'2023-02-02 14:11:08','2023-02-28 07:59:48','2023-02-06 13:20:00','2023-02-06 14:00:00','37',NULL,0,1,260,18),(19,99,1,40,'2023-02-06',6,NULL,1,'2023-02-06',4,'2023-02-02 14:12:09','2023-02-28 07:59:48','2023-02-06 12:40:00','2023-02-06 13:20:00','37',NULL,0,1,220,18),(19,100,1,40,'2023-02-06',6,NULL,1,'2023-02-06',3,'2023-02-02 14:13:15','2023-02-28 07:59:48','2023-02-06 12:00:00','2023-02-06 12:40:00','37',NULL,0,1,180,18),(19,101,1,40,'2023-02-06',6,NULL,1,'2023-02-06',2,'2023-02-02 14:17:19','2023-02-28 07:59:48','2023-02-06 11:20:00','2023-02-06 12:00:00','37',NULL,0,1,140,18),(19,102,1,40,'2023-02-06',6,NULL,1,'2023-02-06',1,'2023-02-02 14:18:27','2023-02-28 07:59:48','2023-02-06 10:40:00','2023-02-06 11:20:00','37',NULL,0,1,100,18),(19,103,0,40,NULL,NULL,NULL,0,NULL,0,'2023-02-10 08:26:34','2023-02-13 15:42:37',NULL,NULL,NULL,'2023-02-13',1,NULL,NULL,18),(19,104,0,40,NULL,NULL,NULL,1,'2023-02-14',1,'2023-02-13 13:56:18','2023-02-28 07:59:48','2023-02-14 13:01:00','2023-02-14 13:41:00','45','2023-02-14',1,1,241,18),(19,105,0,40,NULL,NULL,NULL,0,NULL,0,'2023-02-13 13:58:11','2023-02-13 14:00:06',NULL,NULL,NULL,NULL,0,NULL,NULL,18),(19,106,0,40,NULL,NULL,NULL,0,NULL,0,'2023-02-13 13:59:46','2023-02-13 13:59:46',NULL,NULL,NULL,NULL,0,NULL,NULL,18),(19,107,0,40,NULL,NULL,NULL,0,NULL,0,'2023-02-13 14:02:46','2023-02-13 14:02:46',NULL,NULL,NULL,NULL,0,NULL,NULL,18),(19,108,0,40,NULL,NULL,NULL,0,NULL,0,'2023-02-13 14:04:24','2023-02-13 14:04:24',NULL,NULL,NULL,NULL,0,NULL,NULL,18),(19,109,0,40,NULL,NULL,NULL,0,NULL,0,'2023-02-13 14:08:27','2023-02-13 14:09:13',NULL,NULL,NULL,NULL,0,NULL,NULL,18),(19,110,0,40,NULL,NULL,NULL,0,NULL,0,'2023-02-13 14:27:10','2023-02-13 14:27:10',NULL,NULL,NULL,NULL,0,NULL,NULL,18),(19,111,0,40,NULL,NULL,NULL,0,NULL,0,'2023-02-13 14:28:29','2023-02-13 14:28:29',NULL,NULL,NULL,NULL,0,NULL,NULL,18),(19,112,0,40,NULL,NULL,NULL,0,NULL,0,'2023-02-13 14:30:21','2023-02-13 14:30:21',NULL,NULL,NULL,NULL,0,NULL,NULL,18),(19,113,0,40,NULL,NULL,NULL,0,NULL,0,'2023-02-13 14:37:24','2023-02-13 14:39:04',NULL,NULL,NULL,NULL,0,NULL,NULL,18),(19,114,0,40,NULL,NULL,NULL,0,NULL,0,'2023-02-13 14:40:19','2023-02-13 14:40:19',NULL,NULL,NULL,NULL,0,NULL,NULL,18),(19,115,0,40,NULL,NULL,NULL,0,NULL,0,'2023-02-13 14:41:19','2023-02-13 14:41:19',NULL,NULL,NULL,NULL,0,NULL,NULL,18),(19,116,0,20,NULL,NULL,NULL,1,'2023-06-06',1,'2023-06-06 11:27:36','2023-06-06 11:42:19','2023-06-06 15:06:00','2023-06-06 15:26:00','157','2023-06-06',1,1,366,18),(20,1,0,NULL,NULL,NULL,NULL,0,NULL,0,'2021-10-27 15:27:13','2021-10-27 15:27:14',NULL,NULL,NULL,NULL,0,NULL,NULL,19),(20,2,0,NULL,NULL,NULL,NULL,0,NULL,0,'2022-05-16 13:46:38','2022-05-16 13:46:38',NULL,NULL,NULL,NULL,0,NULL,NULL,19),(20,4,0,NULL,'2022-05-16',11,NULL,0,NULL,0,'2022-05-16 14:24:24','2022-05-16 14:40:52',NULL,NULL,NULL,NULL,0,NULL,NULL,19),(20,6,0,NULL,NULL,NULL,NULL,0,NULL,0,'2022-05-16 16:03:36','2022-05-16 16:03:36',NULL,NULL,NULL,NULL,0,NULL,NULL,19),(20,7,0,NULL,NULL,NULL,NULL,0,NULL,0,'2022-05-17 07:37:50','2022-05-17 08:33:18',NULL,NULL,NULL,NULL,0,NULL,NULL,19),(20,8,0,NULL,NULL,NULL,NULL,0,NULL,0,'2022-05-17 07:40:24','2022-05-17 07:40:24',NULL,NULL,NULL,NULL,0,NULL,NULL,19),(20,9,0,NULL,NULL,NULL,NULL,0,NULL,0,'2022-05-17 08:45:20','2022-05-17 08:56:42',NULL,NULL,NULL,NULL,0,NULL,NULL,19),(20,10,0,NULL,NULL,NULL,NULL,0,NULL,0,'2022-05-17 08:47:08','2022-05-17 08:52:42',NULL,NULL,NULL,NULL,0,NULL,NULL,19),(20,11,0,NULL,NULL,NULL,NULL,0,NULL,0,'2022-05-17 08:48:43','2022-05-17 08:53:43',NULL,NULL,NULL,NULL,0,NULL,NULL,19),(20,12,0,NULL,NULL,NULL,NULL,0,NULL,0,'2022-05-17 08:50:01','2022-05-17 08:54:52',NULL,NULL,NULL,NULL,0,NULL,NULL,19),(20,13,0,NULL,NULL,NULL,NULL,0,NULL,0,'2022-05-17 08:51:53','2022-05-17 08:56:52',NULL,NULL,NULL,NULL,0,NULL,NULL,19),(20,14,0,NULL,NULL,NULL,NULL,0,NULL,0,'2022-05-17 09:02:22','2022-05-17 09:02:22',NULL,NULL,NULL,NULL,0,NULL,NULL,19),(20,15,0,NULL,NULL,NULL,NULL,0,NULL,0,'2022-05-17 09:04:06','2022-05-17 09:04:06',NULL,NULL,NULL,NULL,0,NULL,NULL,19),(20,16,0,NULL,NULL,NULL,NULL,0,NULL,0,'2022-05-17 09:05:48','2022-05-17 09:05:48',NULL,NULL,NULL,NULL,0,NULL,NULL,19),(20,17,0,NULL,NULL,NULL,NULL,0,NULL,0,'2022-05-17 09:07:53','2022-05-17 09:09:33',NULL,NULL,NULL,NULL,0,NULL,NULL,19),(20,18,0,NULL,NULL,NULL,NULL,0,NULL,0,'2022-05-17 09:09:21','2022-05-17 09:09:21',NULL,NULL,NULL,NULL,0,NULL,NULL,19),(20,19,0,NULL,NULL,NULL,NULL,0,NULL,0,'2022-05-17 09:13:39','2022-05-17 09:13:39',NULL,NULL,NULL,NULL,0,NULL,NULL,19),(20,20,0,NULL,NULL,NULL,NULL,0,NULL,0,'2022-05-17 09:15:30','2022-05-17 09:15:30',NULL,NULL,NULL,NULL,0,NULL,NULL,19),(20,21,0,NULL,NULL,NULL,NULL,0,NULL,0,'2022-05-17 10:41:12','2022-05-17 10:41:12',NULL,NULL,NULL,NULL,0,NULL,NULL,19),(20,22,0,NULL,NULL,NULL,NULL,0,NULL,0,'2022-05-17 10:42:29','2022-05-17 10:42:29',NULL,NULL,NULL,NULL,0,NULL,NULL,19),(20,23,0,NULL,NULL,NULL,NULL,0,NULL,0,'2022-05-17 10:44:00','2022-05-17 10:44:00',NULL,NULL,NULL,NULL,0,NULL,NULL,19),(20,24,0,NULL,NULL,NULL,NULL,0,NULL,0,'2022-05-17 10:45:43','2022-05-17 10:45:43',NULL,NULL,NULL,NULL,0,NULL,NULL,19),(20,25,0,NULL,NULL,NULL,NULL,0,NULL,0,'2022-05-17 10:47:08','2022-05-17 10:47:08',NULL,NULL,NULL,NULL,0,NULL,NULL,19),(20,26,0,NULL,NULL,NULL,NULL,0,NULL,0,'2022-05-17 10:52:12','2022-05-17 11:00:54',NULL,NULL,NULL,NULL,0,NULL,NULL,19),(20,28,0,NULL,NULL,NULL,NULL,0,NULL,0,'2022-05-17 13:58:29','2022-05-17 15:30:12',NULL,NULL,NULL,NULL,0,NULL,NULL,19),(20,29,0,NULL,NULL,NULL,NULL,0,NULL,0,'2022-05-17 14:00:03','2022-05-17 15:36:53',NULL,NULL,NULL,NULL,0,NULL,NULL,19),(20,30,0,NULL,NULL,NULL,NULL,0,NULL,0,'2022-05-17 14:01:27','2022-05-17 14:01:27',NULL,NULL,NULL,NULL,0,NULL,NULL,19),(20,31,0,NULL,NULL,NULL,NULL,0,NULL,0,'2022-05-17 14:02:41','2022-05-17 14:02:41',NULL,NULL,NULL,NULL,0,NULL,NULL,19),(20,32,0,NULL,NULL,NULL,NULL,0,NULL,0,'2022-05-17 14:04:01','2022-05-17 14:04:01',NULL,NULL,NULL,NULL,0,NULL,NULL,19),(20,33,0,NULL,NULL,NULL,NULL,0,NULL,0,'2022-05-17 14:05:21','2022-05-17 14:05:21',NULL,NULL,NULL,NULL,0,NULL,NULL,19),(20,34,0,NULL,NULL,NULL,NULL,0,NULL,0,'2022-05-17 14:07:15','2022-05-17 14:07:15',NULL,NULL,NULL,NULL,0,NULL,NULL,19),(20,35,0,NULL,NULL,NULL,NULL,0,NULL,0,'2022-05-17 14:10:15','2022-05-17 14:10:15',NULL,NULL,NULL,NULL,0,NULL,NULL,19),(20,36,0,NULL,NULL,NULL,NULL,0,NULL,0,'2022-05-17 14:11:30','2022-05-17 14:11:30',NULL,NULL,NULL,NULL,0,NULL,NULL,19),(20,37,0,NULL,NULL,NULL,NULL,0,NULL,0,'2022-05-17 14:13:04','2022-05-17 14:13:05',NULL,NULL,NULL,NULL,0,NULL,NULL,19),(20,38,0,NULL,NULL,NULL,NULL,0,NULL,0,'2022-05-17 14:14:36','2022-05-17 14:24:18',NULL,NULL,NULL,NULL,0,NULL,NULL,19),(20,39,0,NULL,NULL,NULL,NULL,0,NULL,0,'2022-05-17 14:16:00','2022-05-17 14:17:07',NULL,NULL,NULL,NULL,0,NULL,NULL,19),(20,40,0,NULL,NULL,NULL,NULL,0,NULL,0,'2022-05-17 14:20:55','2022-05-17 14:20:55',NULL,NULL,NULL,NULL,0,NULL,NULL,19),(20,41,0,NULL,NULL,NULL,NULL,0,NULL,0,'2022-05-17 14:22:35','2022-05-17 14:22:35',NULL,NULL,NULL,NULL,0,NULL,NULL,19),(20,42,0,NULL,NULL,NULL,NULL,0,NULL,0,'2022-05-17 14:24:00','2022-05-17 14:24:00',NULL,NULL,NULL,NULL,0,NULL,NULL,19),(20,43,0,NULL,NULL,NULL,NULL,0,NULL,0,'2022-05-17 14:25:46','2022-05-17 14:25:46',NULL,NULL,NULL,NULL,0,NULL,NULL,19),(20,44,0,NULL,NULL,NULL,NULL,0,NULL,0,'2022-05-17 14:27:02','2022-05-17 14:27:02',NULL,NULL,NULL,NULL,0,NULL,NULL,19),(20,45,0,NULL,NULL,NULL,NULL,0,NULL,0,'2022-05-17 14:28:17','2022-05-17 14:28:17',NULL,NULL,NULL,NULL,0,NULL,NULL,19),(20,46,0,NULL,NULL,NULL,NULL,0,NULL,0,'2022-05-17 14:29:38','2022-05-17 14:29:38',NULL,NULL,NULL,NULL,0,NULL,NULL,19),(20,47,0,NULL,NULL,NULL,NULL,0,NULL,0,'2022-05-17 14:30:45','2022-05-17 14:30:46',NULL,NULL,NULL,NULL,0,NULL,NULL,19),(20,48,0,NULL,NULL,NULL,NULL,0,NULL,0,'2022-05-17 14:31:56','2022-05-17 14:31:56',NULL,NULL,NULL,NULL,0,NULL,NULL,19),(20,49,0,NULL,NULL,NULL,NULL,0,NULL,0,'2022-05-17 14:33:07','2022-05-17 14:33:07',NULL,NULL,NULL,NULL,0,NULL,NULL,19),(20,50,0,NULL,NULL,NULL,NULL,0,NULL,0,'2022-05-17 14:34:39','2022-05-17 14:34:39',NULL,NULL,NULL,NULL,0,NULL,NULL,19),(20,51,0,NULL,NULL,NULL,NULL,0,NULL,0,'2022-05-17 14:35:51','2022-05-17 14:35:52',NULL,NULL,NULL,NULL,0,NULL,NULL,19),(20,52,0,NULL,NULL,NULL,NULL,0,NULL,0,'2022-05-17 14:37:18','2022-05-17 15:28:58',NULL,NULL,NULL,NULL,0,NULL,NULL,19),(20,53,0,NULL,NULL,NULL,NULL,0,NULL,0,'2022-05-17 14:40:57','2022-05-17 14:40:57',NULL,NULL,NULL,NULL,0,NULL,NULL,19),(20,54,0,NULL,NULL,NULL,NULL,0,NULL,0,'2022-05-18 10:25:06','2022-05-18 10:25:06',NULL,NULL,NULL,NULL,0,NULL,NULL,19),(20,55,0,NULL,NULL,NULL,NULL,0,NULL,0,'2022-05-18 15:11:42','2022-05-18 15:43:15',NULL,NULL,NULL,NULL,0,NULL,NULL,19),(20,56,0,NULL,NULL,NULL,NULL,0,NULL,0,'2022-06-13 10:07:33','2022-06-13 10:07:33',NULL,NULL,NULL,NULL,0,NULL,NULL,19),(20,57,0,NULL,NULL,NULL,NULL,0,NULL,0,'2022-06-13 10:08:50','2022-06-13 10:08:50',NULL,NULL,NULL,NULL,0,NULL,NULL,19),(20,59,0,NULL,NULL,NULL,NULL,0,NULL,0,'2022-06-13 10:11:06','2022-06-13 10:11:07',NULL,NULL,NULL,NULL,0,NULL,NULL,19),(20,60,0,NULL,NULL,NULL,NULL,0,NULL,0,'2022-06-13 10:12:16','2022-06-13 10:12:16',NULL,NULL,NULL,NULL,0,NULL,NULL,19),(20,61,0,NULL,NULL,NULL,NULL,0,NULL,0,'2022-06-13 10:13:27','2022-06-13 10:13:27',NULL,NULL,NULL,NULL,0,NULL,NULL,19),(20,62,0,NULL,NULL,NULL,NULL,0,NULL,0,'2022-06-13 10:14:36','2022-06-13 10:14:36',NULL,NULL,NULL,NULL,0,NULL,NULL,19),(20,63,0,NULL,NULL,NULL,NULL,0,NULL,0,'2022-06-13 10:15:44','2022-06-13 10:15:44',NULL,NULL,NULL,NULL,0,NULL,NULL,19),(20,64,0,NULL,NULL,NULL,NULL,0,NULL,0,'2022-06-13 10:16:49','2022-06-13 10:16:49',NULL,NULL,NULL,NULL,0,NULL,NULL,19),(20,66,0,NULL,NULL,NULL,NULL,0,NULL,0,'2023-01-25 14:49:26','2023-01-25 15:14:37',NULL,NULL,NULL,NULL,0,NULL,NULL,19),(20,73,0,NULL,NULL,NULL,NULL,0,NULL,0,'2023-01-27 11:21:42','2023-01-27 11:21:43',NULL,NULL,NULL,NULL,0,NULL,NULL,19),(20,74,0,NULL,NULL,NULL,NULL,0,NULL,0,'2023-01-27 11:23:24','2023-01-27 11:37:16',NULL,NULL,NULL,NULL,0,NULL,NULL,19),(20,75,0,NULL,NULL,NULL,NULL,0,NULL,0,'2023-01-27 11:36:53','2023-01-27 11:44:37',NULL,NULL,NULL,NULL,0,NULL,NULL,19),(20,76,0,NULL,NULL,NULL,NULL,0,NULL,0,'2023-01-27 11:38:37','2023-01-27 11:44:46',NULL,NULL,NULL,NULL,0,NULL,NULL,19),(20,77,0,NULL,NULL,NULL,NULL,0,NULL,0,'2023-01-27 11:42:32','2023-01-27 11:42:32',NULL,NULL,NULL,NULL,0,NULL,NULL,19),(20,78,0,NULL,NULL,NULL,NULL,0,NULL,0,'2023-01-27 11:42:24','2023-01-27 11:42:24',NULL,NULL,NULL,NULL,0,NULL,NULL,19),(20,79,0,NULL,NULL,NULL,NULL,0,NULL,0,'2023-01-27 11:43:56','2023-01-27 11:43:56',NULL,NULL,NULL,NULL,0,NULL,NULL,19),(20,80,0,NULL,NULL,NULL,NULL,0,NULL,0,'2023-01-27 12:25:42','2023-01-27 12:25:42',NULL,NULL,NULL,NULL,0,NULL,NULL,19),(20,81,0,NULL,NULL,NULL,NULL,0,NULL,0,'2023-01-27 12:27:14','2023-01-27 12:27:14',NULL,NULL,NULL,NULL,0,NULL,NULL,19),(20,82,0,NULL,NULL,NULL,NULL,0,NULL,0,'2023-01-30 14:31:53','2023-01-30 14:31:53',NULL,NULL,NULL,NULL,0,NULL,NULL,19),(20,83,0,NULL,'2023-01-30',6,NULL,0,NULL,0,'2023-01-30 14:33:24','2023-01-30 15:14:40',NULL,NULL,NULL,NULL,0,NULL,NULL,19),(20,85,0,NULL,NULL,NULL,NULL,0,NULL,0,'2023-01-30 14:35:43','2023-01-30 14:37:07',NULL,NULL,NULL,NULL,0,NULL,NULL,19),(20,86,0,NULL,NULL,NULL,NULL,0,NULL,0,'2023-01-30 14:36:53','2023-01-30 14:37:19',NULL,NULL,NULL,NULL,0,NULL,NULL,19),(20,87,0,NULL,'2023-02-01',6,NULL,0,NULL,0,'2023-01-30 14:39:09','2023-02-01 13:51:59',NULL,NULL,NULL,NULL,0,NULL,NULL,19),(20,88,0,NULL,NULL,NULL,NULL,0,NULL,0,'2023-02-01 13:39:38','2023-02-01 13:39:38',NULL,NULL,NULL,NULL,0,NULL,NULL,19),(20,89,0,NULL,'2023-02-01',6,NULL,0,NULL,0,'2023-02-01 14:33:00','2023-02-01 15:21:11',NULL,NULL,NULL,NULL,0,NULL,NULL,19),(20,90,0,NULL,NULL,NULL,NULL,0,NULL,0,'2023-02-01 14:32:35','2023-02-01 14:33:35',NULL,NULL,NULL,NULL,0,NULL,NULL,19),(20,91,0,NULL,NULL,NULL,NULL,0,NULL,0,'2023-02-02 13:59:13','2023-02-02 13:59:13',NULL,NULL,NULL,NULL,0,NULL,NULL,19),(20,92,0,NULL,NULL,NULL,NULL,0,NULL,0,'2023-02-02 14:02:36','2023-02-02 14:02:36',NULL,NULL,NULL,NULL,0,NULL,NULL,19),(20,93,0,NULL,NULL,NULL,NULL,0,NULL,0,'2023-02-02 14:03:40','2023-02-02 14:03:40',NULL,NULL,NULL,NULL,0,NULL,NULL,19),(20,94,0,NULL,NULL,NULL,NULL,0,NULL,0,'2023-02-02 14:04:38','2023-02-02 14:04:38',NULL,NULL,NULL,NULL,0,NULL,NULL,19),(20,95,0,NULL,NULL,NULL,NULL,0,NULL,0,'2023-02-02 14:06:18','2023-02-02 14:06:18',NULL,NULL,NULL,NULL,0,NULL,NULL,19),(20,96,0,NULL,NULL,NULL,NULL,0,NULL,0,'2023-02-02 14:07:56','2023-02-02 14:07:56',NULL,NULL,NULL,NULL,0,NULL,NULL,19),(20,97,0,NULL,NULL,NULL,NULL,0,NULL,0,'2023-02-02 14:09:35','2023-02-02 14:09:35',NULL,NULL,NULL,NULL,0,NULL,NULL,19),(20,98,0,NULL,NULL,NULL,NULL,0,NULL,0,'2023-02-02 14:11:08','2023-02-02 14:11:08',NULL,NULL,NULL,NULL,0,NULL,NULL,19),(20,99,0,NULL,NULL,NULL,NULL,0,NULL,0,'2023-02-02 14:12:09','2023-02-02 14:13:27',NULL,NULL,NULL,NULL,0,NULL,NULL,19),(20,100,0,NULL,NULL,NULL,NULL,0,NULL,0,'2023-02-02 14:13:15','2023-02-02 14:13:15',NULL,NULL,NULL,NULL,0,NULL,NULL,19),(20,101,0,NULL,NULL,NULL,NULL,0,NULL,0,'2023-02-02 14:17:19','2023-02-02 14:17:19',NULL,NULL,NULL,NULL,0,NULL,NULL,19),(20,102,0,NULL,NULL,NULL,NULL,0,NULL,0,'2023-02-02 14:18:27','2023-02-02 14:18:27',NULL,NULL,NULL,NULL,0,NULL,NULL,19),(20,103,0,NULL,NULL,NULL,NULL,0,NULL,0,'2023-02-10 08:26:34','2023-02-13 15:42:37',NULL,NULL,NULL,NULL,0,NULL,NULL,19),(20,104,0,NULL,NULL,NULL,NULL,0,NULL,0,'2023-02-13 13:56:18','2023-02-13 14:46:31',NULL,NULL,NULL,NULL,0,NULL,NULL,19),(20,105,0,NULL,NULL,NULL,NULL,0,NULL,0,'2023-02-13 13:58:11','2023-02-13 14:00:06',NULL,NULL,NULL,NULL,0,NULL,NULL,19),(20,106,0,NULL,NULL,NULL,NULL,0,NULL,0,'2023-02-13 13:59:46','2023-02-13 13:59:46',NULL,NULL,NULL,NULL,0,NULL,NULL,19),(20,107,0,NULL,NULL,NULL,NULL,0,NULL,0,'2023-02-13 14:02:46','2023-02-13 14:02:46',NULL,NULL,NULL,NULL,0,NULL,NULL,19),(20,108,0,NULL,NULL,NULL,NULL,0,NULL,0,'2023-02-13 14:04:24','2023-02-13 14:04:24',NULL,NULL,NULL,NULL,0,NULL,NULL,19),(20,109,0,NULL,NULL,NULL,NULL,0,NULL,0,'2023-02-13 14:08:27','2023-02-13 14:09:13',NULL,NULL,NULL,NULL,0,NULL,NULL,19),(20,110,0,NULL,NULL,NULL,NULL,0,NULL,0,'2023-02-13 14:27:10','2023-02-13 14:27:10',NULL,NULL,NULL,NULL,0,NULL,NULL,19),(20,111,0,NULL,NULL,NULL,NULL,0,NULL,0,'2023-02-13 14:28:29','2023-02-13 14:28:29',NULL,NULL,NULL,NULL,0,NULL,NULL,19),(20,112,0,NULL,NULL,NULL,NULL,0,NULL,0,'2023-02-13 14:30:21','2023-02-13 14:30:21',NULL,NULL,NULL,NULL,0,NULL,NULL,19),(20,113,0,NULL,NULL,NULL,NULL,0,NULL,0,'2023-02-13 14:37:24','2023-02-13 14:39:04',NULL,NULL,NULL,NULL,0,NULL,NULL,19),(20,114,0,NULL,NULL,NULL,NULL,0,NULL,0,'2023-02-13 14:40:19','2023-02-13 14:40:19',NULL,NULL,NULL,NULL,0,NULL,NULL,19),(20,115,0,NULL,NULL,NULL,NULL,0,NULL,0,'2023-02-13 14:41:19','2023-02-13 14:41:19',NULL,NULL,NULL,NULL,0,NULL,NULL,19),(20,116,0,NULL,NULL,NULL,NULL,0,NULL,0,'2023-06-06 11:27:36','2023-06-06 11:42:19',NULL,NULL,NULL,NULL,0,NULL,NULL,19);
/*!40000 ALTER TABLE `station_list` ENABLE KEYS */;
UNLOCK TABLES;

--
-- Table structure for table `station_plannings`
--

DROP TABLE IF EXISTS `station_plannings`;
/*!40101 SET @saved_cs_client     = @@character_set_client */;
/*!40101 SET character_set_client = utf8 */;
CREATE TABLE `station_plannings` (
  `id` bigint(20) unsigned NOT NULL AUTO_INCREMENT,
  `station_id` bigint(20) unsigned NOT NULL,
  `planned_date` date NOT NULL,
  `capacity` int(11) NOT NULL,
  `editable` tinyint(1) NOT NULL DEFAULT '1',
  `created_at` timestamp NULL DEFAULT NULL,
  `updated_at` timestamp NULL DEFAULT NULL,
  PRIMARY KEY (`id`),
  UNIQUE KEY `station_plannings_station_id_planned_date_capacity_unique` (`station_id`,`planned_date`,`capacity`),
  CONSTRAINT `station_plannings_station_id_foreign` FOREIGN KEY (`station_id`) REFERENCES `stations` (`id`)
) ENGINE=InnoDB AUTO_INCREMENT=31 DEFAULT CHARSET=utf8mb4 COLLATE=utf8mb4_unicode_ci;
/*!40101 SET character_set_client = @saved_cs_client */;

--
-- Dumping data for table `station_plannings`
--

LOCK TABLES `station_plannings` WRITE;
/*!40000 ALTER TABLE `station_plannings` DISABLE KEYS */;
INSERT INTO `station_plannings` VALUES (1,5,'2022-05-16',8,0,'2022-05-16 13:57:15','2022-05-16 13:57:15'),(2,5,'2022-05-17',8,0,'2022-05-16 15:02:57','2022-05-16 15:02:57'),(3,5,'2022-05-18',8,0,'2022-05-17 07:53:53','2022-05-18 11:08:49'),(4,7,'2022-05-18',8,1,'2022-05-17 11:09:49','2022-05-17 11:09:55'),(5,5,'2022-05-19',8,0,'2022-05-17 15:31:41','2022-05-17 15:31:41'),(6,5,'2022-05-20',8,0,'2022-05-18 09:34:13','2022-05-18 09:34:13'),(7,5,'2022-06-13',8,0,'2022-05-18 15:46:07','2022-05-18 15:46:07'),(8,5,'2022-06-14',8,0,'2022-06-13 10:50:43','2022-06-13 10:50:43'),(9,7,'2023-01-20',5,1,'2023-01-20 10:48:59','2023-01-20 10:48:59'),(10,3,'2023-01-27',6,1,'2023-01-27 11:55:18','2023-01-27 11:55:18'),(11,5,'2023-01-27',8,0,'2023-01-27 11:56:43','2023-01-27 11:56:43'),(12,5,'2023-01-30',9,0,'2023-01-30 14:41:03','2023-01-30 14:41:10'),(13,5,'2023-01-31',8,0,'2023-01-30 15:19:46','2023-01-30 15:19:46'),(14,5,'2023-02-01',8,0,'2023-02-01 14:13:14','2023-02-01 14:13:14'),(15,7,'2023-02-01',10,1,'2023-02-01 14:37:57','2023-02-01 14:37:57'),(16,12,'2023-02-01',11,1,'2023-02-01 14:38:23','2023-02-01 14:38:23'),(17,13,'2023-02-01',10,1,'2023-02-01 14:43:48','2023-02-01 14:43:48'),(18,14,'2023-02-01',11,1,'2023-02-01 14:44:03','2023-02-01 14:44:03'),(19,15,'2023-02-01',11,1,'2023-02-01 14:44:26','2023-02-01 14:44:26'),(20,18,'2023-02-01',11,1,'2023-02-01 14:45:39','2023-02-01 14:45:39'),(21,19,'2023-02-01',12,1,'2023-02-01 14:46:02','2023-02-01 14:46:02'),(22,3,'2023-01-31',11,1,'2023-02-01 15:19:48','2023-02-01 15:19:48'),(23,5,'2023-02-02',9,0,'2023-02-02 14:22:16','2023-02-02 14:22:21'),(24,7,'2023-02-03',9,1,'2023-02-02 14:23:11','2023-02-02 14:23:11'),(25,9,'2023-02-03',4,1,'2023-02-02 14:23:42','2023-02-02 14:23:42'),(26,18,'2023-02-03',10,1,'2023-02-02 14:42:02','2023-02-02 14:42:07'),(27,13,'2023-02-06',9,1,'2023-02-06 14:35:28','2023-02-06 14:35:28'),(28,5,'2023-02-14',8,0,'2023-02-13 14:45:53','2023-02-13 14:45:53'),(29,3,'2023-02-02',8,1,'2023-02-28 07:56:24','2023-02-28 07:57:15'),(30,5,'2023-06-06',8,0,'2023-06-06 11:33:12','2023-06-06 11:33:12');
/*!40000 ALTER TABLE `station_plannings` ENABLE KEYS */;
UNLOCK TABLES;

--
-- Table structure for table `stations`
--

DROP TABLE IF EXISTS `stations`;
/*!40101 SET @saved_cs_client     = @@character_set_client */;
/*!40101 SET character_set_client = utf8 */;
CREATE TABLE `stations` (
  `id` bigint(20) unsigned NOT NULL AUTO_INCREMENT,
  `name` varchar(255) COLLATE utf8mb4_unicode_ci NOT NULL,
  `estimated_time` int(11) DEFAULT NULL,
  `work_capacity` int(11) NOT NULL DEFAULT '8',
  `capacity_planned` tinyint(1) NOT NULL DEFAULT '0',
  `config` varchar(255) COLLATE utf8mb4_unicode_ci NOT NULL,
  `fixed` tinyint(1) NOT NULL,
  `order` tinyint(4) NOT NULL DEFAULT '0',
  `created_at` timestamp NULL DEFAULT NULL,
  `updated_at` timestamp NULL DEFAULT NULL,
  PRIMARY KEY (`id`),
  UNIQUE KEY `stations_config_unique` (`config`)
) ENGINE=InnoDB AUTO_INCREMENT=21 DEFAULT CHARSET=utf8mb4 COLLATE=utf8mb4_unicode_ci;
/*!40101 SET character_set_client = @saved_cs_client */;

--
-- Dumping data for table `stations`
--

LOCK TABLES `stations` WRITE;
/*!40000 ALTER TABLE `stations` DISABLE KEYS */;
INSERT INTO `stations` VALUES (1,'Büro',NULL,8,0,'buero',1,0,'2021-09-24 13:38:51','2021-09-24 13:38:51'),(2,'Produktionsplanung',NULL,8,0,'produktionsplanung',1,1,'2021-09-24 13:38:51','2021-09-24 13:38:51'),(3,'Technik',20,8,1,'technik',0,2,'2021-09-24 13:38:51','2021-09-24 13:38:51'),(4,'Wareneingang',NULL,8,0,'wareneingang',0,3,'2021-09-24 13:38:51','2021-09-24 13:38:51'),(5,'Zuschnitt',30,8,1,'zuschnitt',0,4,'2021-09-24 13:38:51','2023-06-06 11:28:35'),(6,'Roboterstation',10,8,1,'roboterstation',0,5,'2021-09-24 13:38:51','2021-09-24 13:38:51'),(7,'Bearbeitungszentrum 1',10,8,1,'bearbeitungszentrum1',0,6,'2021-09-24 13:38:52','2023-06-06 11:28:35'),(8,'Bearbeitungszentrum 2',10,8,1,'bearbeitungszentrum2',0,7,'2021-09-24 13:38:52','2022-05-16 14:10:48'),(9,'Kantenbearbeitung 1',10,8,1,'kantenbearbeitung1',0,8,'2021-09-24 13:38:52','2022-05-16 15:01:49'),(10,'Kantenbearbeitung 2',10,8,1,'kantenbearbeitung2',0,9,'2021-09-24 13:38:52','2021-09-24 13:38:52'),(11,'Facettenmaschine',10,8,1,'facettenmaschine',0,10,'2021-09-24 13:38:52','2021-09-24 13:38:52'),(12,'Rillenschliff',10,8,1,'rillenschliff',0,11,'2021-09-24 13:38:52','2023-02-01 15:27:47'),(13,'Sicherheitsglas',10,8,1,'sicherheitsglas',0,12,'2021-09-24 13:38:52','2023-06-06 11:28:35'),(14,'Grafik',10,8,1,'grafik',0,13,'2021-09-24 13:38:52','2023-02-01 15:27:47'),(15,'Druck',10,8,1,'druck',0,14,'2021-09-24 13:38:52','2023-02-01 15:27:47'),(16,'Coating',10,8,1,'coating',0,15,'2021-09-24 13:38:52','2021-09-24 13:38:52'),(17,'Endfertigung',10,8,1,'endfertigung',0,16,'2021-09-24 13:38:52','2021-09-24 13:38:52'),(18,'Verpackung',10,8,1,'verpackung',1,17,'2021-09-24 13:38:52','2023-06-06 11:28:35'),(19,'Versand',20,8,1,'versand',1,18,'2021-09-24 13:38:52','2023-06-06 11:28:35'),(20,'LKW',NULL,8,0,'lkw',0,19,'2021-09-24 13:38:52','2021-09-24 13:38:52');
/*!40000 ALTER TABLE `stations` ENABLE KEYS */;
UNLOCK TABLES;

--
-- Table structure for table `stock_lists`
--

DROP TABLE IF EXISTS `stock_lists`;
/*!40101 SET @saved_cs_client     = @@character_set_client */;
/*!40101 SET character_set_client = utf8 */;
CREATE TABLE `stock_lists` (
  `id` bigint(20) unsigned NOT NULL AUTO_INCREMENT,
  `name` varchar(255) COLLATE utf8mb4_unicode_ci NOT NULL,
  `amount` double(8,2) NOT NULL,
  `warn_threshold` double(8,2) NOT NULL,
  `has_stock` tinyint(1) NOT NULL,
  `created_at` timestamp NULL DEFAULT NULL,
  `updated_at` timestamp NULL DEFAULT NULL,
  PRIMARY KEY (`id`)
) ENGINE=InnoDB AUTO_INCREMENT=86 DEFAULT CHARSET=utf8mb4 COLLATE=utf8mb4_unicode_ci;
/*!40101 SET character_set_client = @saved_cs_client */;

--
-- Dumping data for table `stock_lists`
--

LOCK TABLES `stock_lists` WRITE;
/*!40000 ALTER TABLE `stock_lists` DISABLE KEYS */;
INSERT INTO `stock_lists` VALUES (1,'Holztüren',0.00,0.00,0,NULL,NULL),(2,'Metalltassen',0.00,0.00,0,NULL,NULL),(3,'Sonder',0.00,0.00,0,NULL,NULL),(4,'Klarglas 2 mm',40.00,30.00,1,NULL,NULL),(5,'Klarglas 3 mm',40.00,30.00,1,NULL,NULL),(6,'Klarglas 4 mm',33.30,30.00,1,NULL,'2023-02-13 14:39:04'),(7,'Klarglas 5 mm',38.37,30.00,1,NULL,'2022-05-17 14:25:46'),(8,'Klarglas 6 mm',37.41,30.00,1,NULL,'2022-05-17 14:34:39'),(9,'Klarglas 8 mm',28.16,30.00,1,NULL,'2023-06-06 11:27:36'),(10,'Klarglas 10 mm',40.00,30.00,1,NULL,NULL),(11,'Klarglas 12 mm',40.00,30.00,1,NULL,NULL),(12,'Klarglas 15 mm',39.21,30.00,1,NULL,'2022-05-16 14:12:13'),(13,'Klarglas Ultraweiß 4 mm',34.63,30.00,1,NULL,'2022-05-17 14:13:05'),(14,'Klarglas Ultraweiß 6 mm',40.00,30.00,1,NULL,NULL),(15,'Klarglas Ultraweiß 8 mm',39.06,30.00,1,NULL,'2023-01-27 11:43:56'),(16,'Klarglas Ultraweiß 10 mm',40.00,30.00,1,NULL,NULL),(17,'Klarglas Ultraweiß 12 mm',40.00,30.00,1,NULL,NULL),(18,'Klarglas Grau 4 mm',38.72,30.00,1,NULL,'2023-02-13 14:08:27'),(19,'Klarglas Grau 6 mm',40.00,30.00,1,NULL,NULL),(20,'Klarglas Grau 8 mm',36.28,30.00,1,NULL,'2023-02-13 14:04:24'),(21,'Klarglas Grau 10 mm',40.00,30.00,1,NULL,NULL),(22,'Klarglas Ultragrau 4 mm',40.00,30.00,1,NULL,NULL),(23,'Klarglas Ultragrau 6 mm',40.00,30.00,1,NULL,NULL),(24,'Klarglas Ultragrau 8 mm',40.00,30.00,1,NULL,NULL),(25,'Klarglas Ultragrau 10 mm',40.00,30.00,1,NULL,NULL),(26,'Satinato Eco 4 mm',36.77,30.00,1,NULL,'2023-02-13 14:30:21'),(27,'Satinato Eco 6 mm',40.00,30.00,1,NULL,NULL),(28,'Satinato Eco 8 mm',40.00,30.00,1,NULL,NULL),(29,'Satinato Eco 10 mm',40.00,30.00,1,NULL,NULL),(30,'Satinato Plus 4 mm',40.00,30.00,1,NULL,NULL),(31,'Satinato Plus 6 mm',40.00,30.00,1,NULL,NULL),(32,'Satinato Plus 8 mm',38.35,30.00,1,NULL,'2023-02-10 08:26:34'),(33,'Satinato Plus 10 mm',40.00,30.00,1,NULL,NULL),(34,'Satinato Light 6 mm',40.00,30.00,1,NULL,NULL),(35,'Satinato Light 8 mm',40.00,30.00,1,NULL,NULL),(36,'Satinato Plus Ultraweiß 4 mm',40.00,30.00,1,NULL,NULL),(37,'Satinato Plus Ultraweiß 6 mm',40.00,30.00,1,NULL,NULL),(38,'Satinato Plus Ultraweiß 8 mm',40.00,30.00,1,NULL,NULL),(39,'Satinato Plus Ultraweiß 10 mm',40.00,30.00,1,NULL,NULL),(40,'Satinato Plus Grau 6 mm',39.05,30.00,1,NULL,'2023-02-13 14:27:10'),(41,'Satinato Plus Grau 8 mm',40.00,30.00,1,NULL,NULL),(42,'Satinato Plus Grau 10 mm',40.00,30.00,1,NULL,NULL),(43,'Uadi 4 mm',40.00,30.00,1,NULL,NULL),(44,'Uadi 6 mm',40.00,30.00,1,NULL,NULL),(45,'Uadi 8 mm',40.00,30.00,1,NULL,NULL),(46,'Floos 5 mm',40.00,30.00,1,NULL,NULL),(47,'Crossing 4 mm',40.00,30.00,1,NULL,NULL),(48,'Altdeutsch K 4 mm',35.95,30.00,1,NULL,'2023-02-13 14:41:19'),(49,'Chincilla 4 mm',40.00,30.00,1,NULL,NULL),(50,'Granolla 4 mm',40.00,30.00,1,NULL,NULL),(51,'Barock 4 mm',40.00,30.00,1,NULL,NULL),(52,'Rohglas 4 mm',40.00,30.00,1,NULL,NULL),(53,'Rohglas 6 mm',40.00,30.00,1,NULL,NULL),(54,'Ornament 504 4 mm',39.76,30.00,1,NULL,'2023-01-25 15:06:23'),(55,'Ornament 504 6 mm',40.00,30.00,1,NULL,NULL),(56,'Ornament 504 8 mm',40.00,30.00,1,NULL,NULL),(57,'Master Carre 4 mm',40.00,30.00,1,NULL,NULL),(58,'Master Carre 6 mm',40.00,30.00,1,NULL,NULL),(59,'Master Carre 8 mm',40.00,30.00,1,NULL,NULL),(60,'Kathedral 4 mm',40.00,30.00,1,NULL,NULL),(61,'Spiegel 4 mm',6.36,30.00,1,NULL,'2023-02-02 14:18:27'),(62,'Spiegel 6 mm',40.00,30.00,1,NULL,NULL),(63,'VSG Spiegel 6,38 mm',40.00,30.00,1,NULL,NULL),(64,'VSG klar 6,38 mm',40.00,30.00,1,NULL,NULL),(65,'VSG klar 8,38 mm',40.00,30.00,1,NULL,NULL),(66,'VSG klar 10,38 mm',40.00,30.00,1,NULL,NULL),(67,'VSG klar 12,38 mm',40.00,30.00,1,NULL,NULL),(68,'VSG klar 6,76 mm',40.00,30.00,1,NULL,NULL),(69,'VSG klar 10,76 mm',40.00,30.00,1,NULL,NULL),(70,'VSG klar 12,76 mm',40.00,30.00,1,NULL,NULL),(71,'VSG klar 16,76 mm',40.00,30.00,1,NULL,NULL),(72,'VSG matt 6,38 mm',40.00,30.00,1,NULL,NULL),(73,'VSG matt 8,38 mm',40.00,30.00,1,NULL,NULL),(74,'VSG matt 10,38 mm',40.00,30.00,1,NULL,NULL),(75,'VSG matt 12,38 mm',40.00,30.00,1,NULL,NULL),(76,'VSG matt 6,76 mm',40.00,30.00,1,NULL,NULL),(77,'VSG matt 10,76 mm',40.00,30.00,1,NULL,NULL),(78,'VSG matt 12,76 mm',40.00,30.00,1,NULL,NULL),(79,'VSG matt 16,76 mm',40.00,30.00,1,NULL,NULL),(80,'VSG/TVG 8,76 mm',40.00,30.00,1,NULL,NULL),(81,'VSG/TVG 10,76 mm',40.00,30.00,1,NULL,NULL),(82,'VSG/TVG 12,76 mm',40.00,30.00,1,NULL,NULL),(83,'VSG/TVG 16,76 mm',40.00,30.00,1,NULL,NULL),(84,'VSG/TVG 20,76 mm',40.00,30.00,1,NULL,NULL),(85,'VSG/TVG 25,52 mm',40.00,30.00,1,NULL,NULL);
/*!40000 ALTER TABLE `stock_lists` ENABLE KEYS */;
UNLOCK TABLES;

--
-- Table structure for table `stopped_stations`
--

DROP TABLE IF EXISTS `stopped_stations`;
/*!40101 SET @saved_cs_client     = @@character_set_client */;
/*!40101 SET character_set_client = utf8 */;
CREATE TABLE `stopped_stations` (
  `id` bigint(20) unsigned NOT NULL AUTO_INCREMENT,
  `station_id` bigint(20) unsigned NOT NULL,
  `stopped_at` datetime NOT NULL,
  `timeout_at` datetime NOT NULL,
  `timeout` int(11) NOT NULL,
  `created_at` timestamp NULL DEFAULT NULL,
  `updated_at` timestamp NULL DEFAULT NULL,
  PRIMARY KEY (`id`),
  KEY `stopped_stations_station_id_foreign` (`station_id`),
  CONSTRAINT `stopped_stations_station_id_foreign` FOREIGN KEY (`station_id`) REFERENCES `stations` (`id`)
) ENGINE=InnoDB AUTO_INCREMENT=2 DEFAULT CHARSET=utf8mb4 COLLATE=utf8mb4_unicode_ci;
/*!40101 SET character_set_client = @saved_cs_client */;

--
-- Dumping data for table `stopped_stations`
--

LOCK TABLES `stopped_stations` WRITE;
/*!40000 ALTER TABLE `stopped_stations` DISABLE KEYS */;
/*!40000 ALTER TABLE `stopped_stations` ENABLE KEYS */;
UNLOCK TABLES;

--
-- Table structure for table `transport_locations`
--

DROP TABLE IF EXISTS `transport_locations`;
/*!40101 SET @saved_cs_client     = @@character_set_client */;
/*!40101 SET character_set_client = utf8 */;
CREATE TABLE `transport_locations` (
  `id` bigint(20) unsigned NOT NULL AUTO_INCREMENT,
  `city` varchar(255) COLLATE utf8mb4_unicode_ci NOT NULL,
  `area` varchar(255) COLLATE utf8mb4_unicode_ci NOT NULL,
  `transport_id` bigint(20) unsigned NOT NULL,
  `created_at` timestamp NULL DEFAULT NULL,
  `updated_at` timestamp NULL DEFAULT NULL,
  PRIMARY KEY (`id`),
  KEY `transport_locations_transport_id_foreign` (`transport_id`),
  CONSTRAINT `transport_locations_transport_id_foreign` FOREIGN KEY (`transport_id`) REFERENCES `transports` (`id`)
) ENGINE=InnoDB AUTO_INCREMENT=104 DEFAULT CHARSET=utf8mb4 COLLATE=utf8mb4_unicode_ci;
/*!40101 SET character_set_client = @saved_cs_client */;

--
-- Dumping data for table `transport_locations`
--

LOCK TABLES `transport_locations` WRITE;
/*!40000 ALTER TABLE `transport_locations` DISABLE KEYS */;
INSERT INTO `transport_locations` VALUES (1,'Graz','gestelllager',1,'2021-09-24 13:38:54','2021-09-24 13:38:54'),(2,'Graz','gestelllager',2,'2021-09-24 13:38:54','2021-09-24 13:38:54'),(3,'Graz','gestelllager',3,'2021-09-24 13:38:54','2021-09-24 13:38:54'),(4,'Graz','gestelllager',4,'2021-09-24 13:38:54','2021-09-24 13:38:54'),(5,'Graz','gestelllager',5,'2021-09-24 13:38:54','2021-09-24 13:38:54'),(6,'Graz','gestelllager',6,'2021-09-24 13:38:54','2021-09-24 13:38:54'),(7,'Graz','gestelllager',7,'2021-09-24 13:38:55','2021-09-24 13:38:55'),(8,'Graz','gestelllager',8,'2021-09-24 13:38:55','2021-09-24 13:38:55'),(9,'Graz','gestelllager',9,'2021-09-24 13:38:55','2021-09-24 13:38:55'),(10,'Graz','gestelllager',10,'2021-09-24 13:38:55','2021-09-24 13:38:55'),(11,'Graz','gestelllager',11,'2021-09-24 13:38:55','2021-09-24 13:38:55'),(12,'Graz','gestelllager',12,'2021-09-24 13:38:55','2021-09-24 13:38:55'),(13,'Graz','gestelllager',13,'2021-09-24 13:38:55','2021-09-24 13:38:55'),(14,'Graz','gestelllager',14,'2021-09-24 13:38:55','2021-09-24 13:38:55'),(15,'Graz','gestelllager',15,'2021-09-24 13:38:55','2021-09-24 13:38:55'),(16,'Graz','gestelllager',16,'2021-09-24 13:38:55','2021-09-24 13:38:55'),(17,'Graz','gestelllager',17,'2021-09-24 13:38:55','2021-09-24 13:38:55'),(18,'Graz','gestelllager',18,'2021-09-24 13:38:55','2021-09-24 13:38:55'),(19,'Graz','gestelllager',19,'2021-09-24 13:38:55','2021-09-24 13:38:55'),(20,'Graz','gestelllager',20,'2021-09-24 13:38:56','2021-09-24 13:38:56'),(21,'Graz','gestelllager',21,'2021-09-24 13:38:56','2021-09-24 13:38:56'),(22,'Graz','gestelllager',22,'2021-09-24 13:38:56','2021-09-24 13:38:56'),(23,'Graz','gestelllager',23,'2021-09-24 13:38:56','2021-09-24 13:38:56'),(24,'Graz','gestelllager',24,'2021-09-24 13:38:56','2021-09-24 13:38:56'),(25,'Graz','gestelllager',25,'2021-09-24 13:38:56','2021-09-24 13:38:56'),(26,'Graz','gestelllager',26,'2021-09-24 13:38:56','2021-09-24 13:38:56'),(27,'Graz','gestelllager',27,'2021-09-24 13:38:56','2021-09-24 13:38:56'),(28,'Graz','gestelllager',28,'2021-09-24 13:38:56','2021-09-24 13:38:56'),(29,'Graz','gestelllager',29,'2021-09-24 13:38:56','2021-09-24 13:38:56'),(30,'Graz','gestelllager',30,'2021-09-24 13:38:56','2021-09-24 13:38:56'),(31,'Graz','gestelllager',31,'2021-09-24 13:38:56','2021-09-24 13:38:56'),(32,'Graz','gestelllager',32,'2021-09-24 13:38:57','2021-09-24 13:38:57'),(33,'Graz','gestelllager',33,'2021-09-24 13:38:57','2021-09-24 13:38:57'),(34,'Graz','gestelllager',34,'2021-09-24 13:38:57','2021-09-24 13:38:57'),(35,'Graz','gestelllager',35,'2021-09-24 13:38:57','2021-09-24 13:38:57'),(36,'Graz','gestelllager',36,'2021-09-24 13:38:57','2021-09-24 13:38:57'),(37,'Graz','gestelllager',37,'2021-09-24 13:38:57','2021-09-24 13:38:57'),(38,'Graz','gestelllager',38,'2021-09-24 13:38:57','2021-09-24 13:38:57'),(39,'Graz','gestelllager',39,'2021-09-24 13:38:57','2021-09-24 13:38:57'),(40,'Graz','gestelllager',40,'2021-09-24 13:38:57','2021-09-24 13:38:57'),(41,'Graz','gestelllager',41,'2021-09-24 13:38:57','2021-09-24 13:38:57'),(42,'Graz','gestelllager',42,'2021-09-24 13:38:57','2021-09-24 13:38:57'),(43,'Graz','gestelllager',43,'2021-09-24 13:38:57','2021-09-24 13:38:57'),(44,'Graz','gestelllager',44,'2021-09-24 13:38:58','2021-09-24 13:38:58'),(45,'Graz','gestelllager',45,'2021-09-24 13:38:58','2021-09-24 13:38:58'),(46,'Graz','gestelllager',46,'2021-09-24 13:38:58','2021-09-24 13:38:58'),(47,'Graz','gestelllager',47,'2021-09-24 13:38:58','2021-09-24 13:38:58'),(48,'Graz','gestelllager',48,'2021-09-24 13:38:58','2021-09-24 13:38:58'),(49,'Graz','gestelllager',49,'2021-09-24 13:38:58','2021-09-24 13:38:58'),(50,'Graz','gestelllager',50,'2021-09-24 13:38:58','2021-09-24 13:38:58'),(51,'Graz','gestelllager',51,'2021-09-24 13:38:58','2021-09-24 13:38:58'),(52,'Graz','gestelllager',52,'2021-09-24 13:38:58','2021-09-24 13:38:58'),(53,'Graz','gestelllager',53,'2021-09-24 13:38:58','2021-09-24 13:38:58'),(54,'Graz','gestelllager',54,'2021-09-24 13:38:58','2021-09-24 13:38:58'),(55,'Graz','gestelllager',55,'2021-09-24 13:38:58','2021-09-24 13:38:58'),(56,'Graz','gestelllager',56,'2021-09-24 13:38:59','2021-09-24 13:38:59'),(57,'Graz','gestelllager',57,'2021-09-24 13:38:59','2021-09-24 13:38:59'),(58,'Graz','gestelllager',58,'2021-09-24 13:38:59','2021-09-24 13:38:59'),(59,'Graz','gestelllager',59,'2021-09-24 13:38:59','2021-09-24 13:38:59'),(60,'Graz','gestelllager',60,'2021-09-24 13:38:59','2021-09-24 13:38:59'),(61,'Graz','gestelllager',61,'2021-09-24 13:38:59','2021-09-24 13:38:59'),(62,'Graz','gestelllager',62,'2021-09-24 13:38:59','2021-09-24 13:38:59'),(63,'Graz','gestelllager',63,'2021-09-24 13:38:59','2021-09-24 13:38:59'),(64,'Graz','gestelllager',64,'2021-09-24 13:38:59','2021-09-24 13:38:59'),(65,'Graz','gestelllager',65,'2021-09-24 13:38:59','2021-09-24 13:38:59'),(66,'Graz','gestelllager',66,'2021-09-24 13:38:59','2021-09-24 13:38:59'),(67,'Graz','gestelllager',67,'2021-09-24 13:39:00','2021-09-24 13:39:00'),(68,'Graz','gestelllager',68,'2021-09-24 13:39:00','2021-09-24 13:39:00'),(69,'Graz','gestelllager',69,'2021-09-24 13:39:00','2021-09-24 13:39:00'),(70,'Graz','gestelllager',70,'2021-09-24 13:39:00','2021-09-24 13:39:00'),(71,'Graz','gestelllager',71,'2021-09-24 13:39:00','2021-09-24 13:39:00'),(72,'Graz','gestelllager',72,'2021-09-24 13:39:00','2021-09-24 13:39:00'),(73,'Graz','gestelllager',73,'2021-09-24 13:39:00','2021-09-24 13:39:00'),(74,'Graz','gestelllager',74,'2021-09-24 13:39:00','2021-09-24 13:39:00'),(75,'Graz','gestelllager',75,'2021-09-24 13:39:00','2021-09-24 13:39:00'),(76,'Graz','gestelllager',76,'2021-09-24 13:39:00','2021-09-24 13:39:00'),(77,'Graz','gestelllager',77,'2021-09-24 13:39:00','2021-09-24 13:39:00'),(78,'Graz','gestelllager',78,'2021-09-24 13:39:00','2021-09-24 13:39:00'),(79,'Graz','gestelllager',79,'2021-09-24 13:39:01','2021-09-24 13:39:01'),(80,'Graz','gestelllager',80,'2021-09-24 13:39:01','2021-09-24 13:39:01'),(81,'Graz','gestelllager',81,'2021-09-24 13:39:01','2021-09-24 13:39:01'),(82,'Graz','gestelllager',82,'2021-09-24 13:39:01','2021-09-24 13:39:01'),(83,'Graz','gestelllager',83,'2021-09-24 13:39:01','2021-09-24 13:39:01'),(84,'Graz','gestelllager',84,'2021-09-24 13:39:01','2021-09-24 13:39:01'),(85,'Graz','gestelllager',85,'2021-09-24 13:39:01','2021-09-24 13:39:01'),(86,'Graz','gestelllager',86,'2021-09-24 13:39:01','2021-09-24 13:39:01'),(87,'Graz','gestelllager',87,'2021-09-24 13:39:01','2021-09-24 13:39:01'),(88,'Graz','gestelllager',88,'2021-09-24 13:39:01','2021-09-24 13:39:01'),(89,'Graz','gestelllager',89,'2021-09-24 13:39:02','2021-09-24 13:39:02'),(90,'Graz','gestelllager',90,'2021-09-24 13:39:02','2021-09-24 13:39:02'),(91,'Graz','gestelllager',91,'2021-09-24 13:39:02','2021-09-24 13:39:02'),(92,'Graz','gestelllager',92,'2021-09-24 13:39:02','2021-09-24 13:39:02'),(93,'Graz','gestelllager',93,'2021-09-24 13:39:02','2021-09-24 13:39:02'),(94,'Graz','gestelllager',94,'2021-09-24 13:39:02','2021-09-24 13:39:02'),(95,'Graz','gestelllager',95,'2021-09-24 13:39:02','2021-09-24 13:39:02'),(96,'Graz','gestelllager',96,'2021-09-24 13:39:02','2021-09-24 13:39:02'),(97,'Graz','gestelllager',97,'2021-09-24 13:39:02','2021-09-24 13:39:02'),(98,'Graz','gestelllager',98,'2021-09-24 13:39:02','2021-09-24 13:39:02'),(99,'Graz','gestelllager',99,'2021-09-24 13:39:02','2021-09-24 13:39:02'),(100,'Graz','gestelllager',100,'2021-09-24 13:39:03','2021-09-24 13:39:03'),(101,'Graz','gestelllager',101,'2021-09-24 13:39:03','2021-09-24 13:39:03'),(102,'Graz','gestelllager',102,'2021-09-24 13:39:03','2021-09-24 13:39:03'),(103,'Graz','gestelllager',103,'2021-09-24 13:39:03','2021-09-24 13:39:03');
/*!40000 ALTER TABLE `transport_locations` ENABLE KEYS */;
UNLOCK TABLES;

--
-- Table structure for table `transports`
--

DROP TABLE IF EXISTS `transports`;
/*!40101 SET @saved_cs_client     = @@character_set_client */;
/*!40101 SET character_set_client = utf8 */;
CREATE TABLE `transports` (
  `id` bigint(20) unsigned NOT NULL AUTO_INCREMENT,
  `name` varchar(255) COLLATE utf8mb4_unicode_ci NOT NULL,
  `barcode` varchar(255) COLLATE utf8mb4_unicode_ci NOT NULL,
  `note` varchar(255) COLLATE utf8mb4_unicode_ci NOT NULL,
  `type` varchar(255) COLLATE utf8mb4_unicode_ci NOT NULL,
  `number` int(11) NOT NULL,
  `done` int(11) NOT NULL DEFAULT '0',
  `created_at` timestamp NULL DEFAULT NULL,
  `updated_at` timestamp NULL DEFAULT NULL,
  PRIMARY KEY (`id`)
) ENGINE=InnoDB AUTO_INCREMENT=104 DEFAULT CHARSET=utf8mb4 COLLATE=utf8mb4_unicode_ci;
/*!40101 SET character_set_client = @saved_cs_client */;

--
-- Dumping data for table `transports`
--

LOCK TABLES `transports` WRITE;
/*!40000 ALTER TABLE `transports` DISABLE KEYS */;
INSERT INTO `transports` VALUES (1,'5000','5000','','frame',5000,0,'2021-09-24 13:38:54','2021-09-24 13:38:54'),(2,'5001','5001','','frame',5001,0,'2021-09-24 13:38:54','2021-09-24 13:38:54'),(3,'5002','5002','','frame',5002,0,'2021-09-24 13:38:54','2021-09-24 13:38:54'),(4,'5003','5003','','frame',5003,0,'2021-09-24 13:38:54','2021-09-24 13:38:54'),(5,'5004','5004','','frame',5004,0,'2021-09-24 13:38:54','2021-09-24 13:38:54'),(6,'5005','5005','','frame',5005,0,'2021-09-24 13:38:54','2021-09-24 13:38:54'),(7,'5006','5006','','frame',5006,0,'2021-09-24 13:38:55','2021-09-24 13:38:55'),(8,'5007','5007','','frame',5007,0,'2021-09-24 13:38:55','2021-09-24 13:38:55'),(9,'5008','5008','','frame',5008,0,'2021-09-24 13:38:55','2021-09-24 13:38:55'),(10,'5009','5009','','frame',5009,0,'2021-09-24 13:38:55','2021-09-24 13:38:55'),(11,'5010','5010','','frame',5010,0,'2021-09-24 13:38:55','2021-09-24 13:38:55'),(12,'5011','5011','','frame',5011,0,'2021-09-24 13:38:55','2021-09-24 13:38:55'),(13,'5012','5012','','frame',5012,0,'2021-09-24 13:38:55','2021-09-24 13:38:55'),(14,'5013','5013','','frame',5013,0,'2021-09-24 13:38:55','2021-09-24 13:38:55'),(15,'5014','5014','','frame',5014,0,'2021-09-24 13:38:55','2021-09-24 13:38:55'),(16,'5015','5015','','frame',5015,0,'2021-09-24 13:38:55','2021-09-24 13:38:55'),(17,'5016','5016','','frame',5016,0,'2021-09-24 13:38:55','2021-09-24 13:38:55'),(18,'5017','5017','','frame',5017,0,'2021-09-24 13:38:55','2021-09-24 13:38:55'),(19,'5018','5018','','frame',5018,0,'2021-09-24 13:38:55','2021-09-24 13:38:55'),(20,'5019','5019','','frame',5019,0,'2021-09-24 13:38:56','2021-09-24 13:38:56'),(21,'5020','5020','','frame',5020,0,'2021-09-24 13:38:56','2021-09-24 13:38:56'),(22,'5021','5021','','frame',5021,0,'2021-09-24 13:38:56','2021-09-24 13:38:56'),(23,'5022','5022','','frame',5022,0,'2021-09-24 13:38:56','2021-09-24 13:38:56'),(24,'5023','5023','','frame',5023,0,'2021-09-24 13:38:56','2021-09-24 13:38:56'),(25,'5024','5024','','frame',5024,0,'2021-09-24 13:38:56','2021-09-24 13:38:56'),(26,'5025','5025','','frame',5025,0,'2021-09-24 13:38:56','2021-09-24 13:38:56'),(27,'5026','5026','','frame',5026,0,'2021-09-24 13:38:56','2021-09-24 13:38:56'),(28,'5027','5027','','frame',5027,0,'2021-09-24 13:38:56','2021-09-24 13:38:56'),(29,'5028','5028','','frame',5028,0,'2021-09-24 13:38:56','2021-09-24 13:38:56'),(30,'5029','5029','','frame',5029,0,'2021-09-24 13:38:56','2021-09-24 13:38:56'),(31,'5030','5030','','frame',5030,0,'2021-09-24 13:38:56','2021-09-24 13:38:56'),(32,'5031','5031','','frame',5031,0,'2021-09-24 13:38:56','2021-09-24 13:38:56'),(33,'5032','5032','','frame',5032,0,'2021-09-24 13:38:57','2021-09-24 13:38:57'),(34,'5033','5033','','frame',5033,0,'2021-09-24 13:38:57','2021-09-24 13:38:57'),(35,'5034','5034','','frame',5034,0,'2021-09-24 13:38:57','2021-09-24 13:38:57'),(36,'5035','5035','','frame',5035,0,'2021-09-24 13:38:57','2021-09-24 13:38:57'),(37,'5036','5036','','frame',5036,0,'2021-09-24 13:38:57','2021-09-24 13:38:57'),(38,'5037','5037','','frame',5037,0,'2021-09-24 13:38:57','2021-09-24 13:38:57'),(39,'5038','5038','','frame',5038,0,'2021-09-24 13:38:57','2021-09-24 13:38:57'),(40,'5039','5039','','frame',5039,0,'2021-09-24 13:38:57','2021-09-24 13:38:57'),(41,'5040','5040','','frame',5040,0,'2021-09-24 13:38:57','2021-09-24 13:38:57'),(42,'5041','5041','','frame',5041,0,'2021-09-24 13:38:57','2021-09-24 13:38:57'),(43,'5042','5042','','frame',5042,0,'2021-09-24 13:38:57','2021-09-24 13:38:57'),(44,'5043','5043','','frame',5043,0,'2021-09-24 13:38:58','2021-09-24 13:38:58'),(45,'5044','5044','','frame',5044,0,'2021-09-24 13:38:58','2021-09-24 13:38:58'),(46,'5045','5045','','frame',5045,0,'2021-09-24 13:38:58','2021-09-24 13:38:58'),(47,'5046','5046','','frame',5046,0,'2021-09-24 13:38:58','2021-09-24 13:38:58'),(48,'5047','5047','','frame',5047,0,'2021-09-24 13:38:58','2021-09-24 13:38:58'),(49,'5048','5048','','frame',5048,0,'2021-09-24 13:38:58','2021-09-24 13:38:58'),(50,'5049','5049','','frame',5049,0,'2021-09-24 13:38:58','2021-09-24 13:38:58'),(51,'5050','5050','','frame',5050,0,'2021-09-24 13:38:58','2021-09-24 13:38:58'),(52,'5051','5051','','frame',5051,0,'2021-09-24 13:38:58','2021-09-24 13:38:58'),(53,'5052','5052','','frame',5052,0,'2021-09-24 13:38:58','2021-09-24 13:38:58'),(54,'5053','5053','','frame',5053,0,'2021-09-24 13:38:58','2021-09-24 13:38:58'),(55,'5054','5054','','frame',5054,0,'2021-09-24 13:38:58','2021-09-24 13:38:58'),(56,'5055','5055','','frame',5055,0,'2021-09-24 13:38:59','2021-09-24 13:38:59'),(57,'5056','5056','','frame',5056,0,'2021-09-24 13:38:59','2021-09-24 13:38:59'),(58,'5057','5057','','frame',5057,0,'2021-09-24 13:38:59','2021-09-24 13:38:59'),(59,'5058','5058','','frame',5058,0,'2021-09-24 13:38:59','2021-09-24 13:38:59'),(60,'5059','5059','','frame',5059,0,'2021-09-24 13:38:59','2021-09-24 13:38:59'),(61,'5060','5060','','frame',5060,0,'2021-09-24 13:38:59','2021-09-24 13:38:59'),(62,'5061','5061','','frame',5061,0,'2021-09-24 13:38:59','2021-09-24 13:38:59'),(63,'5062','5062','','frame',5062,0,'2021-09-24 13:38:59','2021-09-24 13:38:59'),(64,'5063','5063','','frame',5063,0,'2021-09-24 13:38:59','2021-09-24 13:38:59'),(65,'5064','5064','','frame',5064,0,'2021-09-24 13:38:59','2021-09-24 13:38:59'),(66,'5065','5065','','frame',5065,0,'2021-09-24 13:38:59','2021-09-24 13:38:59'),(67,'5066','5066','','frame',5066,0,'2021-09-24 13:38:59','2021-09-24 13:38:59'),(68,'5067','5067','','frame',5067,0,'2021-09-24 13:39:00','2021-09-24 13:39:00'),(69,'5068','5068','','frame',5068,0,'2021-09-24 13:39:00','2021-09-24 13:39:00'),(70,'5069','5069','','frame',5069,0,'2021-09-24 13:39:00','2021-09-24 13:39:00'),(71,'5070','5070','','frame',5070,0,'2021-09-24 13:39:00','2021-09-24 13:39:00'),(72,'5071','5071','','frame',5071,0,'2021-09-24 13:39:00','2021-09-24 13:39:00'),(73,'5072','5072','','frame',5072,0,'2021-09-24 13:39:00','2021-09-24 13:39:00'),(74,'5073','5073','','frame',5073,0,'2021-09-24 13:39:00','2021-09-24 13:39:00'),(75,'5074','5074','','frame',5074,0,'2021-09-24 13:39:00','2021-09-24 13:39:00'),(76,'5075','5075','','frame',5075,0,'2021-09-24 13:39:00','2021-09-24 13:39:00'),(77,'5076','5076','','frame',5076,0,'2021-09-24 13:39:00','2021-09-24 13:39:00'),(78,'5077','5077','','frame',5077,0,'2021-09-24 13:39:00','2021-09-24 13:39:00'),(79,'5078','5078','','frame',5078,0,'2021-09-24 13:39:01','2021-09-24 13:39:01'),(80,'5079','5079','','frame',5079,0,'2021-09-24 13:39:01','2021-09-24 13:39:01'),(81,'5080','5080','','frame',5080,0,'2021-09-24 13:39:01','2021-09-24 13:39:01'),(82,'6000','6000','','ref',6000,0,'2021-09-24 13:39:01','2021-09-24 13:39:01'),(83,'6001','6001','','ref',6001,0,'2021-09-24 13:39:01','2021-09-24 13:39:01'),(84,'6002','6002','','ref',6002,0,'2021-09-24 13:39:01','2021-09-24 13:39:01'),(85,'6003','6003','','ref',6003,0,'2021-09-24 13:39:01','2021-09-24 13:39:01'),(86,'6004','6004','','ref',6004,0,'2021-09-24 13:39:01','2021-09-24 13:39:01'),(87,'6005','6005','','ref',6005,0,'2021-09-24 13:39:01','2021-09-24 13:39:01'),(88,'6006','6006','','ref',6006,0,'2021-09-24 13:39:01','2021-09-24 13:39:01'),(89,'6007','6007','','ref',6007,0,'2021-09-24 13:39:01','2021-09-24 13:39:01'),(90,'6008','6008','','ref',6008,0,'2021-09-24 13:39:02','2021-09-24 13:39:02'),(91,'6009','6009','','ref',6009,0,'2021-09-24 13:39:02','2021-09-24 13:39:02'),(92,'6010','6010','','ref',6010,0,'2021-09-24 13:39:02','2021-09-24 13:39:02'),(93,'7000','7000','','box',7000,0,'2021-09-24 13:39:02','2021-09-24 13:39:02'),(94,'7001','7001','','box',7001,0,'2021-09-24 13:39:02','2021-09-24 13:39:02'),(95,'7002','7002','','box',7002,0,'2021-09-24 13:39:02','2021-09-24 13:39:02'),(96,'7003','7003','','box',7003,0,'2021-09-24 13:39:02','2021-09-24 13:39:02'),(97,'7004','7004','','box',7004,0,'2021-09-24 13:39:02','2021-09-24 13:39:02'),(98,'7005','7005','','box',7005,0,'2021-09-24 13:39:02','2021-09-24 13:39:02'),(99,'7006','7006','','box',7006,0,'2021-09-24 13:39:02','2021-09-24 13:39:02'),(100,'7007','7007','','box',7007,0,'2021-09-24 13:39:03','2021-09-24 13:39:03'),(101,'7008','7008','','box',7008,0,'2021-09-24 13:39:03','2021-09-24 13:39:03'),(102,'7009','7009','','box',7009,0,'2021-09-24 13:39:03','2021-09-24 13:39:03'),(103,'7010','7010','','box',7010,0,'2021-09-24 13:39:03','2021-09-24 13:39:03');
/*!40000 ALTER TABLE `transports` ENABLE KEYS */;
UNLOCK TABLES;

--
-- Table structure for table `user_scans`
--

DROP TABLE IF EXISTS `user_scans`;
/*!40101 SET @saved_cs_client     = @@character_set_client */;
/*!40101 SET character_set_client = utf8 */;
CREATE TABLE `user_scans` (
  `id` bigint(20) unsigned NOT NULL AUTO_INCREMENT,
  `employee_id` bigint(20) unsigned NOT NULL,
  `part_id` bigint(20) unsigned NOT NULL,
  `station_id` bigint(20) unsigned NOT NULL,
  `scanned_date` date NOT NULL,
  `scanned_time` datetime NOT NULL,
  `broken` tinyint(1) NOT NULL,
  `created_at` timestamp NULL DEFAULT NULL,
  `updated_at` timestamp NULL DEFAULT NULL,
  PRIMARY KEY (`id`),
  KEY `user_scans_station_id_foreign` (`station_id`),
  KEY `user_scans_part_id_foreign` (`part_id`),
  KEY `user_scans_employee_id_foreign` (`employee_id`),
  CONSTRAINT `user_scans_employee_id_foreign` FOREIGN KEY (`employee_id`) REFERENCES `employees` (`id`),
  CONSTRAINT `user_scans_part_id_foreign` FOREIGN KEY (`part_id`) REFERENCES `parts` (`id`),
  CONSTRAINT `user_scans_station_id_foreign` FOREIGN KEY (`station_id`) REFERENCES `stations` (`id`)
) ENGINE=InnoDB AUTO_INCREMENT=146 DEFAULT CHARSET=utf8mb4 COLLATE=utf8mb4_unicode_ci;
/*!40101 SET character_set_client = @saved_cs_client */;

--
-- Dumping data for table `user_scans`
--

LOCK TABLES `user_scans` WRITE;
/*!40000 ALTER TABLE `user_scans` DISABLE KEYS */;
INSERT INTO `user_scans` VALUES (1,9,2,5,'2022-05-16','2022-05-16 14:06:10',0,'2022-05-16 14:06:10','2022-05-16 14:06:10'),(2,11,4,5,'2022-05-16','2022-05-16 14:39:48',0,'2022-05-16 14:39:48','2022-05-16 14:39:48'),(3,11,4,9,'2022-05-16','2022-05-16 14:40:51',1,'2022-05-16 14:40:51','2022-05-16 14:40:51'),(4,11,4,5,'2022-05-16','2022-05-16 14:44:39',0,'2022-05-16 14:44:39','2022-05-16 14:44:39'),(5,11,4,9,'2022-05-16','2022-05-16 14:45:09',0,'2022-05-16 14:45:09','2022-05-16 14:45:09'),(6,11,4,13,'2022-05-16','2022-05-16 14:45:37',0,'2022-05-16 14:45:37','2022-05-16 14:45:37'),(7,11,4,18,'2022-05-16','2022-05-16 14:46:24',0,'2022-05-16 14:46:24','2022-05-16 14:46:24'),(8,7,13,5,'2022-05-17','2022-05-17 09:21:48',0,'2022-05-17 09:21:48','2022-05-17 09:21:48'),(9,7,9,5,'2022-05-17','2022-05-17 09:42:31',0,'2022-05-17 09:42:31','2022-05-17 09:42:31'),(10,7,10,5,'2022-05-17','2022-05-17 09:42:48',0,'2022-05-17 09:42:48','2022-05-17 09:42:48'),(11,7,11,5,'2022-05-17','2022-05-17 09:45:26',0,'2022-05-17 09:45:26','2022-05-17 09:45:26'),(12,7,9,5,'2022-05-17','2022-05-17 09:56:39',0,'2022-05-17 09:56:39','2022-05-17 09:56:39'),(13,7,9,5,'2022-05-17','2022-05-17 09:56:50',0,'2022-05-17 09:56:50','2022-05-17 09:56:50'),(14,7,9,5,'2022-05-17','2022-05-17 09:56:55',0,'2022-05-17 09:56:55','2022-05-17 09:56:55'),(15,7,9,18,'2022-05-17','2022-05-17 10:07:07',0,'2022-05-17 10:07:07','2022-05-17 10:07:07'),(16,7,9,7,'2022-05-17','2022-05-17 10:14:49',0,'2022-05-17 10:14:49','2022-05-17 10:14:49'),(17,7,12,5,'2022-05-17','2022-05-17 10:27:57',0,'2022-05-17 10:27:57','2022-05-17 10:27:57'),(18,7,26,5,'2022-05-17','2022-05-17 10:55:20',0,'2022-05-17 10:55:20','2022-05-17 10:55:20'),(19,7,27,5,'2022-05-17','2022-05-17 11:02:53',0,'2022-05-17 11:02:53','2022-05-17 11:02:53'),(20,6,52,5,'2022-05-18','2022-05-18 07:42:07',0,'2022-05-18 07:42:07','2022-05-18 07:42:07'),(21,6,39,5,'2022-05-18','2022-05-18 09:54:56',0,'2022-05-18 09:54:56','2022-05-18 09:54:56'),(22,6,54,4,'2022-05-18','2022-05-18 10:28:31',0,'2022-05-18 10:28:31','2022-05-18 10:28:31'),(23,6,55,4,'2022-05-18','2022-05-18 15:46:33',0,'2022-05-18 15:46:33','2022-05-18 15:46:33'),(24,7,29,5,'2022-05-19','2022-05-19 10:01:45',0,'2022-05-19 10:01:45','2022-05-19 10:01:45'),(25,7,48,5,'2022-05-19','2022-05-19 10:01:54',0,'2022-05-19 10:01:54','2022-05-19 10:01:54'),(26,6,56,5,'2022-06-14','2022-06-14 09:35:32',0,'2022-06-14 09:35:32','2022-06-14 09:35:32'),(27,6,57,5,'2022-06-14','2022-06-14 09:37:46',0,'2022-06-14 09:37:46','2022-06-14 09:37:46'),(28,6,58,5,'2022-06-14','2022-06-14 09:37:55',0,'2022-06-14 09:37:55','2022-06-14 09:37:55'),(29,6,59,5,'2022-06-14','2022-06-14 09:38:04',0,'2022-06-14 09:38:04','2022-06-14 09:38:04'),(30,6,60,5,'2022-06-14','2022-06-14 09:38:14',0,'2022-06-14 09:38:14','2022-06-14 09:38:14'),(31,6,61,5,'2022-06-14','2022-06-14 09:38:22',0,'2022-06-14 09:38:22','2022-06-14 09:38:22'),(32,6,62,5,'2022-06-14','2022-06-14 09:38:29',0,'2022-06-14 09:38:29','2022-06-14 09:38:29'),(33,6,63,5,'2022-06-14','2022-06-14 09:38:43',0,'2022-06-14 09:38:43','2022-06-14 09:38:43'),(34,6,64,5,'2022-06-14','2022-06-14 09:38:52',0,'2022-06-14 09:38:52','2022-06-14 09:38:52'),(35,6,65,5,'2022-06-14','2022-06-14 09:38:58',0,'2022-06-14 09:38:58','2022-06-14 09:38:58'),(36,6,56,7,'2022-06-14','2022-06-14 09:39:27',0,'2022-06-14 09:39:27','2022-06-14 09:39:27'),(37,6,57,7,'2022-06-14','2022-06-14 09:39:38',0,'2022-06-14 09:39:38','2022-06-14 09:39:38'),(38,6,58,7,'2022-06-14','2022-06-14 12:48:26',1,'2022-06-14 12:48:26','2022-06-14 12:48:26'),(39,6,60,7,'2022-06-14','2022-06-14 12:51:58',0,'2022-06-14 12:51:58','2022-06-14 12:51:58'),(40,6,61,7,'2022-06-15','2022-06-15 15:43:52',0,'2022-06-15 15:43:52','2022-06-15 15:43:52'),(41,6,63,7,'2022-06-15','2022-06-15 15:44:03',0,'2022-06-15 15:44:03','2022-06-15 15:44:03'),(42,6,62,7,'2022-06-15','2022-06-15 15:44:09',0,'2022-06-15 15:44:09','2022-06-15 15:44:09'),(43,6,59,7,'2022-06-15','2022-06-15 15:44:20',0,'2022-06-15 15:44:20','2022-06-15 15:44:20'),(44,6,64,7,'2022-06-15','2022-06-15 15:44:28',0,'2022-06-15 15:44:28','2022-06-15 15:44:28'),(45,6,65,7,'2022-06-15','2022-06-15 15:44:48',0,'2022-06-15 15:44:48','2022-06-15 15:44:48'),(46,6,56,18,'2022-07-11','2022-07-11 14:18:37',0,'2022-07-11 14:18:37','2022-07-11 14:18:37'),(47,6,57,18,'2022-07-11','2022-07-11 14:19:05',0,'2022-07-11 14:19:05','2022-07-11 14:19:05'),(48,6,58,18,'2022-07-11','2022-07-11 14:19:12',0,'2022-07-11 14:19:12','2022-07-11 14:19:12'),(49,6,59,18,'2022-07-11','2022-07-11 14:19:21',0,'2022-07-11 14:19:21','2022-07-11 14:19:21'),(50,6,73,5,'2023-01-27','2023-01-27 11:59:15',0,'2023-01-27 11:59:15','2023-01-27 11:59:15'),(51,6,74,5,'2023-01-27','2023-01-27 11:59:28',0,'2023-01-27 11:59:28','2023-01-27 11:59:28'),(52,6,75,5,'2023-01-27','2023-01-27 11:59:35',0,'2023-01-27 11:59:35','2023-01-27 11:59:35'),(53,6,76,5,'2023-01-27','2023-01-27 11:59:45',0,'2023-01-27 11:59:45','2023-01-27 11:59:45'),(54,6,77,5,'2023-01-27','2023-01-27 11:59:56',0,'2023-01-27 11:59:56','2023-01-27 11:59:56'),(55,6,78,5,'2023-01-27','2023-01-27 12:00:03',0,'2023-01-27 12:00:03','2023-01-27 12:00:03'),(56,6,79,5,'2023-01-27','2023-01-27 12:00:17',0,'2023-01-27 12:00:17','2023-01-27 12:00:17'),(57,6,80,5,'2023-01-30','2023-01-30 13:59:14',0,'2023-01-30 13:59:14','2023-01-30 13:59:14'),(58,6,81,5,'2023-01-30','2023-01-30 14:00:02',0,'2023-01-30 14:00:02','2023-01-30 14:00:02'),(59,6,75,7,'2023-01-30','2023-01-30 14:04:17',0,'2023-01-30 14:04:17','2023-01-30 14:04:17'),(60,6,76,7,'2023-01-30','2023-01-30 14:04:30',0,'2023-01-30 14:04:30','2023-01-30 14:04:30'),(61,6,73,7,'2023-01-30','2023-01-30 14:04:37',0,'2023-01-30 14:04:37','2023-01-30 14:04:37'),(62,6,74,7,'2023-01-30','2023-01-30 14:04:44',0,'2023-01-30 14:04:44','2023-01-30 14:04:44'),(63,6,77,7,'2023-01-30','2023-01-30 14:04:50',0,'2023-01-30 14:04:50','2023-01-30 14:04:50'),(64,6,78,7,'2023-01-30','2023-01-30 14:04:57',0,'2023-01-30 14:04:57','2023-01-30 14:04:57'),(65,6,79,7,'2023-01-30','2023-01-30 14:05:04',0,'2023-01-30 14:05:04','2023-01-30 14:05:04'),(66,6,80,7,'2023-01-30','2023-01-30 14:05:14',0,'2023-01-30 14:05:14','2023-01-30 14:05:14'),(67,6,81,7,'2023-01-30','2023-01-30 14:05:21',0,'2023-01-30 14:05:21','2023-01-30 14:05:21'),(68,6,74,13,'2023-01-30','2023-01-30 14:06:26',0,'2023-01-30 14:06:26','2023-01-30 14:06:26'),(69,6,79,13,'2023-01-30','2023-01-30 14:06:49',0,'2023-01-30 14:06:49','2023-01-30 14:06:49'),(70,6,79,13,'2023-01-30','2023-01-30 14:09:44',0,'2023-01-30 14:09:44','2023-01-30 14:09:44'),(71,6,82,5,'2023-01-30','2023-01-30 15:14:27',0,'2023-01-30 15:14:27','2023-01-30 15:14:27'),(72,6,83,5,'2023-01-30','2023-01-30 15:14:40',1,'2023-01-30 15:14:40','2023-01-30 15:14:40'),(73,6,84,5,'2023-01-30','2023-01-30 15:14:51',0,'2023-01-30 15:14:51','2023-01-30 15:14:51'),(74,6,85,5,'2023-01-30','2023-01-30 15:14:57',0,'2023-01-30 15:14:57','2023-01-30 15:14:57'),(75,6,86,5,'2023-01-30','2023-01-30 15:15:35',0,'2023-01-30 15:15:35','2023-01-30 15:15:35'),(76,6,87,5,'2023-01-30','2023-01-30 15:17:44',0,'2023-01-30 15:17:44','2023-01-30 15:17:44'),(77,6,87,7,'2023-01-31','2023-01-31 08:03:32',0,'2023-01-31 08:03:32','2023-01-31 08:03:32'),(78,6,82,9,'2023-01-31','2023-01-31 08:03:57',0,'2023-01-31 08:03:57','2023-01-31 08:03:57'),(79,6,85,9,'2023-01-31','2023-01-31 08:04:12',0,'2023-01-31 08:04:12','2023-01-31 08:04:12'),(80,6,86,9,'2023-01-31','2023-01-31 08:04:23',0,'2023-01-31 08:04:23','2023-01-31 08:04:23'),(81,6,87,13,'2023-01-31','2023-01-31 08:04:47',0,'2023-01-31 08:04:47','2023-01-31 08:04:47'),(82,6,82,13,'2023-01-31','2023-01-31 08:04:54',0,'2023-01-31 08:04:54','2023-01-31 08:04:54'),(83,6,85,13,'2023-01-31','2023-01-31 08:05:01',0,'2023-01-31 08:05:01','2023-01-31 08:05:01'),(84,6,86,13,'2023-01-31','2023-01-31 08:05:07',0,'2023-01-31 08:05:07','2023-01-31 08:05:07'),(85,6,75,18,'2023-01-31','2023-01-31 08:05:34',0,'2023-01-31 08:05:34','2023-01-31 08:05:34'),(86,6,76,18,'2023-01-31','2023-01-31 08:05:40',0,'2023-01-31 08:05:40','2023-01-31 08:05:40'),(87,6,73,18,'2023-01-31','2023-01-31 08:05:48',0,'2023-01-31 08:05:48','2023-01-31 08:05:48'),(88,6,74,18,'2023-01-31','2023-01-31 08:05:55',0,'2023-01-31 08:05:55','2023-01-31 08:05:55'),(89,6,77,18,'2023-01-31','2023-01-31 08:06:02',0,'2023-01-31 08:06:02','2023-01-31 08:06:02'),(90,6,78,18,'2023-01-31','2023-01-31 08:06:10',0,'2023-01-31 08:06:10','2023-01-31 08:06:10'),(91,6,79,18,'2023-01-31','2023-01-31 08:06:15',0,'2023-01-31 08:06:15','2023-01-31 08:06:15'),(92,6,80,18,'2023-01-31','2023-01-31 08:06:23',0,'2023-01-31 08:06:23','2023-01-31 08:06:23'),(93,6,81,18,'2023-01-31','2023-01-31 08:06:28',0,'2023-01-31 08:06:28','2023-01-31 08:06:28'),(94,6,87,18,'2023-02-01','2023-02-01 13:51:59',1,'2023-02-01 13:51:59','2023-02-01 13:51:59'),(95,6,89,5,'2023-02-01','2023-02-01 15:21:11',1,'2023-02-01 15:21:11','2023-02-01 15:21:11'),(96,6,90,5,'2023-02-01','2023-02-01 15:23:39',0,'2023-02-01 15:23:39','2023-02-01 15:23:39'),(97,6,90,7,'2023-02-01','2023-02-01 15:24:17',0,'2023-02-01 15:24:17','2023-02-01 15:24:17'),(98,6,90,13,'2023-02-01','2023-02-01 15:24:38',0,'2023-02-01 15:24:38','2023-02-01 15:24:38'),(99,6,88,14,'2023-02-01','2023-02-01 15:24:55',0,'2023-02-01 15:24:55','2023-02-01 15:24:55'),(100,6,90,18,'2023-02-01','2023-02-01 15:25:42',0,'2023-02-01 15:25:42','2023-02-01 15:25:42'),(101,6,96,5,'2023-02-02','2023-02-02 14:43:58',0,'2023-02-02 14:43:58','2023-02-02 14:43:58'),(102,6,97,5,'2023-02-02','2023-02-02 14:44:06',0,'2023-02-02 14:44:06','2023-02-02 14:44:06'),(103,6,95,5,'2023-02-02','2023-02-02 14:44:14',0,'2023-02-02 14:44:14','2023-02-02 14:44:14'),(104,6,91,5,'2023-02-02','2023-02-02 14:44:25',0,'2023-02-02 14:44:25','2023-02-02 14:44:25'),(105,6,92,5,'2023-02-02','2023-02-02 14:44:33',0,'2023-02-02 14:44:33','2023-02-02 14:44:33'),(106,6,93,5,'2023-02-02','2023-02-02 14:49:25',0,'2023-02-02 14:49:25','2023-02-02 14:49:25'),(107,6,94,5,'2023-02-02','2023-02-02 14:49:32',0,'2023-02-02 14:49:32','2023-02-02 14:49:32'),(108,6,98,5,'2023-02-02','2023-02-02 14:49:41',0,'2023-02-02 14:49:41','2023-02-02 14:49:41'),(109,6,99,5,'2023-02-02','2023-02-02 14:49:49',0,'2023-02-02 14:49:49','2023-02-02 14:49:49'),(110,6,100,5,'2023-02-02','2023-02-02 14:49:55',0,'2023-02-02 14:49:55','2023-02-02 14:49:55'),(111,6,101,5,'2023-02-02','2023-02-02 14:50:01',0,'2023-02-02 14:50:01','2023-02-02 14:50:01'),(112,6,102,5,'2023-02-02','2023-02-02 14:50:07',0,'2023-02-02 14:50:07','2023-02-02 14:50:07'),(113,6,96,7,'2023-02-06','2023-02-06 14:07:02',0,'2023-02-06 14:07:02','2023-02-06 14:07:02'),(114,6,97,7,'2023-02-06','2023-02-06 14:07:10',0,'2023-02-06 14:07:10','2023-02-06 14:07:10'),(115,6,98,7,'2023-02-06','2023-02-06 14:07:31',0,'2023-02-06 14:07:31','2023-02-06 14:07:31'),(116,6,99,7,'2023-02-06','2023-02-06 14:11:09',0,'2023-02-06 14:11:09','2023-02-06 14:11:09'),(117,6,100,7,'2023-02-06','2023-02-06 14:12:31',0,'2023-02-06 14:12:31','2023-02-06 14:12:31'),(118,6,101,7,'2023-02-06','2023-02-06 14:13:23',0,'2023-02-06 14:13:23','2023-02-06 14:13:23'),(119,6,102,7,'2023-02-06','2023-02-06 14:13:33',0,'2023-02-06 14:13:33','2023-02-06 14:13:33'),(120,6,96,13,'2023-02-06','2023-02-06 15:18:50',0,'2023-02-06 15:18:50','2023-02-06 15:18:50'),(121,6,97,13,'2023-02-06','2023-02-06 15:18:59',0,'2023-02-06 15:18:59','2023-02-06 15:18:59'),(122,6,98,18,'2023-02-06','2023-02-06 15:19:49',0,'2023-02-06 15:19:49','2023-02-06 15:19:49'),(123,6,99,18,'2023-02-06','2023-02-06 15:19:56',0,'2023-02-06 15:19:56','2023-02-06 15:19:56'),(124,6,100,18,'2023-02-06','2023-02-06 15:20:02',0,'2023-02-06 15:20:02','2023-02-06 15:20:02'),(125,6,101,18,'2023-02-06','2023-02-06 15:20:08',0,'2023-02-06 15:20:08','2023-02-06 15:20:08'),(126,6,102,18,'2023-02-06','2023-02-06 15:20:17',0,'2023-02-06 15:20:17','2023-02-06 15:20:17'),(127,6,95,9,'2023-02-09','2023-02-09 15:22:10',0,'2023-02-09 15:22:10','2023-02-09 15:22:10'),(128,6,94,9,'2023-02-09','2023-02-09 15:22:19',0,'2023-02-09 15:22:19','2023-02-09 15:22:19'),(129,6,93,9,'2023-02-09','2023-02-09 15:22:33',0,'2023-02-09 15:22:33','2023-02-09 15:22:33'),(130,6,92,9,'2023-02-09','2023-02-09 15:22:39',0,'2023-02-09 15:22:39','2023-02-09 15:22:39'),(131,6,91,9,'2023-02-09','2023-02-09 15:22:51',0,'2023-02-09 15:22:51','2023-02-09 15:22:51'),(132,6,95,13,'2023-02-09','2023-02-09 15:23:28',0,'2023-02-09 15:23:28','2023-02-09 15:23:28'),(133,6,94,13,'2023-02-09','2023-02-09 15:23:35',0,'2023-02-09 15:23:35','2023-02-09 15:23:35'),(134,6,93,13,'2023-02-09','2023-02-09 15:23:52',0,'2023-02-09 15:23:52','2023-02-09 15:23:52'),(135,6,92,13,'2023-02-09','2023-02-09 15:24:17',0,'2023-02-09 15:24:17','2023-02-09 15:24:17'),(136,6,91,13,'2023-02-09','2023-02-09 15:24:31',0,'2023-02-09 15:24:31','2023-02-09 15:24:31'),(137,6,95,18,'2023-02-09','2023-02-09 15:24:56',0,'2023-02-09 15:24:56','2023-02-09 15:24:56'),(138,6,92,18,'2023-02-09','2023-02-09 15:25:07',0,'2023-02-09 15:25:07','2023-02-09 15:25:07'),(139,6,93,18,'2023-02-09','2023-02-09 15:25:17',0,'2023-02-09 15:25:17','2023-02-09 15:25:17'),(140,6,94,18,'2023-02-09','2023-02-09 15:25:23',0,'2023-02-09 15:25:23','2023-02-09 15:25:23'),(141,6,91,18,'2023-02-09','2023-02-09 15:25:57',0,'2023-02-09 15:25:57','2023-02-09 15:25:57'),(142,6,96,18,'2023-02-09','2023-02-09 15:26:04',0,'2023-02-09 15:26:04','2023-02-09 15:26:04'),(143,6,97,18,'2023-02-09','2023-02-09 15:26:12',0,'2023-02-09 15:26:12','2023-02-09 15:26:12'),(144,11,116,5,'2023-06-06','2023-06-06 11:44:19',0,'2023-06-06 11:44:19','2023-06-06 11:44:19'),(145,11,116,7,'2023-06-06','2023-06-06 11:47:50',0,'2023-06-06 11:47:50','2023-06-06 11:47:50');
/*!40000 ALTER TABLE `user_scans` ENABLE KEYS */;
UNLOCK TABLES;

--
-- Table structure for table `websockets_statistics_entries`
--

DROP TABLE IF EXISTS `websockets_statistics_entries`;
/*!40101 SET @saved_cs_client     = @@character_set_client */;
/*!40101 SET character_set_client = utf8 */;
CREATE TABLE `websockets_statistics_entries` (
  `id` int(10) unsigned NOT NULL AUTO_INCREMENT,
  `app_id` varchar(255) COLLATE utf8mb4_unicode_ci NOT NULL,
  `peak_connection_count` int(11) NOT NULL,
  `websocket_message_count` int(11) NOT NULL,
  `api_message_count` int(11) NOT NULL,
  `created_at` timestamp NULL DEFAULT NULL,
  `updated_at` timestamp NULL DEFAULT NULL,
  PRIMARY KEY (`id`)
) ENGINE=InnoDB DEFAULT CHARSET=utf8mb4 COLLATE=utf8mb4_unicode_ci;
/*!40101 SET character_set_client = @saved_cs_client */;

--
-- Dumping data for table `websockets_statistics_entries`
--

LOCK TABLES `websockets_statistics_entries` WRITE;
/*!40000 ALTER TABLE `websockets_statistics_entries` DISABLE KEYS */;
/*!40000 ALTER TABLE `websockets_statistics_entries` ENABLE KEYS */;
UNLOCK TABLES;
/*!40103 SET TIME_ZONE=@OLD_TIME_ZONE */;

/*!40101 SET SQL_MODE=@OLD_SQL_MODE */;
/*!40014 SET FOREIGN_KEY_CHECKS=@OLD_FOREIGN_KEY_CHECKS */;
/*!40014 SET UNIQUE_CHECKS=@OLD_UNIQUE_CHECKS */;
/*!40101 SET CHARACTER_SET_CLIENT=@OLD_CHARACTER_SET_CLIENT */;
/*!40101 SET CHARACTER_SET_RESULTS=@OLD_CHARACTER_SET_RESULTS */;
/*!40101 SET COLLATION_CONNECTION=@OLD_COLLATION_CONNECTION */;
/*!40111 SET SQL_NOTES=@OLD_SQL_NOTES */;

-- Dump completed on 2023-06-19 17:42:08
